Cheadle Hulme Weather

 Latitude N 53° 21' 50"    Longitude W 02° 11' 42"    Elevation 261 ft

Now : Realtime : Gauges : Today/Yesterday : This Month/Year : All-Time Records : Graphs : WUnderground : Season Averages : Monthly Records : Data Summary : NOAA Reports : Forum : Station Info : System Info

Report for 2014 Jul
                   Monthly Climatological Summary for Jul 2014

Name: Cheadle Hulme   City: Cheadle   State: Cheshire
Elevation: 261 ft  Lat: N 53 21' 50"   Lon: W 002 11' 42"

                  Temperature (C), Rain (in), Wind Speed (mph)

                                      Heat  Cool        Avg
    Mean                              Deg   Deg         Wind                 Dom
Day Temp  High   Time   Low    Time   Days  Days  Rain  Speed High   Time    Dir
----------------------------------------------------------------------------------
 1  16.5  23.5   15:48   8.4   04:51   2.9   1.0  0.00   1.8  11.0   17:07   ENE
 2  17.3  22.9   12:13   9.5   04:49   2.4   1.4  0.00   3.4  16.0   14:28    SW
 3  17.5  20.9   13:17  15.2   08:43   1.3   0.5  0.01   5.8  19.0   16:18   SSW
 4  17.1  20.2   10:30  15.6   04:37   1.4   0.2  0.44   7.1  26.0   14:14     S
 5  16.2  20.2   18:41  12.2   06:14   2.3   0.3  0.26   5.4  19.0   11:45     W
 6  15.2  19.6   16:46  11.4   03:12   3.1   0.1  0.00   3.0  17.0   14:28     W
 7  15.2  20.6   15:43  10.7   02:23   3.3   0.2  0.01   2.8  12.0   11:06   SSW
 8  15.3  21.2   15:11  11.9   05:28   3.2   0.2  0.06   3.0  18.0   12:19    NW
 9  16.5  21.2   14:11  10.7   05:37   2.4   0.6  0.01   5.6  27.0   16:04    NW
10  17.6  23.2   13:08  11.0   05:42   2.1   1.4  0.00   4.6  20.0   15:32    NW
11  18.0  24.6   17:23  11.6   04:12   2.1   1.8  0.00   2.8  15.0   18:36   WNW
12  18.9  25.7   13:35  12.1   05:18   1.5   2.1  0.12   2.7  15.0   14:28   SSW
13  16.7  19.7   15:14  12.2   23:58   1.6   0.0  0.11   6.6  27.0   15:32   WNW
14  16.1  20.9   13:31   9.2   05:05   2.7   0.6  0.03   5.8  24.0   14:11     S
15  16.7  22.0   18:50  12.6   23:59   2.1   0.5  0.06   3.3  20.0   01:33     W
16  17.5  22.4   13:03  10.6   03:07   2.1   1.2  0.02   4.7  23.0   17:59     S
17  19.9  27.3   15:34  11.7   05:32   1.7   3.3  0.00   2.6  20.0   23:29    SE
18  21.2  25.4   12:50  17.2   06:51   0.2   3.1  0.00   6.9  25.0   09:46     E
19  19.2  22.4   16:09  17.3   23:00   0.2   1.1  0.89   2.3  13.0   18:38    SE
20  18.7  22.8   15:46  16.2   22:33   0.7   1.1  0.01   4.2  17.0   17:50   WNW
21  19.3  24.3   18:15  14.8   03:24   1.0   2.1  0.00   3.5  16.0   16:51   WNW
22  20.1  27.6   14:49  11.7   05:43   1.6   3.5  0.00   2.3  17.0   17:34     E
23  21.3  27.7   15:04  14.1   05:51   0.8   3.8  0.00   5.8  23.0   13:15   ENE
24  21.6  28.3   16:00  14.4   05:30   0.7   4.0  0.00   5.2  23.0   15:22   ENE
25  21.5  29.1   15:32  13.3   05:07   1.1   4.3  0.00   3.5  16.0   13:55   ENE
26  20.8  28.6   16:48  13.6   05:39   1.1   3.6  0.10   2.8  15.0   22:52     W
27  17.6  22.2   15:46  13.4   05:33   1.5   0.8  0.00   5.8  20.0   11:25   WNW
28  18.4  25.4   15:52  12.9   04:39   1.6   1.7  0.02   2.9  16.0   19:03    NW
29  16.5  20.8   13:17  13.2   04:55   2.0   0.2  0.00   4.2  23.0   16:43   WNW
30  17.0  21.6   14:55  14.5   04:09   1.6   0.4  0.00   4.6  21.0   16:00     W
31  18.2  21.7   12:57  15.1   01:28   1.1   1.0  0.00   4.6  17.0   10:47    SW
----------------------------------------------------------------------------------
    18.1  29.1    25     8.4     1    53.4  46.1  2.15   4.2  27.0     9     WSW

Max >=  27.0:  6
Max <=   0.0:  0
Min <=   0.0:  0
Min <= -18.0:  0
Max Rain: 0.89 on day 19
Days of Rain: 11 (>= 0.02 in)  6 (>= 0.10 in)  0 (>= 1.00 in)
Heat Base: 18.3  Cool Base: 18.3  Method: Integration
Now : Realtime : Gauges : Today/Yesterday : This Month/Year : All-Time Records : Graphs : WUnderground : Season Averages : Monthly Records : Data Summary : NOAA Reports : Forum : Station Info : System Info


Page last updated 23/08/2017 01:30:03
Produced by CumulusCumulus v1.9.4 (1099)