Cheadle Hulme Weather

 Latitude N 53° 21' 50"    Longitude W 02° 11' 42"    Elevation 261 ft

Now : Realtime : Gauges : Today/Yesterday : This Month/Year : All-Time Records : Graphs : WUnderground : Season Averages : Monthly Records : Data Summary : NOAA Reports : Forum : Station Info : System Info

Report for 2014 Aug
                   Monthly Climatological Summary for Aug 2014

Name: Cheadle Hulme   City: Cheadle   State: Cheshire
Elevation: 261 ft  Lat: N 53 21' 50"   Lon: W 002 11' 42"

                  Temperature (C), Rain (in), Wind Speed (mph)

                                      Heat  Cool        Avg
    Mean                              Deg   Deg         Wind                 Dom
Day Temp  High   Time   Low    Time   Days  Days  Rain  Speed High   Time    Dir
----------------------------------------------------------------------------------
 1  17.1  21.6   16:20  14.8   04:53   1.5   0.3  0.23   4.4  19.0   12:22     S
 2  16.9  22.8   16:30  13.3   23:50   1.7   0.4  0.27   5.5  20.0   09:35   SSE
 3  16.9  22.8   16:48  12.1   04:30   2.4   1.0  0.00   8.1  26.0   11:08   SSW
 4  16.9  22.6   16:49  11.3   05:34   2.3   0.9  0.00   3.8  16.0   12:22   WSW
 5  17.1  22.1   12:08  10.2   04:29   2.1   0.9  0.00   4.4  20.0   13:46   SSE
 6  18.7  22.1   16:19  15.8   03:02   0.6   1.0  0.06   6.3  23.0   15:50   WSW
 7  16.3  21.8   16:44  11.8   23:55   2.4   0.4  0.02   2.3  11.0   18:02    NW
 8  16.1  23.1   13:14  10.3   02:13   2.9   0.7  0.54   2.9  20.0   14:32   ESE
 9  17.1  22.4   14:05  12.8   05:42   2.0   0.8  0.01   4.5  22.0   11:49   WSW
10  13.8  17.1   14:29  11.7   23:27   4.5   0.0  0.86   5.3  30.0   17:43    SW
11  15.0  19.3   15:30  11.3   06:19   3.3   0.0  0.05   7.7  31.0   16:48    SW
12  15.0  19.3   14:44  10.8   05:54   3.4   0.1  0.09   6.5  29.0   14:50    SW
13  14.3  16.8   16:58  12.2   03:52   4.0   0.0  0.30   6.1  21.0   14:34     W
14  14.0  17.6   18:15  10.9   06:28   4.3   0.0  0.73   3.7  19.0   17:55     W
15  14.8  20.3   15:59  11.4   00:00   3.6   0.1  0.01   3.1  20.0   17:02   WNW
16  14.4  17.6   14:42  11.7   03:42   3.9   0.0  0.00   5.6  25.0   14:33   WSW
17  14.1  16.7   15:03  11.9   06:39   4.2   0.0  0.19   9.8  33.0   14:04     W
18  13.9  18.2   13:44  11.6   06:18   4.4   0.0  0.18   6.9  26.0   15:06   WNW
19  12.4  17.5   15:47   8.7   06:20   5.9   0.0  0.14   5.2  19.0   14:54   WNW
20  12.0  17.2   15:30   8.2   06:11   6.3   0.0  0.02   3.6  20.0   16:42     W
21  12.8  15.9   11:50   9.4   02:00   5.5   0.0  0.00   5.8  21.0   13:44   SSW
22  12.8  16.2   15:24   9.2   23:57   5.5   0.0  0.10   3.7  19.0   15:37     W
23  12.0  17.6   15:34   8.7   03:44   6.2   0.0  0.17   4.2  22.0   17:20     W
24  12.7  19.3   15:07   6.7   06:05   5.7   0.0  0.00   2.5  13.0   11:40    SW
25  13.6  15.4   14:42  11.8   05:27   4.7   0.0  0.15   5.5  23.0   14:29     E
26  14.5  18.9   16:46   9.1   23:58   3.8   0.0  0.02   6.8  23.0   15:23   ENE
27  14.1  20.7   15:54   6.2   05:46   4.5   0.3  0.00   5.2  24.0   17:15    SE
28  17.3  20.9   15:54  14.5   23:56   1.4   0.4  0.03   6.3  21.0   00:14     S
29  15.7  18.8   11:44  13.8   01:09   2.6   0.0  0.37   7.9  26.0   11:57   SSW
30  14.7  18.2   14:59  12.7   06:06   3.6   0.0  0.10   5.4  23.0   15:19     W
31  15.1  19.9   17:17  11.9   03:39   3.3   0.1  0.05   3.7  17.0   11:57   WNW
----------------------------------------------------------------------------------
    14.9  23.1     8     6.2    27   112.5   7.4  4.69   5.2  33.0    17      SW

Max >=  27.0:  0
Max <=   0.0:  0
Min <=   0.0:  0
Min <= -18.0:  0
Max Rain: 0.86 on day 10
Days of Rain: 22 (>= 0.02 in)  14 (>= 0.10 in)  0 (>= 1.00 in)
Heat Base: 18.3  Cool Base: 18.3  Method: Integration
Now : Realtime : Gauges : Today/Yesterday : This Month/Year : All-Time Records : Graphs : WUnderground : Season Averages : Monthly Records : Data Summary : NOAA Reports : Forum : Station Info : System Info


Page last updated 18/12/2017 06:45:03
Produced by CumulusCumulus v1.9.4 (1099)