Cheadle Hulme Weather

 Latitude N 53° 21' 50"    Longitude W 02° 11' 42"    Elevation 261 ft

Now : Realtime : Gauges : Today/Yesterday : This Month/Year : All-Time Records : Graphs : WUnderground : Season Averages : Monthly Records : Data Summary : NOAA Reports : Forum : Station Info : System Info
Select a Year or Month report

Report for 2014 Oct
                   Monthly Climatological Summary for Oct 2014

Name: Cheadle Hulme   City: Cheadle   State: Cheshire
Elevation: 261 ft  Lat: N 53 21' 50"   Lon: W 002 11' 42"

                  Temperature (C), Rain (in), Wind Speed (mph)

                                      Heat  Cool        Avg
    Mean                              Deg   Deg         Wind                 Dom
Day Temp  High   Time   Low    Time   Days  Days  Rain  Speed High   Time    Dir
----------------------------------------------------------------------------------
 1  14.6  19.2   14:06   8.2   23:57   3.7   0.0  0.01   4.7  20.0   14:38    SW
 2  11.0  18.5   14:42   3.8   07:10   7.3   0.0  0.00   2.7  15.0   14:12   SSE
 3  16.0  20.7   15:35  12.6   00:19   2.5   0.2  0.00   7.6  22.0   09:03     S
 4  12.1  15.7   00:00   7.1   23:55   6.2   0.0  0.36   7.1  30.0   05:56    SW
 5  10.3  16.2   15:04   5.6   07:27   8.0   0.0  0.00   5.5  21.0   14:37   SSE
 6  10.7  14.7   16:04   6.1   23:52   7.6   0.0  0.45   8.7  37.0   06:51   SSE
 7   7.0  10.2   17:29   3.1   05:34  11.3   0.0  0.24   2.4  15.0   14:02   SSW
 8  10.4  15.7   14:04   7.0   03:25   7.9   0.0  0.13   6.1  24.0   12:12   SSE
 9  11.5  14.7   13:31   9.6   00:47   6.8   0.0  0.14   8.4  32.0   11:04     S
10  11.2  15.7   13:05   8.5   08:15   7.1   0.0  0.05   5.9  19.0   12:40     S
11  10.0  14.3   11:58   6.7   06:43   8.3   0.0  0.00   2.4  11.0   12:34     S
12   8.8  15.7   14:44   2.8   08:10   9.5   0.0  0.01   2.2  11.0   18:36    NE
13  10.8  12.8   13:07   9.7   03:29   7.5   0.0  0.32   8.9  26.0   15:26   NNE
14  11.3  12.2   13:44  10.5   08:43   7.0   0.0  0.00   7.2  27.0   08:11   NNE
15  12.4  15.3   13:01  10.9   23:58   5.9   0.0  0.22   4.7  18.0   13:38     E
16  12.7  17.8   14:34   9.0   06:36   5.6   0.0  0.11   2.9  14.0   14:08   SSE
17  15.1  18.6   14:18  12.2   07:12   3.2   0.0  0.11   7.0  27.0   22:47   SSE
18  17.2  18.8   14:30  15.4   23:54   1.2   0.1  0.01  10.5  27.0   22:52     S
19  15.0  16.6   12:12  13.0   23:48   3.3   0.0  0.04   8.9  26.0   05:09   SSW
20  12.4  15.9   15:22  10.4   05:31   5.9   0.0  0.05   5.7  19.0   22:34   SSW
21  10.0  12.9   06:01   6.9   18:01   8.3   0.0  0.55  13.1  40.0   11:28     W
22  10.8  12.3   10:51   7.3   00:00   7.5   0.0  0.03   5.7  25.0   00:47     W
23  13.3  16.4   14:59  10.4   00:05   5.0   0.0  0.01   7.1  22.0   15:04     S
24  11.8  13.7   01:51   8.4   23:17   6.5   0.0  0.19   3.7  17.0   00:37   SSW
25  10.9  14.6   15:47   8.1   04:28   7.4   0.0  0.00   7.4  21.0   12:59     S
26  13.4  14.5   22:29  11.3   00:00   5.1   0.0  0.01  10.0  28.0   21:49     S
27  15.2  16.3   16:40  14.2   20:56   3.1   0.0  0.00   9.3  26.0   00:05     S
28  14.1  17.6   11:15   9.0   23:57   4.2   0.0  0.13   8.2  25.0   17:11     S
29   8.4  12.0   13:13   3.0   07:19   9.9   0.0  0.05   3.1  16.0   18:45   ESE
30  14.8  17.4   12:52  10.7   00:00   3.5   0.0  0.00   5.4  17.0   19:10   SSE
31  16.8  19.6   13:17  14.4   04:48   1.6   0.1  0.00   8.5  28.0   22:12   SSE
----------------------------------------------------------------------------------
    12.3  20.7     3     2.8    12   187.9   0.4  3.22   6.5  40.0    21       S

Max >=  27.0:  0
Max <=   0.0:  0
Min <=   0.0:  0
Min <= -18.0:  0
Max Rain: 0.55 on day 21
Days of Rain: 17 (>= 0.02 in)  12 (>= 0.10 in)  0 (>= 1.00 in)
Heat Base: 18.3  Cool Base: 18.3  Method: Integration
Now : Realtime : Gauges : Today/Yesterday : This Month/Year : All-Time Records : Graphs : WUnderground : Season Averages : Monthly Records : Data Summary : NOAA Reports : Forum : Station Info : System Info


Page last updated 27/06/2017 13:00:03
Produced by CumulusCumulus v1.9.4 (1099)