Cheadle Hulme Weather

 Latitude N 53° 21' 50"    Longitude W 02° 11' 42"    Elevation 261 ft

Now : Realtime : Gauges : Today/Yesterday : This Month/Year : All-Time Records : Graphs : WUnderground : Season Averages : Monthly Records : Data Summary : NOAA Reports : Forum : Station Info : System Info
Select a Year or Month report

Report for 2014 Nov
                   Monthly Climatological Summary for Nov 2014

Name: Cheadle Hulme   City: Cheadle   State: Cheshire
Elevation: 261 ft  Lat: N 53 21' 50"   Lon: W 002 11' 42"

                  Temperature (C), Rain (in), Wind Speed (mph)

                                      Heat  Cool        Avg
    Mean                              Deg   Deg         Wind                 Dom
Day Temp  High   Time   Low    Time   Days  Days  Rain  Speed High   Time    Dir
----------------------------------------------------------------------------------
 1  13.7  16.8   00:00  11.6   07:28   4.6   0.0  0.04   9.4  33.0   19:49     S
 2  11.5  13.9   02:09   8.4   23:41   6.8   0.0  0.29   6.2  26.0   00:20     S
 3   8.8  12.1   13:06   6.1   23:57   9.5   0.0  0.05   7.8  23.0   01:41     S
 4   6.2   9.7   12:02   3.7   04:21  12.1   0.0  0.00   1.7  10.0   12:32    SW
 5   6.2  11.3   13:28   1.0   23:43  12.1   0.0  0.01   2.4  15.0   10:52   NNW
 6   7.8  11.4   23:51   0.7   00:19  10.5   0.0  0.02   9.4  33.0   19:44   SSE
 7  10.1  12.3   06:21   7.4   18:55   8.3   0.0  0.64   7.1  33.0   00:50     S
 8   8.9  12.1   13:41   6.1   06:54   9.4   0.0  0.10   8.1  29.0   18:00     S
 9   7.4  11.2   13:28   5.1   23:23  10.9   0.0  0.00   3.5  12.0   09:52   SSE
10   9.1  11.7   14:07   5.0   00:02   9.2   0.0  0.05   6.7  26.0   22:05   SSE
11  11.2  11.6   02:22  10.8   00:00   7.1   0.0  0.02   9.7  29.0   00:50    SE
12  10.7  12.6   14:19   8.8   22:48   7.6   0.0  0.07   7.3  20.0   09:35   SSE
13  11.5  13.6   18:00   8.9   00:13   6.8   0.0  0.00   9.9  39.0   15:53    SE
14  10.4  13.5   14:14   5.2   21:49   7.9   0.0  0.33   5.8  28.0   05:31    SE
15   8.8  11.0   14:08   4.8   01:45   9.5   0.0  0.01   2.1  12.0   02:38   ESE
16   9.0  11.2   12:36   6.8   19:47   9.3   0.0  0.07   2.2  14.0   13:14    NE
17   9.2  11.2   13:41   7.4   00:50   9.1   0.0  0.11   4.8  19.0   11:09    NE
18   9.2  12.8   12:45   5.7   08:58   9.1   0.0  0.01   3.4  16.0   11:08     E
19   9.3  11.2   12:08   6.3   22:37   9.0   0.0  0.00   3.4  14.0   12:09   ESE
20   7.8  11.2   12:41   4.9   21:27  10.5   0.0  0.00   2.0  10.0   00:49   ESE
21   7.1   8.6   12:33   4.1   01:56  11.2   0.0  0.41   5.2  24.0   11:20    SE
22  11.3  14.7   12:59   8.6   00:00   7.0   0.0  0.02   4.2  18.0   00:44     S
23   7.0   9.3   13:06   2.9   21:49  11.3   0.0  0.10   2.1  13.0   14:23   WSW
24   4.8   8.8   14:08   2.0   23:56  13.5   0.0  0.00   2.7  10.0   03:54     S
25   4.8   8.3   12:27   1.0   05:49  13.5   0.0  0.02   1.8  11.0   23:43     E
26   7.2   8.3   13:12   6.3   04:26  11.1   0.0  0.14   1.3  12.0   00:02    NE
27   7.3   8.7   13:15   4.8   20:29  11.0   0.0  0.05   1.1   9.0   23:34    SE
28  10.2  11.6   14:42   7.7   00:00   8.1   0.0  0.00   5.1  20.0   08:55     E
29  10.5  12.2   13:37   9.8   03:14   7.8   0.0  0.02   4.0  21.0   04:14   ESE
30   9.2  11.5   12:47   7.8   18:05   9.1   0.0  0.00   2.7  12.0   10:57   WNW
----------------------------------------------------------------------------------
     8.9  16.8     1     0.7     6   282.9   0.0  2.58   4.8  39.0    13     SSE

Max >=  27.0:  0
Max <=   0.0:  0
Min <=   0.0:  0
Min <= -18.0:  0
Max Rain: 0.64 on day 7
Days of Rain: 19 (>= 0.02 in)  8 (>= 0.10 in)  0 (>= 1.00 in)
Heat Base: 18.3  Cool Base: 18.3  Method: Integration
Now : Realtime : Gauges : Today/Yesterday : This Month/Year : All-Time Records : Graphs : WUnderground : Season Averages : Monthly Records : Data Summary : NOAA Reports : Forum : Station Info : System Info


Page last updated 27/06/2017 13:00:03
Produced by CumulusCumulus v1.9.4 (1099)