Select a Year or Month report
Report for 2014 Dec
Monthly Climatological Summary for Dec 2014
Name: Cheadle Hulme City: Cheadle State: Cheshire
Elevation: 261 ft Lat: N 53° 21' 50" Lon: W 002° 11' 42"
Temperature (°C), Rain (in), Wind Speed (mph)
Heat Cool Avg
Mean Deg Deg Wind Dom
Day Temp High Time Low Time Days Days Rain Speed High Time Dir
----------------------------------------------------------------------------------
1 8.4 9.3 02:02 7.2 22:32 9.9 0.0 0.01 2.1 10.0 07:22 ESE
2 5.0 7.8 01:27 -0.2 23:58 13.3 0.0 0.01 4.1 20.0 12:28 NNW
3 0.4 6.6 13:38 -2.7 07:27 17.9 0.0 0.01 0.5 4.0 00:06 SSE
4 4.0 6.3 13:18 0.8 00:09 14.3 0.0 0.00 0.9 7.0 08:30 NE
5 3.8 7.3 12:21 -0.4 23:46 14.5 0.0 0.03 2.8 16.0 12:29 W
6 3.0 8.3 23:36 -2.1 07:05 15.3 0.0 0.01 4.5 19.0 23:40 S
7 6.2 9.4 06:07 3.1 22:44 12.1 0.0 0.25 7.9 27.0 06:50 WSW
8 3.7 6.5 13:52 1.6 23:56 14.6 0.0 0.11 4.2 28.0 14:28 WSW
9 5.6 11.3 21:08 0.9 02:43 12.7 0.0 0.24 9.3 35.0 14:19 S
10 6.0 7.9 00:01 3.8 08:33 12.3 0.0 0.09 8.9 36.0 01:03 WSW
11 4.7 5.8 23:37 2.4 05:23 13.6 0.0 0.54 8.1 39.0 04:52 WSW
12 3.8 5.9 00:05 2.1 23:58 14.5 0.0 0.53 4.6 21.0 11:40 SW
13 1.9 5.3 13:54 -0.9 07:06 16.4 0.0 0.01 3.5 15.0 23:21 S
14 6.8 8.9 12:09 3.4 00:00 11.5 0.0 0.23 8.7 23.0 13:07 SSW
15 5.2 7.3 13:53 3.9 20:14 13.1 0.0 0.13 4.5 21.0 01:47 SW
16 6.0 7.2 23:48 3.9 00:00 12.3 0.0 0.40 5.6 25.0 23:32 SW
17 10.6 11.2 14:13 7.2 00:00 7.7 0.0 0.29 8.5 27.0 05:20 W
18 12.0 12.9 20:44 8.9 23:59 6.3 0.0 0.36 8.0 25.0 12:10 SW
19 6.8 9.1 00:31 5.2 14:24 11.5 0.0 0.54 8.5 32.0 12:19 W
20 7.5 8.6 13:39 6.4 00:00 10.8 0.0 0.05 9.4 30.0 06:16 W
21 9.6 12.4 21:47 6.9 07:06 8.7 0.0 0.01 8.1 32.0 22:24 SSW
22 12.4 13.6 13:39 11.3 15:52 5.9 0.0 0.18 9.6 31.0 02:26 SW
23 11.2 12.3 00:00 10.3 16:20 7.1 0.0 0.31 9.5 32.0 01:58 SSW
24 6.9 10.4 00:00 5.3 09:42 11.4 0.0 0.02 6.6 29.0 12:35 W
25 5.8 8.1 13:39 3.8 23:59 12.5 0.0 0.10 4.5 24.0 08:31 WNW
26 3.5 4.8 11:26 1.4 18:32 14.8 0.0 0.38 5.0 19.0 21:21 SE
27 1.7 3.3 13:16 -0.1 09:13 16.6 0.0 0.01 2.2 17.0 00:34 NW
28 0.4 4.4 13:46 -2.2 09:41 17.9 0.0 0.00 1.2 8.0 01:21 S
29 1.2 5.1 13:42 -1.9 05:26 17.1 0.0 0.00 1.5 11.0 22:55 S
30 2.9 7.2 13:39 0.2 02:55 13.2 0.0 0.00 4.4 14.0 10:25 S
31 5.3 8.6 23:28 1.8 03:08 13.0 0.0 0.05 6.5 24.0 20:31 S
----------------------------------------------------------------------------------
5.6 13.6 22 -2.7 3 392.8 0.0 4.90 5.6 39.0 11 SW
Max >= 27.0: 0
Max <= 0.0: 0
Min <= 0.0: 8
Min <= -18.0: 0
Max Rain: 0.54 on day 11
Days of Rain: 20 (>= 0.02 in) 15 (>= 0.10 in) 0 (>= 1.00 in)
Heat Base: 18.3 Cool Base: 18.3 Method: Integration