Select a Year or Month report
Report for 2015 Jan
Monthly Climatological Summary for Jan 2015
Name: Cheadle Hulme City: Cheadle State: Cheshire
Elevation: 261 ft Lat: N 53° 21' 50" Lon: W 002° 11' 42"
Temperature (°C), Rain (in), Wind Speed (mph)
Heat Cool Avg
Mean Deg Deg Wind Dom
Day Temp High Time Low Time Days Days Rain Speed High Time Dir
----------------------------------------------------------------------------------
1 11.2 13.1 19:39 8.3 00:47 7.1 0.0 0.17 12.3 35.0 23:58 S
2 6.8 12.7 00:00 3.9 19:56 11.6 0.0 0.01 10.9 38.0 00:25 W
3 4.4 5.6 03:32 2.6 20:47 13.9 0.0 0.12 3.0 18.0 03:51 SSW
4 2.0 6.1 13:26 -1.7 08:46 16.3 0.0 0.01 2.9 13.0 15:47 S
5 6.9 8.4 14:01 4.7 05:11 11.4 0.0 0.00 5.1 14.0 10:39 S
6 6.6 9.1 09:04 3.8 22:30 11.7 0.0 0.11 7.4 23.0 12:47 SSW
7 7.3 10.6 22:51 3.8 00:28 11.0 0.0 0.29 10.9 32.0 17:33 S
8 7.2 9.3 00:00 5.3 18:32 11.1 0.0 0.07 6.0 28.0 23:46 SW
9 11.1 14.3 19:45 7.4 00:00 7.2 0.0 0.21 9.8 30.0 01:57 SW
10 8.0 13.9 05:06 3.6 18:16 10.3 0.0 0.31 13.4 43.0 07:36 W
11 6.5 8.0 20:42 3.8 00:14 11.8 0.0 0.03 9.8 31.0 03:08 W
12 7.6 10.4 09:54 4.5 20:05 10.7 0.0 0.13 8.0 29.0 03:44 SW
13 3.9 6.6 02:58 1.3 23:55 14.4 0.0 0.01 7.1 25.0 19:06 SSW
14 3.7 8.9 23:56 0.8 07:54 14.6 0.0 0.09 11.3 43.0 19:38 S
15 6.0 9.7 01:13 4.3 15:31 12.3 0.0 0.10 12.2 38.0 01:12 SSW
16 2.9 6.0 00:00 0.5 22:46 15.4 0.0 0.09 5.5 22.0 02:34 SW
17 2.7 6.4 13:12 0.8 00:12 15.5 0.0 0.05 6.3 19.0 14:21 SSW
18 1.1 2.3 16:27 -0.2 23:58 17.2 0.0 0.10 1.8 12.0 16:39 WNW
19 -0.1 1.8 12:26 -3.0 05:17 18.4 0.0 0.00 1.0 6.0 10:34 SSE
20 1.6 4.1 13:42 -0.4 01:58 16.7 0.0 0.01 4.0 18.0 22:53 SE
21 2.6 3.2 13:09 1.9 05:49 15.7 0.0 0.16 3.7 16.0 02:18 E
22 1.9 5.5 14:13 -0.2 07:28 16.4 0.0 0.00 1.6 9.0 13:52 SE
23 2.8 7.2 20:55 -0.3 02:29 15.5 0.0 0.18 8.5 25.0 21:04 S
24 5.0 7.1 13:10 2.8 06:54 13.3 0.0 0.00 6.9 22.0 14:24 WNW
25 6.8 10.0 14:22 3.1 00:58 11.4 0.0 0.00 5.8 15.0 14:32 SSW
26 7.0 9.4 00:00 4.8 23:21 11.3 0.0 0.11 7.6 29.0 14:25 WNW
27 6.5 7.9 13:37 4.8 00:46 11.8 0.0 0.01 5.5 19.0 14:18 W
28 5.3 9.3 06:49 1.6 17:17 13.0 0.0 0.22 12.5 53.0 08:38 W
29 2.0 3.2 00:08 0.7 11:03 16.3 0.0 0.40 6.3 26.0 00:06 W
30 2.2 5.9 13:31 0.4 04:06 16.0 0.0 0.45 4.2 23.0 16:54 WNW
31 3.4 5.4 14:44 1.9 00:01 14.9 0.0 0.21 7.9 27.0 11:59 NW
----------------------------------------------------------------------------------
4.9 14.3 9 -3.0 19 414.2 0.0 3.65 7.1 53.0 28 SW
Max >= 27.0: 0
Max <= 0.0: 0
Min <= 0.0: 6
Min <= -18.0: 0
Max Rain: 0.45 on day 30
Days of Rain: 21 (>= 0.02 in) 16 (>= 0.10 in) 0 (>= 1.00 in)
Heat Base: 18.3 Cool Base: 18.3 Method: Integration