Select a Year or Month report
Report for 2015 Mar
Monthly Climatological Summary for Mar 2015
Name: Cheadle Hulme City: Cheadle State: Cheshire
Elevation: 261 ft Lat: N 53° 21' 50" Lon: W 002° 11' 42"
Temperature (°C), Rain (in), Wind Speed (mph)
Heat Cool Avg
Mean Deg Deg Wind Dom
Day Temp High Time Low Time Days Days Rain Speed High Time Dir
----------------------------------------------------------------------------------
1 5.9 9.2 00:00 2.5 23:59 12.4 0.0 0.14 7.8 28.0 00:09 WSW
2 3.7 7.0 15:24 1.7 04:54 14.6 0.0 0.05 8.9 40.0 12:21 WSW
3 4.3 8.2 13:31 1.2 01:54 14.0 0.0 0.00 7.5 27.0 13:10 WSW
4 5.6 8.4 12:44 3.1 22:31 12.7 0.0 0.04 8.9 29.0 10:20 WNW
5 6.5 10.1 14:38 2.6 04:48 11.8 0.0 0.00 5.9 21.0 14:40 SSW
6 9.4 13.5 15:13 7.1 05:59 8.9 0.0 0.00 9.3 30.0 21:36 S
7 11.0 16.4 14:35 8.4 00:07 7.3 0.0 0.00 12.0 33.0 13:44 S
8 7.7 10.6 08:48 1.8 23:51 10.6 0.0 0.23 7.1 27.0 14:28 SW
9 5.9 10.7 15:18 -0.1 04:02 12.4 0.0 0.08 7.1 28.0 15:10 S
10 6.2 11.6 15:14 1.5 23:30 12.1 0.0 0.00 3.7 16.0 00:03 W
11 6.4 10.8 13:14 1.2 02:16 11.9 0.0 0.07 6.4 29.0 13:46 SSE
12 9.7 13.8 12:34 3.9 00:55 8.6 0.0 0.04 7.6 29.0 11:54 SSE
13 5.4 8.5 15:13 2.7 08:11 12.9 0.0 0.44 5.5 19.0 04:56 N
14 4.3 6.4 16:14 0.1 05:27 14.0 0.0 0.00 5.1 18.0 00:43 NE
15 6.3 8.5 12:35 4.7 00:00 12.0 0.0 0.00 6.3 19.0 11:46 ENE
16 6.1 8.2 13:33 4.8 06:16 12.2 0.0 0.02 4.1 16.0 09:58 ENE
17 5.9 9.0 11:56 0.9 23:59 12.4 0.0 0.00 1.8 11.0 00:18 ESE
18 4.6 12.1 14:50 -0.5 06:42 13.7 0.0 0.00 1.9 14.0 15:36 NNE
19 5.5 13.4 14:49 -1.3 06:08 12.8 0.0 0.00 1.6 13.0 12:15 NNE
20 7.2 10.8 12:54 3.9 04:50 11.1 0.0 0.01 3.7 18.0 21:26 WNW
21 5.9 11.2 14:33 1.2 06:27 12.4 0.0 0.00 4.5 22.0 09:30 NNE
22 6.0 10.9 14:20 1.6 00:59 12.3 0.0 0.00 2.5 12.0 12:33 S
23 6.3 11.8 15:31 2.9 03:01 11.9 0.0 0.02 5.5 19.0 16:49 WSW
24 4.8 9.2 14:54 1.8 22:45 13.4 0.0 0.14 2.6 18.0 16:15 W
25 4.7 10.9 15:02 -1.2 06:10 13.6 0.0 0.01 2.3 15.0 23:41 S
26 6.4 10.1 14:47 2.4 05:07 11.9 0.0 0.32 12.1 38.0 14:22 WNW
27 6.7 11.2 15:07 2.9 06:25 11.6 0.0 0.00 3.4 15.0 10:50 WSW
28 10.3 13.9 13:33 7.1 00:00 8.0 0.0 0.45 8.9 28.0 10:26 SSW
29 7.8 9.3 00:20 5.3 23:58 10.1 0.0 0.37 9.4 34.0 14:50 W
30 7.1 10.6 23:50 4.9 00:53 11.2 0.0 0.64 10.8 35.0 04:11 WSW
31 7.3 11.2 00:18 3.4 21:26 11.0 0.0 0.42 18.0 46.0 03:56 WNW
----------------------------------------------------------------------------------
6.5 16.4 7 -1.3 19 365.8 0.0 3.49 6.5 46.0 31 WSW
Max >= 27.0: 0
Max <= 0.0: 0
Min <= 0.0: 4
Min <= -18.0: 0
Max Rain: 0.64 on day 30
Days of Rain: 16 (>= 0.02 in) 9 (>= 0.10 in) 0 (>= 1.00 in)
Heat Base: 18.3 Cool Base: 18.3 Method: Integration