Select a Year or Month report
Report for 2015 Apr
Monthly Climatological Summary for Apr 2015
Name: Cheadle Hulme City: Cheadle State: Cheshire
Elevation: 261 ft Lat: N 53° 21' 50" Lon: W 002° 11' 42"
Temperature (°C), Rain (in), Wind Speed (mph)
Heat Cool Avg
Mean Deg Deg Wind Dom
Day Temp High Time Low Time Days Days Rain Speed High Time Dir
----------------------------------------------------------------------------------
1 6.4 9.0 14:49 4.5 07:19 11.9 0.0 0.24 11.4 33.0 13:41 WNW
2 7.4 11.1 17:04 4.7 07:06 10.9 0.0 0.06 2.9 13.0 00:34 WNW
3 9.0 11.8 13:09 6.8 01:39 9.3 0.0 0.17 4.9 19.0 17:34 WSW
4 9.7 14.7 15:36 7.3 03:13 8.6 0.0 0.00 4.3 16.0 10:30 NNW
5 10.2 17.2 16:06 6.4 01:44 8.1 0.0 0.00 2.0 11.0 18:45 WNW
6 9.1 17.8 16:42 5.7 05:52 9.2 0.0 0.01 1.8 12.0 17:10 WNW
7 10.1 17.2 16:08 6.1 07:31 8.2 0.0 0.00 2.6 18.0 17:24 NW
8 11.0 18.4 15:59 3.3 06:41 7.3 0.0 0.00 1.9 12.0 12:36 SSE
9 12.3 19.6 14:52 5.8 07:57 6.0 0.1 0.00 1.6 10.0 14:52 S
10 13.8 20.5 15:25 7.1 06:37 4.8 0.3 0.00 6.2 22.0 14:42 S
11 9.3 12.4 15:38 4.9 08:24 9.0 0.0 0.09 9.3 32.0 06:39 WSW
12 7.2 12.9 14:01 3.2 23:56 11.1 0.0 0.09 9.0 38.0 12:52 SSW
13 8.5 14.6 17:23 2.2 01:45 9.8 0.0 0.00 4.5 17.0 11:20 S
14 13.1 19.7 16:26 8.7 05:33 5.3 0.1 0.00 5.0 18.0 15:36 SW
15 9.2 12.8 11:29 5.9 06:43 9.1 0.0 0.00 4.8 18.0 11:56 W
16 10.8 16.6 16:31 4.6 05:50 7.5 0.0 0.00 1.9 14.0 23:07 ESE
17 10.8 14.7 16:50 6.9 23:56 7.4 0.0 0.00 4.9 20.0 16:35 E
18 9.7 15.8 14:40 4.9 04:05 8.6 0.0 0.00 6.4 21.0 15:20 ENE
19 7.6 14.7 15:26 0.9 06:23 10.7 0.0 0.00 4.4 22.0 17:14 NE
20 9.6 17.3 15:17 1.4 06:19 8.7 0.0 0.00 2.2 16.0 09:36 ESE
21 11.9 20.7 16:54 2.9 05:39 6.6 0.3 0.00 1.8 18.0 14:23 E
22 12.3 20.2 15:14 3.9 06:05 6.1 0.1 0.00 2.8 16.0 12:23 ESE
23 13.1 20.9 16:43 5.3 06:07 5.6 0.4 0.00 1.6 11.0 14:49 WSW
24 11.9 17.2 12:43 5.7 06:10 6.4 0.0 0.00 3.5 20.0 21:09 SSW
25 10.5 16.4 13:17 6.4 23:51 7.8 0.0 0.04 6.1 26.0 13:13 SW
26 7.1 12.7 13:47 1.2 05:56 11.2 0.0 0.00 4.2 21.0 15:44 NW
27 6.0 13.0 14:10 -0.6 06:00 12.2 0.0 0.00 3.8 23.0 20:21 SSW
28 7.1 11.9 13:41 3.4 04:59 11.2 0.0 0.10 6.7 24.0 12:27 WSW
29 8.6 13.5 15:15 4.6 06:26 9.7 0.0 0.16 7.9 22.0 05:21 SW
30 7.9 12.9 14:42 5.0 23:59 10.4 0.0 0.15 4.8 22.0 15:42 W
----------------------------------------------------------------------------------
9.7 20.9 23 -0.6 27 258.7 1.3 1.11 4.5 38.0 12 WSW
Max >= 27.0: 0
Max <= 0.0: 0
Min <= 0.0: 1
Min <= -18.0: 0
Max Rain: 0.24 on day 1
Days of Rain: 9 (>= 0.02 in) 5 (>= 0.10 in) 0 (>= 1.00 in)
Heat Base: 18.3 Cool Base: 18.3 Method: Integration