Cheadle Hulme Weather

 Latitude N 53° 21' 50"    Longitude W 02° 11' 42"    Elevation 261 ft

Now : Realtime : Gauges : Today/Yesterday : This Month/Year : All-Time Records : Graphs : WUnderground : Season Averages : Monthly Records : Data Summary : NOAA Reports : Forum : Station Info : System Info

Report for 2015 May
                   Monthly Climatological Summary for May 2015

Name: Cheadle Hulme   City: Cheadle   State: Cheshire
Elevation: 261 ft  Lat: N 53 21' 50"   Lon: W 002 11' 42"

                  Temperature (C), Rain (in), Wind Speed (mph)

                                      Heat  Cool        Avg
    Mean                              Deg   Deg         Wind                 Dom
Day Temp  High   Time   Low    Time   Days  Days  Rain  Speed High   Time    Dir
----------------------------------------------------------------------------------
 1   7.3  12.5   17:16   1.4   05:07  11.0   0.0  0.00   4.2  19.0   08:25   ENE
 2   7.5   9.7   12:59   5.1   03:19  10.8   0.0  0.04   6.4  26.0   21:38   ESE
 3  12.0  18.4   14:31   7.5   00:00   6.3   0.0  0.47   7.0  28.0   03:07   SSE
 4  12.9  17.0   14:16   8.6   05:21   5.4   0.0  0.02   5.6  19.0   00:59     S
 5  12.0  15.1   18:20   9.3   23:59   6.3   0.0  0.29   9.1  37.0   19:31     S
 6   9.2  10.7   11:11   7.7   04:44   9.1   0.0  0.44   9.9  30.0   09:21   SSW
 7   9.7  14.5   14:57   7.3   04:56   8.5   0.0  0.08   2.4  13.0   11:15     W
 8  10.4  15.8   11:30   4.8   06:05   7.9   0.0  0.45   4.1  20.0   13:28    SE
 9  10.4  13.7   17:28   8.1   22:22   7.9   0.0  0.01   7.2  25.0   08:50   WSW
10  13.1  17.8   15:13   7.7   02:28   5.2   0.0  0.00   7.1  26.0   15:40     S
11  15.3  20.2   14:32  12.3   23:51   3.2   0.2  0.00   8.6  30.0   16:16   SSW
12  12.2  15.3   12:57  10.4   05:41   6.1   0.0  0.01   7.6  29.0   15:33   WSW
13  12.7  17.9   18:17   7.2   05:37   5.6   0.0  0.00   3.2  16.0   22:49   WNW
14   9.8  12.8   13:45   7.3   04:16   8.5   0.0  0.00   8.1  29.0   08:33     E
15  11.8  17.4   16:21   7.4   06:27   6.5   0.0  0.01   4.2  18.0   18:50   SSW
16  11.6  13.8   16:31   8.9   23:51   6.7   0.0  0.02   8.9  27.0   09:35   WNW
17  10.6  13.4   13:09   6.6   05:18   7.7   0.0  0.01   5.6  24.0   11:04   WSW
18   8.8  12.5   17:52   6.4   22:45   9.5   0.0  0.45   7.1  27.0   15:06    SW
19   8.3  12.4   15:28   5.5   05:02  10.0   0.0  0.67   7.8  26.0   11:54   WNW
20   9.5  12.8   19:20   7.1   00:01   8.8   0.0  0.09   7.3  25.0   11:08   WNW
21  11.9  15.7   17:01   8.2   04:56   6.4   0.0  0.01   4.5  17.0   12:11     W
22  13.0  17.2   15:11  10.1   23:56   5.3   0.0  0.02   4.3  18.0   16:34     W
23  13.2  19.3   17:18   8.9   03:41   5.1   0.0  0.00   1.9  12.0   14:19    SW
24  11.6  13.6   16:17   9.3   01:37   6.7   0.0  0.08   5.8  23.0   16:09   WNW
25  11.2  13.9   13:27   9.1   01:28   7.1   0.0  0.00   5.5  19.0   12:31   WNW
26  11.4  15.0   16:01   7.9   23:50   6.9   0.0  0.00   6.4  24.0   17:23   WNW
27  11.1  16.7   13:46   6.7   02:01   7.2   0.0  0.13   4.1  23.0   17:23    SW
28  11.0  14.8   17:02   8.6   04:49   7.3   0.0  0.09   8.3  26.0   14:32     W
29   9.7  12.4   18:00   7.2   09:02   8.6   0.0  0.38   6.7  26.0   13:26     W
30  10.9  15.0   14:19   5.8   05:14   7.4   0.0  0.00   3.6  17.0   11:06   WSW
31  10.9  13.1   17:35   7.3   23:29   7.4   0.0  0.28   9.2  28.0   14:10     W
----------------------------------------------------------------------------------
    11.0  20.2    11     1.4     1   226.4   0.2  4.05   6.2  37.0     5     WSW

Max >=  27.0:  0
Max <=   0.0:  0
Min <=   0.0:  0
Min <= -18.0:  0
Max Rain: 0.67 on day 19
Days of Rain: 17 (>= 0.02 in)  9 (>= 0.10 in)  0 (>= 1.00 in)
Heat Base: 18.3  Cool Base: 18.3  Method: Integration
Now : Realtime : Gauges : Today/Yesterday : This Month/Year : All-Time Records : Graphs : WUnderground : Season Averages : Monthly Records : Data Summary : NOAA Reports : Forum : Station Info : System Info


Page last updated 18/12/2017 07:00:03
Produced by CumulusCumulus v1.9.4 (1099)