Cheadle Hulme Weather

 Latitude N 53° 21' 50"    Longitude W 02° 11' 42"    Elevation 261 ft

Now : Realtime : Gauges : Today/Yesterday : This Month/Year : All-Time Records : Graphs : WUnderground : Season Averages : Monthly Records : Data Summary : NOAA Reports : Forum : Station Info : System Info

Report for 2015 Jun
                   Monthly Climatological Summary for Jun 2015

Name: Cheadle Hulme   City: Cheadle   State: Cheshire
Elevation: 261 ft  Lat: N 53 21' 50"   Lon: W 002 11' 42"

                  Temperature (C), Rain (in), Wind Speed (mph)

                                      Heat  Cool        Avg
    Mean                              Deg   Deg         Wind                 Dom
Day Temp  High   Time   Low    Time   Days  Days  Rain  Speed High   Time    Dir
----------------------------------------------------------------------------------
 1   9.3  12.8   10:32   5.5   05:14   9.0   0.0  0.67  10.5  36.0   20:45     S
 2  12.3  17.1   12:40   8.6   01:51   6.0   0.0  0.18   6.4  34.0   14:11    SW
 3  12.7  16.8   15:22   8.6   23:55   5.6   0.0  0.02   5.0  23.0   12:53     W
 4  15.1  22.6   16:47   6.3   03:24   4.1   0.9  0.00   3.6  21.0   16:32   SSE
 5  15.7  21.7   13:14   9.7   23:47   2.9   0.3  0.00   4.8  20.0   16:21    SW
 6  12.3  17.2   14:22   8.4   05:34   6.0   0.0  0.00   8.0  30.0   13:08    SW
 7  12.1  16.8   16:47   8.3   05:25   6.2   0.0  0.00   5.7  20.0   12:13   WNW
 8  11.3  18.3   14:06   4.7   05:31   7.0   0.0  0.00   2.7  17.0   15:12   NNE
 9  11.2  17.1   15:48   3.8   05:21   7.1   0.0  0.00   3.7  17.0   14:51    NE
10  13.1  19.9   15:48   4.0   05:09   5.4   0.2  0.00   3.5  16.0   13:49     E
11  15.9  23.5   16:13   7.7   04:21   3.6   1.2  0.00   4.8  23.0   12:46     E
12  18.1  26.3   15:25   9.5   04:17   2.3   2.1  0.00   2.6  15.0   12:05     E
13  14.8  19.2   15:32  12.2   23:48   3.6   0.0  0.32   2.2  13.0   20:37   SSW
14  12.0  14.2   11:30   9.3   04:56   6.3   0.0  0.00   3.5  18.0   18:05    NE
15  13.8  19.8   17:00   6.7   05:09   4.5   0.1  0.00   1.8  12.0   14:44     S
16  16.7  22.5   16:19  11.9   01:37   2.4   0.8  0.00   1.9  13.0   17:58     W
17  15.3  17.9   15:23  11.7   23:45   3.0   0.0  0.19   5.4  22.0   16:06   WSW
18  12.4  15.5   15:48   8.3   04:31   5.9   0.0  0.01   7.0  24.0   14:19   WNW
19  12.3  14.3   17:13  10.6   02:20   6.0   0.0  0.00   5.6  19.0   09:15   WNW
20  15.0  18.6   18:16  12.3   00:00   3.3   0.0  0.10   2.6  17.0   18:46     W
21  13.9  16.3   19:21  11.6   05:32   4.4   0.0  0.07   6.8  24.0   09:50     W
22  12.1  15.8   15:27   9.5   04:36   6.2   0.0  0.23   5.9  26.0   16:25   WNW
23  14.7  21.0   16:58   8.8   05:42   3.9   0.3  0.00   1.9  12.0   18:41    NW
24  15.7  21.6   13:04  10.2   01:40   3.0   0.5  0.00   2.8  16.0   16:37    SW
25  18.0  24.4   17:44  11.9   05:15   1.8   1.5  0.00   3.3  16.0   14:36   SSW
26  17.1  21.1   15:23  13.7   23:58   1.5   0.3  0.16   4.3  17.0   16:30   SSW
27  17.2  22.4   17:11  12.3   04:39   2.0   1.0  0.00   3.8  18.0   13:37   WSW
28  16.9  22.4   16:54  13.7   06:41   2.0   0.6  0.07   6.8  26.0   09:39   SSW
29  17.4  22.6   16:08  12.8   03:25   1.9   1.1  0.00   2.7  13.0   16:54     S
30  23.1  29.7   15:11  15.2   05:30   0.7   5.5  0.00   5.3  18.0   16:31   SSE
----------------------------------------------------------------------------------
    14.6  29.7    30     3.8     9   127.6  16.4  2.02   4.5  36.0     1      SW

Max >=  27.0:  1
Max <=   0.0:  0
Min <=   0.0:  0
Min <= -18.0:  0
Max Rain: 0.67 on day 1
Days of Rain: 10 (>= 0.02 in)  7 (>= 0.10 in)  0 (>= 1.00 in)
Heat Base: 18.3  Cool Base: 18.3  Method: Integration
Now : Realtime : Gauges : Today/Yesterday : This Month/Year : All-Time Records : Graphs : WUnderground : Season Averages : Monthly Records : Data Summary : NOAA Reports : Forum : Station Info : System Info


Page last updated 16/12/2017 09:00:03
Produced by CumulusCumulus v1.9.4 (1099)