Cheadle Hulme Weather

 Latitude N 53° 21' 50"    Longitude W 02° 11' 42"    Elevation 261 ft

Now : Realtime : Gauges : Today/Yesterday : This Month/Year : All-Time Records : Graphs : WUnderground : Season Averages : Monthly Records : Data Summary : NOAA Reports : Forum : Station Info : System Info
Select a Year or Month report

Report for 2015 Jul
                   Monthly Climatological Summary for Jul 2015

Name: Cheadle Hulme   City: Cheadle   State: Cheshire
Elevation: 261 ft  Lat: N 53 21' 50"   Lon: W 002 11' 42"

                  Temperature (C), Rain (in), Wind Speed (mph)

                                      Heat  Cool        Avg
    Mean                              Deg   Deg         Wind                 Dom
Day Temp  High   Time   Low    Time   Days  Days  Rain  Speed High   Time    Dir
----------------------------------------------------------------------------------
 1  25.4  32.1   15:22  19.1   23:59   0.0   7.1  0.08   4.7  26.0   22:32    SE
 2  17.4  21.4   11:45  12.4   23:49   1.6   0.7  0.30   2.2  20.0   16:17   WSW
 3  18.0  25.1   15:36  10.2   04:48   2.4   2.1  0.00   4.1  27.0   22:41   ESE
 4  19.8  25.2   12:58  14.4   23:48   0.8   2.2  0.12   6.0  24.0   14:28     S
 5  15.5  23.5   14:28  10.3   05:36   3.3   0.5  0.24   3.5  37.0   15:03   SSW
 6  14.7  17.6   10:08  11.1   03:50   3.6   0.0  0.17   5.8  20.0   21:53     S
 7  16.2  19.4   16:33  12.9   23:53   2.1   0.0  0.39   6.8  26.0   12:08   SSW
 8  13.6  16.8   17:50  11.2   23:56   4.7   0.0  0.04   7.5  27.0   15:55   WNW
 9  13.6  18.8   17:34   8.3   04:09   4.7   0.0  0.00   3.6  16.0   11:15     W
10  19.1  27.0   17:23  11.3   02:35   2.0   2.8  0.00   5.2  18.0   15:40     S
11  17.3  21.1   14:09  14.6   23:47   1.3   0.4  0.04   5.1  20.0   16:50    SW
12  16.3  19.8   15:42  13.7   23:32   2.1   0.1  0.03   6.3  20.0   15:22   WSW
13  15.9  19.2   15:09  13.7   00:00   2.5   0.0  0.17   4.5  19.0   13:05   SSW
14  16.6  21.7   16:49  14.4   04:52   2.0   0.4  0.00   3.3  12.0   13:43   WNW
15  15.3  18.8   16:52  11.0   23:41   3.0   0.0  0.00   5.2  22.0   13:02    NW
16  16.4  22.8   14:03   7.7   04:57   3.2   1.3  0.00   5.3  22.0   14:05   ESE
17  17.4  20.2   16:33  12.7   23:55   1.3   0.4  0.00   7.6  25.0   11:13   SSW
18  16.0  21.2   15:30  10.9   04:19   2.8   0.4  0.00   5.9  22.0   09:51    SW
19  15.0  18.8   16:22  11.7   23:53   3.3   0.0  0.16   6.7  25.0   15:22     W
20  16.6  21.9   16:43  11.0   01:49   2.5   0.8  0.02   5.3  24.0   20:59     S
21  16.6  19.8   15:01  13.7   01:02   1.8   0.1  0.02   6.5  22.0   15:54    SW
22  14.7  18.1   16:29  13.0   22:51   3.6   0.0  0.00   3.9  18.0   18:34     W
23  14.8  18.3   13:55  12.3   06:07   3.5   0.0  0.00   3.5  15.0   09:40   WSW
24  13.0  17.7   12:09   8.8   03:56   5.3   0.0  0.10   1.4   9.0   12:26   ENE
25  13.6  18.6   13:48   8.3   05:41   4.7   0.0  0.00   4.4  23.0   16:08   WNW
26  12.7  16.3   09:55   8.7   05:47   5.6   0.0  0.21   3.7  19.0   10:05    SE
27  14.4  16.7   16:28  13.4   05:33   3.9   0.0  0.34   4.1  21.0   10:17   WSW
28  13.4  15.7   15:09  11.2   23:37   4.9   0.0  0.11   6.5  22.0   08:51     W
29  13.5  18.6   15:26  10.1   05:29   4.8   0.0  0.16   5.3  22.0   16:20   WNW
30  13.1  17.6   16:14   9.0   23:53   5.2   0.0  0.02   5.7  21.0   12:51   WNW
31  13.9  20.6   16:03   6.8   04:56   4.6   0.2  0.00   3.6  17.0   16:01   SSW
----------------------------------------------------------------------------------
    15.8  32.1     1     6.8    31    97.1  19.5  2.72   4.9  37.0     5      SW

Max >=  27.0:  2
Max <=   0.0:  0
Min <=   0.0:  0
Min <= -18.0:  0
Max Rain: 0.39 on day 7
Days of Rain: 19 (>= 0.02 in)  12 (>= 0.10 in)  0 (>= 1.00 in)
Heat Base: 18.3  Cool Base: 18.3  Method: Integration
Now : Realtime : Gauges : Today/Yesterday : This Month/Year : All-Time Records : Graphs : WUnderground : Season Averages : Monthly Records : Data Summary : NOAA Reports : Forum : Station Info : System Info


Page last updated 27/06/2017 13:15:03
Produced by CumulusCumulus v1.9.4 (1099)