Cheadle Hulme Weather

 Latitude N 53° 21' 50"    Longitude W 02° 11' 42"    Elevation 261 ft

Now : Realtime : Gauges : Today/Yesterday : This Month/Year : All-Time Records : Graphs : WUnderground : Season Averages : Monthly Records : Data Summary : NOAA Reports : Forum : Station Info : System Info

Report for 2015 Aug
                   Monthly Climatological Summary for Aug 2015

Name: Cheadle Hulme   City: Cheadle   State: Cheshire
Elevation: 261 ft  Lat: N 53 21' 50"   Lon: W 002 11' 42"

                  Temperature (C), Rain (in), Wind Speed (mph)

                                      Heat  Cool        Avg
    Mean                              Deg   Deg         Wind                 Dom
Day Temp  High   Time   Low    Time   Days  Days  Rain  Speed High   Time    Dir
----------------------------------------------------------------------------------
 1  14.2  17.6   11:06  11.1   23:21   4.1   0.0  0.44   4.4  20.0   13:37   SSW
 2  17.0  23.8   17:33  10.9   00:18   2.6   1.4  0.01   5.1  21.0   16:59   SSE
 3  19.1  22.1   13:41  14.9   23:53   0.4   1.2  0.00   7.9  24.0   01:49     S
 4  15.9  19.0   14:03  12.9   04:10   2.4   0.1  0.00   8.5  28.0   12:21   SSW
 5  16.4  20.9   14:51  13.2   05:12   2.1   0.3  0.01   6.9  21.0   10:26     S
 6  16.1  19.8   10:41  10.5   23:59   2.3   0.0  0.01   5.1  19.0   10:59   WSW
 7  14.6  20.6   14:09   7.0   05:29   4.1   0.4  0.01   1.7   9.0   16:41    SW
 8  17.9  24.7   15:38  11.7   06:33   2.2   1.8  0.00   2.6  19.0   15:12    SW
 9  18.4  24.9   16:28  13.9   04:44   1.4   1.6  0.00   5.8  18.0   05:06   SSW
10  18.2  21.8   16:32  13.1   23:58   0.9   0.8  0.36   5.3  21.0   13:54   SSW
11  15.0  20.2   15:06   9.7   05:52   3.5   0.2  0.00   2.3  11.0   20:20     W
12  16.4  24.7   15:18   7.8   05:49   3.6   1.7  0.00   1.8  14.0   13:35    SE
13  16.7  20.3   14:35  11.2   04:27   2.0   0.4  0.04   4.1  16.0   17:19   ENE
14  14.8  16.0   16:28  13.7   23:59   3.5   0.0  1.21   4.1  15.0   17:03    NW
15  13.7  18.1   16:51  10.2   05:33   4.6   0.0  0.01   3.7  19.0   14:54   WNW
16  14.2  19.8   12:18   7.3   06:32   4.2   0.1  0.00   1.5   8.0   11:23     S
17  16.5  21.8   15:39  12.8   05:29   2.4   0.5  0.00   2.1  16.0   18:26    NW
18  14.9  17.9   11:45  10.2   04:19   3.4   0.0  0.00   4.8  21.0   16:23   WNW
19  15.9  20.3   12:04  13.4   05:38   2.6   0.1  0.08   6.4  24.0   15:42     S
20  18.0  23.3   17:14  14.9   03:41   1.3   1.0  0.01   5.8  18.0   17:29     S
21  19.8  23.2   13:43  17.7   04:53   0.1   1.6  0.03   8.5  25.0   15:33     S
22  19.4  26.8   17:09  15.6   06:29   0.7   1.8  0.58   2.2  12.0   00:20    SE
23  18.4  26.2   13:45  12.8   23:43   1.2   1.3  0.14   6.1  29.0   11:15    SE
24  14.8  19.8   15:39  10.2   06:15   3.7   0.1  0.01   3.1  19.0   18:23    NW
25  14.3  19.1   13:01  10.6   03:38   4.0   0.0  0.03   5.8  23.0   21:05     S
26  16.4  21.3   15:39  13.8   04:42   2.2   0.3  0.13   7.5  25.0   13:52     S
27  15.5  20.4   16:09  12.4   05:22   3.1   0.2  0.00   6.7  26.0   13:25   SSW
28  15.3  20.5   14:46  11.3   06:29   3.2   0.2  0.00   7.3  22.0   11:37     S
29  16.1  21.2   15:21  12.8   05:59   2.6   0.4  0.00   6.0  19.0   11:35     S
30  15.2  18.8   16:45  10.9   06:48   3.2   0.1  0.00   1.1   8.0   17:42     W
31  14.2  17.7   15:59  12.2   23:57   4.1   0.0  0.53   1.7  11.0   17:52   NNW
----------------------------------------------------------------------------------
    16.2  26.8    22     7.0     7    81.7  17.6  3.64   4.7  29.0    23     SSW

Max >=  27.0:  0
Max <=   0.0:  0
Min <=   0.0:  0
Min <= -18.0:  0
Max Rain: 1.21 on day 14
Days of Rain: 11 (>= 0.02 in)  7 (>= 0.10 in)  1 (>= 1.00 in)
Heat Base: 18.3  Cool Base: 18.3  Method: Integration
Now : Realtime : Gauges : Today/Yesterday : This Month/Year : All-Time Records : Graphs : WUnderground : Season Averages : Monthly Records : Data Summary : NOAA Reports : Forum : Station Info : System Info


Page last updated 18/12/2017 06:45:03
Produced by CumulusCumulus v1.9.4 (1099)