Cheadle Hulme Weather

 Latitude N 53° 21' 50"    Longitude W 02° 11' 42"    Elevation 261 ft

Now : Realtime : Gauges : Today/Yesterday : This Month/Year : All-Time Records : Graphs : WUnderground : Season Averages : Monthly Records : Data Summary : NOAA Reports : Forum : Station Info : System Info

Report for 2015 Oct
                   Monthly Climatological Summary for Oct 2015

Name: Cheadle Hulme   City: Cheadle   State: Cheshire
Elevation: 261 ft  Lat: N 53 21' 50"   Lon: W 002 11' 42"

                  Temperature (C), Rain (in), Wind Speed (mph)

                                      Heat  Cool        Avg
    Mean                              Deg   Deg         Wind                 Dom
Day Temp  High   Time   Low    Time   Days  Days  Rain  Speed High   Time    Dir
----------------------------------------------------------------------------------
 1  11.9  19.8   15:16   6.8   23:27   6.5   0.1  0.00   1.5  10.0   18:00     E
 2  10.0  18.6   15:06   3.7   06:09   8.3   0.0  0.00   0.8   8.0   13:29     W
 3   7.3  10.3   17:42   3.3   06:49  11.0   0.0  0.00   0.1   4.0   23:07   SSW
 4  11.0  16.9   15:30   5.8   01:04   7.3   0.0  0.00   2.0  12.0   15:53    SE
 5  15.2  19.8   13:24  10.7   00:24   3.2   0.2  0.02   6.7  26.0   07:35    SE
 6  16.1  20.3   12:19  11.9   23:52   2.3   0.1  0.28   3.4  17.0   01:01    SE
 7  12.2  14.2   05:08   9.5   23:25   6.1   0.0  0.35   5.7  23.0   11:44   WNW
 8  11.4  16.8   14:45   6.6   05:13   6.9   0.0  0.02   1.4   9.0   00:00   SSW
 9  11.4  18.6   14:06   6.0   07:59   6.9   0.0  0.00   1.0   9.0   13:37   SSE
10  10.8  14.8   13:57   6.1   06:53   7.5   0.0  0.00   2.9  17.0   14:37     E
11  11.6  15.7   14:52   6.4   23:59   6.7   0.0  0.00   2.7  14.0   07:11     E
12   7.1  14.1   15:37   1.8   07:47  11.2   0.0  0.00   1.7  17.0   18:04   NNW
13   8.6  13.6   14:13   4.7   07:52   9.7   0.0  0.00   2.6  15.0   12:58   NNE
14   7.5  13.3   13:44   2.4   06:05  10.8   0.0  0.00   2.0  13.0   11:19   NNE
15   8.9  13.7   14:18   3.9   04:21   9.4   0.0  0.00   2.7  15.0   17:33   NNE
16  10.4  12.3   10:52   8.2   22:46   7.9   0.0  0.00   3.5  15.0   11:08   NNE
17  10.4  14.0   14:57   8.1   01:52   7.9   0.0  0.00   3.5  16.0   11:59   NNE
18  11.4  13.4   14:27  10.4   00:19   6.9   0.0  0.00   3.4  15.0   13:34    NE
19  10.0  16.5   13:43   5.9   08:10   8.3   0.0  0.00   1.0  11.0   11:26    NE
20   9.9  14.8   13:12   6.3   06:21   8.4   0.0  0.01   2.7  17.0   12:45   WSW
21  12.5  14.3   13:56   9.3   00:37   5.8   0.0  0.36   5.8  18.0   03:15    SW
22  11.6  14.1   12:28   6.0   23:57   6.8   0.0  0.00   7.1  29.0   12:13     W
23  10.1  12.9   12:58   5.6   00:37   8.2   0.0  0.00   5.8  17.0   12:38     S
24   9.9  12.0   09:06   6.6   23:58   8.4   0.0  0.16   5.6  27.0   11:19   SSW
25   7.8  11.0   14:16   5.1   06:50  11.0   0.0  0.01   4.4  15.0   19:49   SSE
26  11.0  15.6   14:24   7.1   00:42   7.3   0.0  0.00   6.1  22.0   10:39    SE
27  13.1  16.8   13:41  10.8   00:00   5.2   0.0  0.00   4.4  19.0   10:59   ESE
28  11.6  14.1   00:00   9.4   19:27   6.7   0.0  0.21   2.3  18.0   23:53   SSE
29  11.5  14.1   11:15   9.4   21:32   6.8   0.0  0.05   5.5  28.0   09:39   SSE
30  14.4  19.1   13:04   9.9   00:00   3.9   0.0  0.16   6.9  29.0   10:13   SSE
31  13.3  16.8   11:23   9.2   23:01   5.0   0.0  0.00   2.6  17.0   01:04   SSE
----------------------------------------------------------------------------------
    11.0  20.3     6     1.8    12   228.3   0.4  1.63   3.5  29.0    22     SSE

Max >=  27.0:  0
Max <=   0.0:  0
Min <=   0.0:  0
Min <= -18.0:  0
Max Rain: 0.36 on day 21
Days of Rain: 9 (>= 0.02 in)  6 (>= 0.10 in)  0 (>= 1.00 in)
Heat Base: 18.3  Cool Base: 18.3  Method: Integration
Now : Realtime : Gauges : Today/Yesterday : This Month/Year : All-Time Records : Graphs : WUnderground : Season Averages : Monthly Records : Data Summary : NOAA Reports : Forum : Station Info : System Info


Page last updated 18/12/2017 07:00:03
Produced by CumulusCumulus v1.9.4 (1099)