Select a Year or Month report
Report for 2015 Dec
Monthly Climatological Summary for Dec 2015
Name: Cheadle Hulme City: Cheadle State: Cheshire
Elevation: 261 ft Lat: N 53° 21' 50" Lon: W 002° 11' 42"
Temperature (°C), Rain (in), Wind Speed (mph)
Heat Cool Avg
Mean Deg Deg Wind Dom
Day Temp High Time Low Time Days Days Rain Speed High Time Dir
----------------------------------------------------------------------------------
1 9.7 13.4 14:45 3.2 00:41 8.6 0.0 0.08 6.4 20.0 08:52 S
2 11.2 12.7 11:48 8.9 23:53 7.1 0.0 0.07 8.3 26.0 12:00 S
3 10.5 13.2 14:18 6.8 23:56 7.8 0.0 0.44 7.5 35.0 17:35 S
4 9.2 12.1 23:26 5.4 03:43 9.1 0.0 0.00 9.3 34.0 20:45 SSW
5 12.3 12.8 22:10 11.6 05:24 6.0 0.0 0.03 14.9 42.0 17:20 SSW
6 9.8 12.9 03:37 5.7 19:04 8.5 0.0 0.08 7.9 40.0 04:22 SSW
7 11.9 14.9 12:27 7.5 00:00 6.4 0.0 0.02 8.4 28.0 14:11 SSE
8 10.1 12.9 05:20 5.2 23:33 8.2 0.0 0.08 8.7 27.0 04:59 SSW
9 8.3 11.5 23:27 3.8 03:17 10.0 0.0 0.00 11.0 33.0 13:43 S
10 8.1 11.6 00:33 5.9 17:38 10.2 0.0 0.50 8.5 32.0 03:00 SSW
11 6.0 8.3 13:23 4.4 08:20 12.3 0.0 0.03 5.8 24.0 13:18 SW
12 6.4 11.8 16:36 3.4 22:24 11.9 0.0 0.69 6.6 26.0 11:22 S
13 4.5 7.8 23:28 0.6 07:27 13.8 0.0 0.08 1.1 8.0 12:08 SE
14 8.6 9.6 11:44 7.8 00:00 9.7 0.0 0.06 3.5 14.0 11:29 SE
15 10.0 12.5 23:51 8.4 06:53 8.3 0.0 0.03 5.1 22.0 20:36 SE
16 13.1 13.7 16:03 12.2 17:43 5.2 0.0 0.05 7.5 29.0 04:32 S
17 12.9 14.2 12:47 11.1 23:08 5.4 0.0 0.01 9.0 28.0 12:54 S
18 11.4 12.7 23:38 9.5 07:25 6.9 0.0 0.03 8.9 27.0 23:37 S
19 14.2 15.2 09:54 12.6 00:07 4.1 0.0 0.08 12.8 32.0 17:04 S
20 10.7 14.6 01:41 7.7 23:54 7.6 0.0 0.00 11.1 34.0 02:06 S
21 8.0 10.8 14:03 6.2 07:11 10.3 0.0 0.08 10.0 32.0 11:46 S
22 11.2 14.2 11:18 8.7 23:55 7.1 0.0 0.20 10.5 33.0 07:43 SSW
23 8.1 9.9 13:34 6.0 08:45 10.2 0.0 0.06 9.9 30.0 02:09 S
24 7.9 11.6 06:41 3.4 23:32 10.4 0.0 0.09 10.5 37.0 06:57 S
25 8.5 13.7 19:47 3.7 00:00 9.8 0.0 0.27 8.8 27.0 13:49 S
26 12.9 14.4 18:32 8.7 22:31 5.4 0.0 0.73 11.5 35.0 17:31 S
27 8.5 12.1 21:17 4.4 08:28 9.8 0.0 0.01 3.3 15.0 23:09 S
28 11.6 12.9 08:32 10.5 18:59 6.7 0.0 0.00 9.5 33.0 23:00 SE
29 10.3 12.1 02:46 8.7 08:48 8.0 0.0 0.00 10.9 38.0 21:58 SSE
30 10.8 13.6 10:15 6.0 23:54 7.5 0.0 0.47 11.7 46.0 07:03 S
31 6.0 8.8 13:55 3.4 23:58 12.3 0.0 0.23 8.4 39.0 15:02 S
----------------------------------------------------------------------------------
9.8 15.2 19 0.6 13 264.6 0.0 4.50 8.6 46.0 30 S
Max >= 27.0: 0
Max <= 0.0: 0
Min <= 0.0: 0
Min <= -18.0: 0
Max Rain: 0.73 on day 26
Days of Rain: 24 (>= 0.02 in) 8 (>= 0.10 in) 0 (>= 1.00 in)
Heat Base: 18.3 Cool Base: 18.3 Method: Integration