Cheadle Hulme Weather

 Latitude N 53° 21' 50"    Longitude W 02° 11' 42"    Elevation 261 ft

Now : Realtime : Gauges : Today/Yesterday : This Month/Year : All-Time Records : Graphs : WUnderground : Season Averages : Monthly Records : Data Summary : NOAA Reports : Forum : Station Info : System Info
Select a Year or Month report

Report for 2016 Jan
                   Monthly Climatological Summary for Jan 2016

Name: Cheadle Hulme   City: Cheadle   State: Cheshire
Elevation: 261 ft  Lat: N 53 21' 50"   Lon: W 002 11' 42"

                  Temperature (C), Rain (in), Wind Speed (mph)

                                      Heat  Cool        Avg
    Mean                              Deg   Deg         Wind                 Dom
Day Temp  High   Time   Low    Time   Days  Days  Rain  Speed High   Time    Dir
----------------------------------------------------------------------------------
 1   4.4   7.6   20:55   1.0   06:57  13.8   0.0  0.05   6.5  25.0   22:53    SE
 2   8.7  10.2   11:58   7.2   00:00   9.6   0.0  0.15   5.1  26.0   01:39   ESE
 3   7.2   8.3   00:16   5.3   22:48  11.1   0.0  0.46   4.8  20.0   10:02   SSE
 4   7.1   8.1   12:35   5.7   02:22  11.2   0.0  0.05   4.3  15.0   00:27    SE
 5   7.5   9.9   12:49   6.1   22:51  10.8   0.0  0.05   2.0  13.0   00:18   ESE
 6   6.2   9.3   13:48   4.2   02:32  12.1   0.0  0.02   2.6  24.0   22:45    SE
 7   6.2   7.4   07:26   3.1   23:58  12.1   0.0  0.34   6.7  31.0   12:58   WSW
 8   5.3   7.6   14:15   2.9   00:10  13.0   0.0  0.09   5.9  23.0   10:34     S
 9   7.2   8.9   12:54   5.3   05:41  11.1   0.0  0.55   7.6  29.0   20:23   SSE
10   5.3   7.9   13:29   3.2   22:27  13.0   0.0  0.02   9.5  27.0   04:32     S
11   4.1   5.7   23:56   2.4   07:02  14.2   0.0  0.07   2.0  16.0   23:17   SSW
12   5.3   6.8   12:05   4.2   19:12  13.0   0.0  0.35   7.6  29.0   06:45   WNW
13   4.0   5.4   12:50   2.6   06:02  14.3   0.0  0.17   6.4  21.0   01:27   SSW
14   2.5   4.5   14:10   1.1   21:28  15.8   0.0  0.07   6.9  26.0   12:17   WNW
15   1.9   6.2   14:21  -0.8   08:08  16.4   0.0  0.04   3.4  22.0   13:20   WNW
16  -0.2   2.8   13:19  -3.1   07:27  18.5   0.0  0.03   1.0  12.0   23:12    SE
17   2.3   3.4   23:13   0.8   00:03  16.0   0.0  0.10   6.2  20.0   22:49   SSE
18   4.3   5.6   13:11   3.3   00:10  14.0   0.0  0.00   4.4  19.0   01:18    SE
19   4.2   6.8   13:34   1.8   07:15  14.1   0.0  0.01   0.9   7.0   00:34     S
20   3.4   6.9   13:47  -1.2   23:17  14.9   0.0  0.00   1.6  11.0   10:59     S
21   4.0   7.1   19:43  -0.7   00:00  14.3   0.0  0.06   6.9  26.0   23:23   SSE
22   8.3  12.2   14:32   6.5   00:31  10.0   0.0  0.16   8.8  28.0   04:53     S
23   8.1  10.4   13:21   5.2   06:35  10.2   0.0  0.13   7.7  28.0   19:52     S
24  12.7  14.3   15:08   9.7   00:00   5.6   0.0  0.00   8.6  21.0   21:04     S
25  11.0  14.3   14:00   6.7   22:49   7.3   0.0  0.09   9.7  34.0   12:01     S
26  10.0  12.4   14:43   6.9   00:00   8.3   0.0  0.02  12.6  39.0   09:49     S
27  10.3  14.1   10:28   4.8   23:53   8.0   0.0  0.08  11.1  37.0   12:40    SW
28   6.3  11.0   23:57   2.8   02:40  12.0   0.0  0.10   9.0  32.0   17:50   SSW
29  10.6  12.3   10:12   8.4   23:47   7.7   0.0  0.02   9.3  33.0   05:49    SW
30   4.9   8.5   00:00   3.0   16:59  13.4   0.0  0.17   8.4  32.0   05:26     W
31   7.3  11.9   23:28   3.0   00:24  11.0   0.0  0.34   5.6  22.0   15:32   SSW
----------------------------------------------------------------------------------
     6.1  14.3    24    -3.1    16   376.8   0.0  3.79   6.2  39.0    26       S

Max >=  27.0:  0
Max <=   0.0:  0
Min <=   0.0:  4
Min <= -18.0:  0
Max Rain: 0.55 on day 9
Days of Rain: 27 (>= 0.02 in)  12 (>= 0.10 in)  0 (>= 1.00 in)
Heat Base: 18.3  Cool Base: 18.3  Method: Integration
Now : Realtime : Gauges : Today/Yesterday : This Month/Year : All-Time Records : Graphs : WUnderground : Season Averages : Monthly Records : Data Summary : NOAA Reports : Forum : Station Info : System Info


Page last updated 27/06/2017 13:15:03
Produced by CumulusCumulus v1.9.4 (1099)