Cheadle Hulme Weather

 Latitude N 53° 21' 50"    Longitude W 02° 11' 42"    Elevation 261 ft

Now : Realtime : Gauges : Today/Yesterday : This Month/Year : All-Time Records : Graphs : WUnderground : Season Averages : Monthly Records : Data Summary : NOAA Reports : Forum : Station Info : System Info
Select a Year or Month report

Report for 2016 Feb
                   Monthly Climatological Summary for Feb 2016

Name: Cheadle Hulme   City: Cheadle   State: Cheshire
Elevation: 261 ft  Lat: N 53 21' 50"   Lon: W 002 11' 42"

                  Temperature (C), Rain (in), Wind Speed (mph)

                                      Heat  Cool        Avg
    Mean                              Deg   Deg         Wind                 Dom
Day Temp  High   Time   Low    Time   Days  Days  Rain  Speed High   Time    Dir
----------------------------------------------------------------------------------
 1  11.2  13.7   11:39   8.2   23:57   7.1   0.0  0.00   9.0  36.0   15:03    SW
 2   6.1   8.2   00:00   3.2   23:29  12.2   0.0  0.13   7.5  33.0   11:22   WSW
 3   4.8   8.9   13:28   1.6   06:23  13.5   0.0  0.26   6.5  29.0   04:33     W
 4   8.7  10.3   15:38   4.2   00:00   9.6   0.0  0.33   7.6  31.0   06:59     W
 5   9.2  10.7   14:45   6.1   23:34   9.1   0.0  0.25   8.9  29.0   14:51     S
 6   6.9  10.3   13:35   3.4   05:34  11.4   0.0  0.50   6.7  30.0   16:05     S
 7   6.0   9.1   12:56   3.5   06:02  12.3   0.0  0.34  10.5  38.0   19:47     S
 8   6.4   8.3   13:15   5.2   05:25  11.9   0.0  0.53  10.0  36.0   18:03    SW
 9   4.6   7.2   14:16   2.5   07:52  13.7   0.0  0.01   5.4  22.0   02:33    SW
10   5.0   8.1   13:34   3.6   23:26  13.3   0.0  0.03   4.6  22.0   15:13   WNW
11   4.5   9.3   13:02   2.2   08:11  13.8   0.0  0.02   3.4  13.0   13:47     S
12   4.3   6.7   14:26   1.9   06:58  14.0   0.0  0.00   3.9  15.0   14:28   ESE
13   4.2   6.7   14:55   2.8   01:58  14.1   0.0  0.00   6.2  24.0   12:07     E
14   3.5   7.7   14:22   0.8   23:59  14.8   0.0  0.00   5.7  20.0   17:43   NNE
15   1.8   7.0   12:42  -0.8   01:17  16.5   0.0  0.00   3.0  18.0   13:06   NNW
16   2.9   7.2   14:31  -3.2   03:15  15.4   0.0  0.13   8.3  26.0   22:43     S
17   4.8   5.9   12:24   2.6   23:58  13.5   0.0  0.41   5.6  26.0   00:03     S
18   3.0   8.4   13:36  -0.7   07:16  15.3   0.0  0.00   2.5  14.0   13:42    SW
19   5.5   9.5   23:12   1.5   03:57  12.8   0.0  0.02   7.3  27.0   13:51     S
20   8.3   9.4   23:31   7.0   14:00  10.0   0.0  0.44   8.4  33.0   05:38     W
21  10.8  13.9   11:34   6.9   23:20   7.5   0.0  0.11   8.6  32.0   12:22   WSW
22   5.9   8.1   12:39   3.7   23:19  12.4   0.0  0.02   7.0  23.0   01:09   WNW
23   3.7   9.2   13:35  -0.5   23:40  14.6   0.0  0.00   2.4  14.0   14:43    NW
24   1.6   7.7   14:09  -3.7   07:24  16.7   0.0  0.00   1.6  12.0   15:40     W
25   2.3   6.3   12:46  -1.8   06:54  16.0   0.0  0.01   1.7  14.0   12:59     W
26   4.4   8.1   13:35   2.9   00:02  13.9   0.0  0.00   4.6  17.0   10:11    SE
27   3.9   7.2   13:35   0.8   23:56  14.4   0.0  0.00   4.0  16.0   14:52    NE
28   2.9   8.6   14:57  -1.3   23:11  15.4   0.0  0.01   2.5  16.0   12:47    NE
29   2.9   6.5   12:51  -1.7   03:32  15.4   0.0  0.08   5.6  26.0   23:02     S
----------------------------------------------------------------------------------
     5.2  13.9    21    -3.7    24   380.6   0.0  3.63   5.8  38.0     7      SW

Max >=  27.0:  0
Max <=   0.0:  0
Min <=   0.0:  8
Min <= -18.0:  0
Max Rain: 0.53 on day 8
Days of Rain: 16 (>= 0.02 in)  11 (>= 0.10 in)  0 (>= 1.00 in)
Heat Base: 18.3  Cool Base: 18.3  Method: Integration
Now : Realtime : Gauges : Today/Yesterday : This Month/Year : All-Time Records : Graphs : WUnderground : Season Averages : Monthly Records : Data Summary : NOAA Reports : Forum : Station Info : System Info


Page last updated 27/06/2017 13:00:03
Produced by CumulusCumulus v1.9.4 (1099)