Select a Year or Month report
Report for 2016 Mar
Monthly Climatological Summary for Mar 2016
Name: Cheadle Hulme City: Cheadle State: Cheshire
Elevation: 261 ft Lat: N 53° 21' 50" Lon: W 002° 11' 42"
Temperature (°C), Rain (in), Wind Speed (mph)
Heat Cool Avg
Mean Deg Deg Wind Dom
Day Temp High Time Low Time Days Days Rain Speed High Time Dir
----------------------------------------------------------------------------------
1 8.5 13.4 13:40 4.7 00:00 9.8 0.0 0.46 10.4 33.0 20:46 SW
2 4.6 6.8 20:33 2.1 11:10 13.7 0.0 0.29 10.6 40.0 21:09 W
3 4.6 8.4 15:13 0.3 05:48 13.7 0.0 0.25 4.5 30.0 00:16 SSW
4 2.1 3.3 01:06 0.9 07:52 16.2 0.0 0.56 3.7 20.0 03:58 WNW
5 3.9 8.9 13:53 1.1 06:46 14.4 0.0 0.26 5.0 20.0 12:36 NNW
6 2.5 6.6 13:27 0.1 03:56 15.8 0.0 0.00 3.2 18.0 12:48 WNW
7 2.8 9.0 14:38 -1.3 06:04 15.5 0.0 0.00 3.3 15.0 12:52 NW
8 4.3 7.8 13:23 -1.3 01:37 14.0 0.0 0.08 4.2 17.0 12:51 S
9 5.1 6.4 16:24 3.1 23:59 13.2 0.0 0.44 6.0 22.0 14:40 NNW
10 4.7 8.6 13:21 0.6 03:53 13.6 0.0 0.01 1.3 8.0 09:09 NNW
11 6.1 11.8 13:16 0.2 05:48 12.2 0.0 0.00 2.8 14.0 12:58 SSE
12 8.3 11.6 12:20 4.2 06:44 10.0 0.0 0.00 3.0 13.0 08:55 S
13 9.2 14.9 13:46 4.8 23:51 9.1 0.0 0.00 3.1 17.0 22:05 E
14 6.7 13.2 14:13 1.3 06:38 11.6 0.0 0.00 4.9 23.0 14:47 E
15 8.1 11.9 15:40 4.8 00:20 10.2 0.0 0.00 5.6 21.0 09:09 NE
16 7.4 12.9 13:10 4.3 22:23 10.9 0.0 0.00 7.8 23.0 13:36 NE
17 6.3 12.7 15:10 1.8 05:24 12.0 0.0 0.00 2.2 16.0 00:39 ENE
18 5.1 8.4 13:24 -0.1 04:16 13.2 0.0 0.00 3.6 15.0 22:31 NE
19 7.0 9.6 14:19 5.7 23:52 11.3 0.0 0.00 5.2 16.0 09:39 NE
20 7.7 13.4 14:06 3.8 23:57 10.6 0.0 0.00 2.9 14.0 15:36 NW
21 6.2 10.1 12:33 2.7 05:21 12.1 0.0 0.00 3.6 17.0 12:36 WNW
22 7.5 9.8 13:41 5.2 00:00 10.8 0.0 0.00 2.3 11.0 13:33 W
23 7.2 9.0 13:08 5.1 22:51 11.1 0.0 0.00 2.5 11.0 16:50 WSW
24 8.2 10.5 15:28 5.5 00:00 10.1 0.0 0.07 6.1 26.0 11:59 SSW
25 9.1 14.7 14:02 3.8 06:23 9.2 0.0 0.00 4.7 22.0 23:33 SW
26 9.4 14.6 14:26 5.8 23:28 8.9 0.0 0.20 12.3 38.0 14:21 S
27 6.9 11.4 14:13 4.8 06:21 10.9 0.0 0.24 10.4 45.0 14:32 S
28 6.1 9.7 17:10 3.3 06:22 12.2 0.0 0.58 8.5 30.0 10:43 WNW
29 5.7 10.5 12:45 3.6 23:51 12.6 0.0 0.19 6.3 24.0 13:06 SSW
30 6.0 10.6 15:33 2.7 07:02 12.3 0.0 0.07 5.0 16.0 11:12 WSW
31 7.4 13.2 15:27 3.6 23:59 10.9 0.0 0.00 2.3 16.0 15:56 W
----------------------------------------------------------------------------------
6.3 14.9 13 -1.3 7 372.1 0.0 3.70 5.1 45.0 27 WSW
Max >= 27.0: 0
Max <= 0.0: 0
Min <= 0.0: 3
Min <= -18.0: 0
Max Rain: 0.58 on day 28
Days of Rain: 13 (>= 0.02 in) 10 (>= 0.10 in) 0 (>= 1.00 in)
Heat Base: 18.3 Cool Base: 18.3 Method: Integration