Select a Year or Month report
Report for 2016 May
Monthly Climatological Summary for May 2016
Name: Cheadle Hulme City: Cheadle State: Cheshire
Elevation: 261 ft Lat: N 53° 21' 50" Lon: W 002° 11' 42"
Temperature (°C), Rain (in), Wind Speed (mph)
Heat Cool Avg
Mean Deg Deg Wind Dom
Day Temp High Time Low Time Days Days Rain Speed High Time Dir
----------------------------------------------------------------------------------
1 8.6 11.8 18:56 4.0 02:53 9.7 0.0 0.04 8.4 25.0 15:14 S
2 11.1 13.6 10:59 6.1 23:59 7.2 0.0 0.18 9.7 34.0 08:24 SW
3 9.1 13.6 15:39 4.3 06:11 9.2 0.0 0.00 5.8 24.0 16:21 W
4 11.8 18.4 17:07 4.7 05:59 6.5 0.0 0.00 5.8 24.0 11:51 S
5 14.5 21.7 16:34 7.1 04:47 4.4 0.6 0.00 4.2 18.0 16:13 S
6 15.0 20.7 13:06 7.1 05:53 3.8 0.5 0.00 3.0 15.0 19:41 E
7 16.0 23.6 15:04 10.3 03:45 3.1 0.8 0.00 4.7 26.0 10:55 E
8 19.6 26.0 16:10 13.2 04:17 1.5 2.8 0.00 6.6 22.0 15:25 ESE
9 19.9 25.6 14:47 14.9 05:31 0.7 2.3 0.00 7.8 29.0 13:48 ENE
10 15.2 17.7 11:54 13.3 07:04 3.1 0.0 0.04 7.2 23.0 10:08 ENE
11 14.9 20.9 15:22 11.8 04:06 3.6 0.2 0.06 6.6 22.0 16:13 NE
12 16.5 23.0 16:32 11.8 03:56 2.9 1.1 0.00 8.5 24.0 14:23 NE
13 12.1 17.7 12:52 8.4 23:48 6.0 0.0 0.00 8.3 23.0 06:01 NE
14 9.8 16.1 16:26 3.0 05:57 8.5 0.0 0.00 4.0 17.0 17:34 NNW
15 10.3 16.6 16:50 4.3 05:03 8.0 0.0 0.00 4.0 16.0 10:06 WNW
16 9.4 12.7 17:29 5.7 02:39 8.9 0.0 0.00 4.1 15.0 11:52 WNW
17 12.7 19.3 14:41 4.9 05:36 5.7 0.1 0.02 5.0 22.0 20:03 SSW
18 12.3 16.7 16:28 10.4 05:35 6.0 0.0 0.09 6.2 21.0 18:07 WSW
19 12.6 17.2 13:01 10.5 05:21 5.7 0.0 0.25 5.5 20.0 12:55 SSW
20 13.9 18.2 16:09 11.6 04:38 4.4 0.0 0.11 5.6 17.0 10:04 SSW
21 13.9 17.4 10:57 10.7 23:57 4.4 0.0 0.43 7.3 28.0 12:28 S
22 11.9 16.9 12:40 7.8 04:38 6.4 0.0 0.10 3.5 21.0 13:26 W
23 12.4 16.8 15:01 6.7 02:48 5.9 0.0 0.00 4.1 17.0 16:53 WNW
24 12.9 18.8 13:42 7.7 05:30 5.4 0.0 0.00 5.1 22.0 19:46 NE
25 9.6 11.5 14:57 8.6 01:01 8.7 0.0 0.16 4.5 15.0 00:21 NNE
26 10.9 13.6 14:55 8.6 04:47 7.3 0.0 0.06 2.0 9.0 16:57 W
27 14.4 19.9 16:00 10.3 04:55 4.0 0.1 0.00 2.4 12.0 20:01 ESE
28 13.9 18.6 14:03 7.4 04:55 4.4 0.0 0.00 2.4 12.0 09:27 E
29 14.8 20.5 14:27 8.2 03:12 3.8 0.3 0.00 3.4 15.0 15:24 NE
30 14.6 20.1 15:14 8.6 05:10 4.0 0.3 0.00 6.1 23.0 19:16 NNE
31 14.7 19.4 14:00 9.9 04:41 3.7 0.0 0.00 7.2 24.0 09:17 NNE
----------------------------------------------------------------------------------
13.2 26.0 8 3.0 14 166.9 9.1 1.54 5.4 34.0 2 E
Max >= 27.0: 0
Max <= 0.0: 0
Min <= 0.0: 0
Min <= -18.0: 0
Max Rain: 0.43 on day 21
Days of Rain: 12 (>= 0.02 in) 6 (>= 0.10 in) 0 (>= 1.00 in)
Heat Base: 18.3 Cool Base: 18.3 Method: Integration