Cheadle Hulme Weather

 Latitude N 53° 21' 50"    Longitude W 02° 11' 42"    Elevation 261 ft

Now : Realtime : Gauges : Today/Yesterday : This Month/Year : All-Time Records : Graphs : WUnderground : Season Averages : Monthly Records : Data Summary : NOAA Reports : Forum : Station Info : System Info

Report for 2016 Jun
                   Monthly Climatological Summary for Jun 2016

Name: Cheadle Hulme   City: Cheadle   State: Cheshire
Elevation: 261 ft  Lat: N 53 21' 50"   Lon: W 002 11' 42"

                  Temperature (C), Rain (in), Wind Speed (mph)

                                      Heat  Cool        Avg
    Mean                              Deg   Deg         Wind                 Dom
Day Temp  High   Time   Low    Time   Days  Days  Rain  Speed High   Time    Dir
----------------------------------------------------------------------------------
 1  12.9  17.4   15:10   9.4   23:54   5.4   0.0  0.00   7.5  24.0   15:32   NNE
 2  12.0  16.6   13:58   7.3   02:55   6.3   0.0  0.00   5.0  18.0   15:01    NE
 3  14.2  21.8   15:51   5.8   04:56   4.6   0.5  0.00   2.9  14.0   14:32    NE
 4  18.6  25.1   15:09  13.9   00:00   1.4   1.7  0.00   3.0  16.0   17:30   ENE
 5  19.6  26.4   14:55  12.3   05:35   1.5   2.8  0.00   3.1  13.0   15:41   ESE
 6  20.3  27.4   16:24  11.7   04:54   1.6   3.6  0.00   2.1  12.0   16:05    SE
 7  19.7  26.6   16:05  12.9   04:55   1.2   2.6  0.67   2.8  15.0   16:38     W
 8  18.2  24.4   14:38  15.1   03:03   1.2   1.1  0.44   2.7  15.0   15:43   NNE
 9  18.9  25.3   16:21  12.7   03:41   1.6   2.2  0.11   2.3  12.0   14:38   SSE
10  17.8  22.1   13:36  16.0   23:30   1.0   0.5  0.30   1.5  15.0   14:56    SE
11  16.4  19.7   10:39  15.1   05:23   1.9   0.1  0.88   1.7  11.0   14:37     E
12  16.2  18.5   17:25  14.6   04:59   2.1   0.0  0.19   2.1  12.0   11:23     S
13  14.8  16.3   17:52  13.7   23:40   3.5   0.0  0.61   2.3  13.0   12:40    NW
14  14.5  17.9   14:40  12.8   06:41   3.8   0.0  0.31   2.6  12.0   12:02   ENE
15  15.1  19.4   16:02  12.4   04:55   3.2   0.0  0.06   3.8  14.0   13:06    NE
16  14.5  19.4   13:12  12.7   19:47   3.8   0.0  0.75   2.9  16.0   12:02    NE
17  14.0  17.4   14:48  12.0   03:54   4.3   0.0  0.03   3.5  18.0   18:24   NNW
18  14.0  18.6   17:32  11.2   23:58   4.3   0.0  0.00   3.1  17.0   20:03    NW
19  15.0  18.5   13:24  10.6   00:35   3.3   0.0  0.25   6.1  23.0   22:09     S
20  16.1  18.9   16:51  13.2   23:25   2.2   0.0  0.27   6.0  22.0   17:08   WSW
21  16.4  21.7   14:51  10.9   05:25   2.4   0.5  0.00   3.4  17.0   14:07   SSW
22  17.8  22.7   15:48  13.8   01:54   1.5   1.0  0.00   4.8  17.0   08:52     S
23  17.6  23.3   14:34  13.4   03:23   1.8   1.1  0.00   2.1  13.0   18:44     W
24  15.6  19.6   15:31  12.7   03:39   2.8   0.0  0.07   4.2  21.0   16:26   SSW
25  14.6  18.6   15:34  11.7   04:38   3.7   0.0  0.18   4.7  22.0   15:12   WNW
26  14.3  17.7   13:19  12.3   04:59   4.0   0.0  0.10   5.8  17.0   08:08     W
27  14.8  17.9   14:39  12.6   05:41   3.5   0.0  0.04   7.1  25.0   13:48   WNW
28  13.0  17.2   12:54  10.3   04:47   5.3   0.0  0.18   3.4  20.0   14:33   SSE
29  12.9  17.9   15:40   9.8   04:27   5.4   0.0  0.41   6.1  27.0   15:56   SSW
30  14.3  18.9   14:18  10.5   05:33   4.0   0.0  0.26   4.6  20.0   23:05   SSW
----------------------------------------------------------------------------------
    15.8  27.4     6     5.8     3    92.6  17.7  6.11   3.8  27.0    29     WSW

Max >=  27.0:  1
Max <=   0.0:  0
Min <=   0.0:  0
Min <= -18.0:  0
Max Rain: 0.88 on day 11
Days of Rain: 20 (>= 0.02 in)  16 (>= 0.10 in)  0 (>= 1.00 in)
Heat Base: 18.3  Cool Base: 18.3  Method: Integration
Now : Realtime : Gauges : Today/Yesterday : This Month/Year : All-Time Records : Graphs : WUnderground : Season Averages : Monthly Records : Data Summary : NOAA Reports : Forum : Station Info : System Info


Page last updated 23/08/2017 03:00:03
Produced by CumulusCumulus v1.9.4 (1099)