Cheadle Hulme Weather

 Latitude N 53° 21' 50"    Longitude W 02° 11' 42"    Elevation 261 ft

Now : Realtime : Gauges : Today/Yesterday : This Month/Year : All-Time Records : Graphs : WUnderground : Season Averages : Monthly Records : Data Summary : NOAA Reports : Forum : Station Info : System Info

Report for 2016 Jul
                   Monthly Climatological Summary for Jul 2016

Name: Cheadle Hulme   City: Cheadle   State: Cheshire
Elevation: 261 ft  Lat: N 53 21' 50"   Lon: W 002 11' 42"

                  Temperature (C), Rain (in), Wind Speed (mph)

                                      Heat  Cool        Avg
    Mean                              Deg   Deg         Wind                 Dom
Day Temp  High   Time   Low    Time   Days  Days  Rain  Speed High   Time    Dir
----------------------------------------------------------------------------------
 1  14.0  18.2   13:12  10.2   23:56   4.3   0.0  0.07   5.8  27.0   15:23    SW
 2  12.9  17.2   14:30   8.6   04:12   5.4   0.0  0.06   6.6  28.0   16:26   WSW
 3  14.7  19.3   15:47  10.3   04:29   3.7   0.1  0.00   4.8  21.0   16:23     W
 4  15.3  21.1   12:56   8.6   05:48   3.4   0.4  0.15   5.6  23.0   21:43     S
 5  14.8  17.6   17:20  12.9   06:41   3.5   0.0  0.05   7.4  22.0   11:57   WNW
 6  15.3  19.9   15:22   9.2   04:56   3.3   0.2  0.00   3.0  14.0   12:17    SW
 7  17.0  21.0   16:39  14.6   04:09   1.6   0.3  0.11   6.0  18.0   08:39   SSW
 8  16.8  19.9   16:10  14.9   05:52   1.6   0.1  0.51   7.5  27.0   12:59   WSW
 9  17.9  21.5   14:44  15.3   01:38   1.1   0.8  0.42   8.0  29.0   20:17     S
10  18.3  21.1   14:43  16.0   23:58   0.5   0.5  0.00   8.6  27.0   15:36   SSW
11  14.9  16.1   00:00  13.7   23:53   3.4   0.0  0.57   7.2  25.0   00:06    SW
12  13.8  16.2   11:43  10.5   23:57   4.5   0.0  0.04   3.2  14.0   16:06   WNW
13  13.5  17.8   17:28   9.8   01:38   4.8   0.0  0.05   5.5  22.0   19:34   WNW
14  14.4  19.5   13:33   9.8   04:29   3.9   0.1  0.00   4.2  17.0   14:43   WNW
15  15.2  19.9   15:22  10.8   01:13   3.2   0.1  0.12   5.6  17.0   09:59     S
16  16.4  18.3   19:34  13.7   23:07   1.9   0.0  0.05   3.5  15.0   00:00   WSW
17  17.3  23.0   16:39  13.6   00:05   2.1   1.1  0.00   3.6  15.0   09:42     W
18  20.5  27.9   18:40  13.2   01:56   1.3   3.5  0.00   1.9   9.0   11:29   SSW
19  25.3  31.9   17:31  16.7   05:32   0.2   7.2  0.00   4.4  18.0   17:41    SE
20  22.9  26.6   14:01  20.2   05:10   0.0   4.6  0.00   5.1  21.0   14:04   WNW
21  18.2  21.6   14:02  14.3   05:14   1.1   1.0  0.00   2.7  15.0   19:12     S
22  19.9  25.4   14:53  16.3   04:57   0.5   2.0  0.01   3.3  13.0   11:31    SW
23  18.9  23.6   15:00  14.3   05:39   1.1   1.7  0.00   2.1  15.0   20:35     W
24  18.3  21.8   15:26  14.9   02:51   1.0   1.1  0.00   4.2  18.0   13:54     S
25  16.2  18.9   15:54  14.1   21:43   2.1   0.0  0.00   3.9  16.0   09:19     W
26  16.9  20.1   14:14  14.1   00:19   1.6   0.2  0.05   4.4  17.0   22:35   SSW
27  16.8  20.1   15:22  12.9   23:51   1.7   0.2  0.12   6.7  20.0   00:25     W
28  15.1  18.9   17:32  11.2   03:07   3.2   0.0  0.28   3.5  17.0   14:20     S
29  16.5  19.8   17:08  13.7   23:34   1.9   0.1  0.07   4.3  17.0   11:06   WSW
30  15.0  18.8   13:01  11.8   06:12   3.3   0.0  0.00   4.4  21.0   14:26   WNW
31  15.2  19.2   13:27  12.0   05:30   3.1   0.0  0.00   4.7  19.0   13:52   WNW
----------------------------------------------------------------------------------
    16.7  31.9    19     8.6     2    74.3  25.3  2.73   4.9  29.0     9     WSW

Max >=  27.0:  2
Max <=   0.0:  0
Min <=   0.0:  0
Min <= -18.0:  0
Max Rain: 0.57 on day 11
Days of Rain: 16 (>= 0.02 in)  8 (>= 0.10 in)  0 (>= 1.00 in)
Heat Base: 18.3  Cool Base: 18.3  Method: Integration
Now : Realtime : Gauges : Today/Yesterday : This Month/Year : All-Time Records : Graphs : WUnderground : Season Averages : Monthly Records : Data Summary : NOAA Reports : Forum : Station Info : System Info


Page last updated 16/12/2017 08:45:04
Produced by CumulusCumulus v1.9.4 (1099)