Cheadle Hulme Weather

 Latitude N 53° 21' 50"    Longitude W 02° 11' 42"    Elevation 261 ft

Now : Realtime : Gauges : Today/Yesterday : This Month/Year : All-Time Records : Graphs : WUnderground : Season Averages : Monthly Records : Data Summary : NOAA Reports : Forum : Station Info : System Info
Select a Year or Month report

Report for 2016 Aug
                   Monthly Climatological Summary for Aug 2016

Name: Cheadle Hulme   City: Cheadle   State: Cheshire
Elevation: 261 ft  Lat: N 53 21' 50"   Lon: W 002 11' 42"

                  Temperature (C), Rain (in), Wind Speed (mph)

                                      Heat  Cool        Avg
    Mean                              Deg   Deg         Wind                 Dom
Day Temp  High   Time   Low    Time   Days  Days  Rain  Speed High   Time    Dir
----------------------------------------------------------------------------------
 1  14.8  18.2   10:15  10.4   05:32   3.5   0.0  0.02   3.6  18.0   11:31     S
 2  17.6  20.9   19:24  14.4   00:00   1.3   0.6  0.00   4.1  17.0   18:20   SSE
 3  18.0  21.5   15:31  15.6   06:31   0.9   0.6  0.00   8.1  35.0   14:47   SSW
 4  16.6  20.6   17:10  13.9   23:56   1.8   0.1  0.04   7.1  21.0   15:28     W
 5  16.9  22.2   16:15  13.4   05:56   2.2   0.7  0.00   3.5  15.0   19:21     W
 6  18.8  25.1   15:57  12.5   05:29   1.7   2.3  0.00   4.8  24.0   23:39   SSW
 7  18.7  21.9   15:23  14.7   22:54   0.5   0.9  0.12   7.7  25.0   20:00    SW
 8  15.2  18.9   16:19  12.6   23:43   3.1   0.0  0.00   9.5  27.0   09:05   WNW
 9  13.2  17.4   12:46   8.4   05:47   5.1   0.0  0.03   5.7  24.0   11:56   WNW
10  13.9  17.8   15:12  11.2   04:39   4.4   0.0  0.17   3.7  17.0   22:35   WNW
11  15.0  17.7   17:27  12.8   05:42   3.3   0.0  0.05   7.6  26.0   16:23     W
12  17.6  21.8   13:45  15.4   06:31   1.2   0.6  0.01   6.6  24.0   14:55   WSW
13  16.8  19.6   14:40  15.1   06:20   1.6   0.1  0.01   6.6  24.0   05:39     W
14  16.0  20.2   16:36  10.9   23:58   2.4   0.1  0.00   2.7  17.0   11:54   WNW
15  16.8  24.4   16:12   8.0   06:25   3.4   1.9  0.00   1.8  14.0   12:47    SE
16  17.9  24.5   16:06  10.2   06:16   2.3   1.9  0.00   3.5  16.0   22:23   ESE
17  17.6  24.3   16:55  10.1   05:46   2.3   1.6  0.00   3.8  16.0   13:43   ESE
18  18.9  24.8   16:04  13.2   06:04   1.4   2.0  0.00   4.5  18.0   21:53     E
19  16.4  19.2   18:03  14.5   23:54   1.9   0.1  0.34   5.7  19.0   01:02    SE
20  15.9  18.9   13:22  13.7   06:33   2.4   0.0  0.21   9.9  30.0   10:15     S
21  16.5  19.9   16:18  14.8   02:00   1.9   0.1  0.37   6.5  20.0   12:22   WSW
22  18.3  20.8   16:22  16.8   00:00   0.5   0.5  0.57   4.7  20.0   09:34   SSW
23  21.0  27.4   16:03  15.7   06:47   0.5   3.2  0.01   3.9  18.0   14:43   SSE
24  18.1  24.4   14:53  14.4   04:02   1.3   1.1  0.00   2.3  12.0   15:14   WNW
25  17.3  18.7   10:58  15.6   06:23   1.1   0.0  0.57   1.0   8.0   04:43   ENE
26  16.5  22.0   15:29  11.9   06:59   2.4   0.5  0.02   3.8  20.0   12:57    SW
27  14.9  19.9   11:44   9.1   06:29   3.5   0.1  0.05   2.9  18.0   19:49     E
28  17.7  22.3   16:33  15.4   06:20   1.2   0.6  0.00   2.7  14.0   18:49   WNW
29  16.7  21.2   17:07  13.4   23:56   2.1   0.5  0.04   3.6  18.0   10:43   WNW
30  16.9  22.9   17:30  12.2   04:49   2.3   0.9  0.00   3.5  15.0   16:02     S
31  16.7  20.9   14:21  13.9   02:32   1.9   0.3  0.02   5.0  20.0   12:08   WSW
----------------------------------------------------------------------------------
    16.9  27.4    23     8.0    15    65.4  21.3  2.65   4.8  35.0     3      SW

Max >=  27.0:  1
Max <=   0.0:  0
Min <=   0.0:  0
Min <= -18.0:  0
Max Rain: 0.57 on day 22
Days of Rain: 15 (>= 0.02 in)  7 (>= 0.10 in)  0 (>= 1.00 in)
Heat Base: 18.3  Cool Base: 18.3  Method: Integration
Now : Realtime : Gauges : Today/Yesterday : This Month/Year : All-Time Records : Graphs : WUnderground : Season Averages : Monthly Records : Data Summary : NOAA Reports : Forum : Station Info : System Info


Page last updated 27/06/2017 13:15:03
Produced by CumulusCumulus v1.9.4 (1099)