Select a Year or Month report
Report for 2016 Sep
Monthly Climatological Summary for Sep 2016
Name: Cheadle Hulme City: Cheadle State: Cheshire
Elevation: 261 ft Lat: N 53° 21' 50" Lon: W 002° 11' 42"
Temperature (°C), Rain (in), Wind Speed (mph)
Heat Cool Avg
Mean Deg Deg Wind Dom
Day Temp High Time Low Time Days Days Rain Speed High Time Dir
----------------------------------------------------------------------------------
1 16.0 20.6 14:12 11.4 06:17 2.6 0.3 0.02 4.0 18.0 17:05 SSW
2 16.4 20.5 16:45 13.0 23:58 2.1 0.1 0.00 5.1 20.0 03:13 SW
3 15.1 18.2 18:33 12.5 05:56 3.2 0.0 0.37 5.6 24.0 19:11 S
4 15.6 18.4 15:27 13.7 07:31 2.7 0.0 0.07 5.6 19.0 10:58 W
5 17.7 23.5 16:08 13.8 01:39 1.8 1.2 0.06 4.4 15.0 09:28 S
6 21.1 24.4 11:42 19.8 23:59 0.0 2.8 0.00 4.2 16.0 08:50 SSW
7 20.8 24.9 15:55 17.3 23:58 0.0 2.6 0.00 3.2 14.0 13:08 SSE
8 18.1 21.2 14:09 15.4 09:49 0.7 0.5 0.03 5.8 22.0 12:29 SSW
9 17.8 21.1 14:19 14.6 03:49 1.1 0.6 0.02 9.3 27.0 17:00 S
10 14.8 18.0 00:00 11.7 23:51 3.5 0.0 0.24 2.2 19.0 01:04 W
11 14.4 20.2 14:31 9.6 03:17 4.1 0.2 0.00 5.9 21.0 14:35 S
12 18.1 22.7 14:20 13.3 01:37 1.5 1.4 0.00 8.2 27.0 08:39 SSE
13 19.3 25.1 13:33 15.8 07:06 0.5 1.5 1.40 2.6 25.0 18:02 NNW
14 20.1 26.5 15:51 15.0 04:24 0.8 2.6 0.01 3.0 14.0 13:43 ENE
15 18.6 25.1 16:12 14.2 07:10 1.3 1.5 0.00 1.6 16.0 19:39 NW
16 15.6 18.3 14:06 12.5 23:57 2.7 0.0 0.01 6.8 25.0 15:43 NW
17 13.8 20.4 15:33 8.2 06:58 4.7 0.2 0.00 2.9 16.0 13:39 NW
18 14.0 21.1 15:48 7.8 07:10 4.5 0.2 0.00 0.6 11.0 12:21 SSW
19 15.0 18.5 15:13 11.5 23:28 3.3 0.0 0.07 3.1 12.0 11:01 WNW
20 14.4 18.5 15:37 11.1 04:44 3.9 0.0 0.00 0.9 7.0 12:45 WSW
21 15.7 19.3 15:09 11.4 01:21 2.6 0.1 0.00 5.0 20.0 11:43 SSE
22 14.4 18.3 15:52 10.8 21:52 3.9 0.0 0.08 3.9 14.0 12:26 SSW
23 13.7 18.8 13:43 9.3 07:13 4.6 0.0 0.00 6.0 21.0 15:42 S
24 16.3 19.7 14:01 11.7 02:34 2.2 0.2 0.00 9.7 29.0 20:32 SSE
25 14.1 17.7 00:00 11.1 23:04 4.2 0.0 0.63 6.2 20.0 00:14 SSW
26 12.6 14.4 16:33 10.2 05:02 5.7 0.0 0.40 6.0 21.0 16:41 SSE
27 15.0 18.7 14:24 13.0 01:02 3.3 0.0 0.01 7.1 25.0 06:38 S
28 17.0 23.2 14:52 12.6 02:01 2.3 0.9 0.00 7.4 25.0 19:34 SSW
29 14.5 17.8 01:00 10.1 23:55 3.8 0.0 0.34 7.1 28.0 12:17 WSW
30 11.5 16.7 13:49 7.7 06:09 6.8 0.0 0.01 4.6 20.0 14:21 SSW
----------------------------------------------------------------------------------
16.1 26.5 14 7.7 30 84.4 16.9 3.77 4.9 29.0 24 SSW
Max >= 27.0: 0
Max <= 0.0: 0
Min <= 0.0: 0
Min <= -18.0: 0
Max Rain: 1.40 on day 13
Days of Rain: 13 (>= 0.02 in) 6 (>= 0.10 in) 1 (>= 1.00 in)
Heat Base: 18.3 Cool Base: 18.3 Method: Integration