Cheadle Hulme Weather

 Latitude N 53° 21' 50"    Longitude W 02° 11' 42"    Elevation 261 ft

Now : Realtime : Gauges : Today/Yesterday : This Month/Year : All-Time Records : Graphs : WUnderground : Season Averages : Monthly Records : Data Summary : NOAA Reports : Forum : Station Info : System Info

Report for 2016 Oct
                   Monthly Climatological Summary for Oct 2016

Name: Cheadle Hulme   City: Cheadle   State: Cheshire
Elevation: 261 ft  Lat: N 53 21' 50"   Lon: W 002 11' 42"

                  Temperature (C), Rain (in), Wind Speed (mph)

                                      Heat  Cool        Avg
    Mean                              Deg   Deg         Wind                 Dom
Day Temp  High   Time   Low    Time   Days  Days  Rain  Speed High   Time    Dir
----------------------------------------------------------------------------------
 1  10.7  14.3   14:32   6.9   07:01   7.6   0.0  0.00   2.9  18.0   17:51   ENE
 2   9.6  17.5   14:38   3.8   07:29   8.7   0.0  0.00   1.1   8.0   11:42     N
 3  10.1  17.3   14:24   5.3   07:30   7.8   0.0  0.00   2.7  16.0   11:54    SE
 4  13.9  19.3   14:38   8.8   00:00   4.3   0.0  0.00   4.8  22.0   14:45   ESE
 5  13.6  17.4   13:18   8.7   23:59   4.7   0.0  0.00   6.1  28.0   13:41     E
 6  10.7  16.9   14:10   5.3   07:28   7.6   0.0  0.00   4.5  24.0   17:03   ENE
 7  12.5  15.1   12:35  10.2   00:00   5.8   0.0  0.01   2.4  13.0   14:11     E
 8  12.7  17.2   15:04  10.2   07:33   5.6   0.0  0.00   3.0  12.0   13:50    NE
 9   9.8  15.9   15:22   5.3   07:41   8.4   0.0  0.01   2.7  16.0   15:25    NE
10   9.1  15.2   15:19   6.2   23:13   9.1   0.0  0.00   2.2  16.0   16:30    NE
11  10.1  14.2   15:48   5.9   07:03   7.9   0.0  0.01   3.7  17.0   18:34    NE
12  11.6  16.1   12:57   8.9   07:20   6.6   0.0  0.03   5.2  16.0   12:36    NE
13   9.9  11.9   15:00   7.4   06:19   8.4   0.0  0.01   4.1  19.0   23:48   ENE
14  10.7  14.4   16:04   6.9   23:33   7.6   0.0  0.00   3.3  14.0   13:53     E
15  11.0  15.7   15:00   6.7   00:12   7.3   0.0  0.00   3.1  16.0   12:17    SE
16  11.7  16.3   14:11   9.2   01:42   6.6   0.0  0.20   6.2  22.0   12:17   SSE
17  12.1  15.6   13:30   9.4   23:29   6.2   0.0  0.01   6.9  23.0   12:19     S
18   9.7  11.3   12:54   8.2   08:50   8.6   0.0  0.68   7.2  24.0   18:26     W
19  10.6  13.7   14:58   8.2   23:42   7.7   0.0  0.00   3.0  15.0   00:35    NW
20  10.3  14.9   13:33   7.3   22:00   8.0   0.0  0.01   2.1  13.0   12:41     N
21   7.6  13.1   13:29   4.3   06:25  10.7   0.0  0.00   0.2   3.0   00:23   SSW
22   7.3  14.3   15:04   2.6   05:14  11.0   0.0  0.01   2.3  18.0   15:21    NE
23   8.3  12.6   14:38   2.8   03:18  10.0   0.0  0.00   5.2  23.0   11:23   ENE
24   8.9  12.2   14:14   5.8   05:13   9.4   0.0  0.00   3.3  13.0   06:08    NE
25   9.0  14.2   13:59   3.2   08:15   9.3   0.0  0.00   2.2  12.0   14:07   SSE
26  12.4  15.3   14:25  10.1   01:45   5.8   0.0  0.00   5.2  17.0   14:52   SSW
27  12.4  14.2   14:49   9.6   04:12   5.9   0.0  0.00   6.2  21.0   14:58   SSW
28  13.3  14.1   15:46  12.5   05:51   5.0   0.0  0.21   2.9  15.0   00:05    SW
29  13.0  14.6   13:56  12.2   23:35   5.3   0.0  0.03   1.9  10.0   14:07     S
30  11.6  12.6   13:42  10.4   20:58   7.0   0.0  0.01   1.1   8.0   02:46     S
31  11.3  17.7   13:38   7.7   07:32   7.0   0.0  0.00   0.2   4.0   21:52     S
----------------------------------------------------------------------------------
    10.8  19.3     4     2.6    22   230.9   0.0  1.23   3.5  28.0     5       E

Max >=  27.0:  0
Max <=   0.0:  0
Min <=   0.0:  0
Min <= -18.0:  0
Max Rain: 0.68 on day 18
Days of Rain: 5 (>= 0.02 in)  3 (>= 0.10 in)  0 (>= 1.00 in)
Heat Base: 18.3  Cool Base: 18.3  Method: Integration
Now : Realtime : Gauges : Today/Yesterday : This Month/Year : All-Time Records : Graphs : WUnderground : Season Averages : Monthly Records : Data Summary : NOAA Reports : Forum : Station Info : System Info


Page last updated 22/10/2017 03:45:03
Produced by CumulusCumulus v1.9.4 (1099)