Cheadle Hulme Weather

 Latitude N 53° 21' 50"    Longitude W 02° 11' 42"    Elevation 261 ft

Now : Realtime : Gauges : Today/Yesterday : This Month/Year : All-Time Records : Graphs : WUnderground : Season Averages : Monthly Records : Data Summary : NOAA Reports : Forum : Station Info : System Info

Report for 2016 Nov
                   Monthly Climatological Summary for Nov 2016

Name: Cheadle Hulme   City: Cheadle   State: Cheshire
Elevation: 261 ft  Lat: N 53 21' 50"   Lon: W 002 11' 42"

                  Temperature (C), Rain (in), Wind Speed (mph)

                                      Heat  Cool        Avg
    Mean                              Deg   Deg         Wind                 Dom
Day Temp  High   Time   Low    Time   Days  Days  Rain  Speed High   Time    Dir
----------------------------------------------------------------------------------
 1   8.4  12.3   13:06   1.9   23:53   9.9   0.0  0.00   1.9  15.0   08:01    NE
 2   4.3  11.1   13:32   0.4   06:23  14.0   0.0  0.01   0.8   7.0   12:28   SSE
 3   6.2   8.2   16:10   2.4   00:00  12.1   0.0  0.06   4.3  15.0   23:42     S
 4   7.4  10.2   13:30   5.6   23:40  10.9   0.0  0.42   3.4  19.0   13:56    SW
 5   5.3   8.1   11:48   1.4   23:58  13.0   0.0  0.01   4.6  20.0   13:04    NW
 6   4.2   7.7   12:34   0.8   01:02  14.1   0.0  0.02   4.9  24.0   11:09    NW
 7   4.1   7.7   13:38   0.7   23:59  14.2   0.0  0.00   2.0  14.0   14:33   NNW
 8   2.2   5.1   14:23  -1.7   05:26  16.1   0.0  0.27   1.8  14.0   23:46    SE
 9   4.4   5.8   14:55   3.3   07:48  13.9   0.0  0.19   2.6  16.0   02:55   SSE
10   6.9  10.3   12:53   3.5   23:59  11.4   0.0  0.19   5.7  31.0   11:48     W
11   5.2   9.3   12:13   0.7   06:37  13.1   0.0  0.01   4.2  24.0   22:57   SSE
12   8.8  11.2   14:02   5.8   23:53   9.5   0.0  0.49   6.0  28.0   01:22     S
13   7.0   9.2   13:32   3.1   07:14  11.3   0.0  0.09   1.6   9.0   04:12   SSW
14  11.1  13.1   15:13   8.5   01:35   7.2   0.0  0.06   2.7  11.0   02:07     S
15  12.1  14.0   06:12  10.0   17:09   6.2   0.0  0.08   4.0  19.0   05:38   WSW
16   8.8  11.8   10:33   5.7   23:05   9.5   0.0  0.05   5.8  24.0   14:39    SW
17   5.5   7.4   13:03   3.4   19:58  12.8   0.0  0.30   7.5  31.0   13:57   SSW
18   3.9   7.7   12:54   1.8   09:50  14.4   0.0  0.40   5.7  20.0   12:32   SSW
19   4.0   7.2   12:33   2.4   08:08  14.3   0.0  0.14   5.2  17.0   13:18     S
20   3.6   5.8   13:12  -0.4   23:49  14.7   0.0  0.02   4.0  23.0   03:05     N
21   5.0   6.7   22:31  -0.4   00:00  13.3   0.0  0.46   8.4  38.0   17:14    NE
22   6.0   7.1   12:32   5.3   08:57  12.3   0.0  0.17   2.6  11.0   01:45    NW
23   6.6   9.2   12:48   4.8   06:32  11.7   0.0  0.00   4.0  16.0   11:58    NE
24   5.2   9.2   13:01   0.9   23:47  13.1   0.0  0.00   3.3  17.0   06:32    NE
25   2.8   9.7   13:44  -0.8   07:19  15.5   0.0  0.01   1.5  13.0   12:01   ENE
26   0.3   5.4   13:33  -2.4   07:07  18.0   0.0  0.00   0.2   5.0   01:22     E
27   5.7   8.7   11:52   1.2   00:00  12.6   0.0  0.01   2.8  16.0   09:14    NE
28   4.5   9.5   13:12  -1.2   23:58  13.8   0.0  0.00   2.0  13.0   12:16     E
29  -0.2   6.4   13:29  -3.2   06:55  18.5   0.0  0.00   1.0   9.0   14:22     S
30   2.6   6.8   14:36  -2.9   00:51  15.6   0.0  0.01   1.3   9.0   11:47   SSW
----------------------------------------------------------------------------------
     5.4  14.0    15    -3.2    29   387.0   0.0  3.47   3.5  38.0    21     SSW

Max >=  27.0:  0
Max <=   0.0:  0
Min <=   0.0:  8
Min <= -18.0:  0
Max Rain: 0.49 on day 12
Days of Rain: 17 (>= 0.02 in)  10 (>= 0.10 in)  0 (>= 1.00 in)
Heat Base: 18.3  Cool Base: 18.3  Method: Integration
Now : Realtime : Gauges : Today/Yesterday : This Month/Year : All-Time Records : Graphs : WUnderground : Season Averages : Monthly Records : Data Summary : NOAA Reports : Forum : Station Info : System Info


Page last updated 23/08/2017 01:30:03
Produced by CumulusCumulus v1.9.4 (1099)