Select a Year or Month report
Report for 2016 Dec
Monthly Climatological Summary for Dec 2016
Name: Cheadle Hulme City: Cheadle State: Cheshire
Elevation: 261 ft Lat: N 53° 21' 50" Lon: W 002° 11' 42"
Temperature (°C), Rain (in), Wind Speed (mph)
Heat Cool Avg
Mean Deg Deg Wind Dom
Day Temp High Time Low Time Days Days Rain Speed High Time Dir
----------------------------------------------------------------------------------
1 7.1 9.0 15:45 5.2 02:04 11.2 0.0 0.00 2.5 12.0 15:53 WSW
2 6.9 8.4 13:44 6.1 21:39 11.4 0.0 0.02 0.2 9.0 23:40 ENE
3 5.9 7.2 11:21 2.7 22:05 12.4 0.0 0.00 2.2 12.0 13:10 E
4 4.6 7.3 12:53 2.6 00:06 13.7 0.0 0.00 4.7 19.0 15:00 E
5 2.9 6.4 13:41 0.9 19:01 15.4 0.0 0.00 1.4 15.0 01:02 E
6 6.4 10.0 23:06 1.1 00:02 11.9 0.0 0.00 3.5 17.0 12:31 SSE
7 11.9 14.5 12:57 9.5 00:36 6.4 0.0 0.00 8.3 21.0 11:44 S
8 11.3 13.7 10:28 7.7 21:48 7.0 0.0 0.65 6.3 28.0 13:07 SSW
9 12.1 13.8 13:56 9.6 00:49 6.2 0.0 0.18 6.6 20.0 10:07 S
10 9.9 11.6 11:40 7.2 23:31 8.4 0.0 0.11 4.5 17.0 01:56 SSW
11 7.9 9.3 13:39 6.0 21:54 10.4 0.0 0.00 3.7 14.0 04:25 WSW
12 6.6 8.9 20:05 2.3 07:54 11.7 0.0 0.11 3.0 14.0 12:07 SSE
13 9.4 12.0 21:04 6.8 07:21 8.9 0.0 0.11 3.7 16.0 22:29 SSE
14 10.1 12.9 13:06 7.8 18:48 8.2 0.0 0.00 5.4 18.0 11:54 SSE
15 9.6 10.6 19:22 8.2 22:38 8.6 0.0 0.02 6.2 20.0 02:39 SSE
16 8.7 10.6 12:08 7.1 17:21 9.6 0.0 0.00 4.0 14.0 01:20 SSE
17 5.7 8.2 00:00 3.3 23:34 12.6 0.0 0.01 1.1 9.0 02:50 SSW
18 4.6 6.7 13:48 1.9 03:09 13.7 0.0 0.00 0.1 4.0 04:17 SSE
19 5.5 7.3 14:48 2.6 02:55 12.8 0.0 0.00 0.4 6.0 04:44 SSE
20 5.7 6.8 00:00 4.4 18:15 12.6 0.0 0.01 6.7 22.0 21:43 SSE
21 6.3 8.4 11:52 3.7 22:35 12.0 0.0 0.11 6.9 26.0 02:52 S
22 5.4 8.4 13:02 3.7 00:46 12.9 0.0 0.00 6.5 20.0 10:06 SSW
23 7.4 11.2 14:37 4.6 02:00 10.9 0.0 0.19 9.6 40.0 15:43 S
24 8.1 10.8 23:38 5.2 01:44 10.2 0.0 0.00 6.7 22.0 07:04 SW
25 11.4 13.7 13:33 7.4 23:30 6.9 0.0 0.16 7.3 26.0 17:56 SW
26 6.5 7.6 12:56 4.4 22:23 11.8 0.0 0.02 8.9 33.0 13:50 W
27 2.6 5.9 12:54 -0.1 08:34 15.7 0.0 0.00 2.5 11.0 12:53 S
28 2.2 7.2 13:19 -1.5 05:51 16.1 0.0 0.01 2.7 12.0 14:41 SSE
29 3.2 7.1 13:41 -0.4 09:21 15.1 0.0 0.01 3.5 16.0 21:14 S
30 6.7 9.4 12:51 3.6 06:09 11.6 0.0 0.01 5.1 17.0 12:33 S
31 8.6 9.7 14:33 7.5 07:36 9.7 0.0 0.00 5.1 17.0 18:04 SSW
----------------------------------------------------------------------------------
7.1 14.5 7 -1.5 28 346.0 0.0 1.73 4.5 40.0 23 S
Max >= 27.0: 0
Max <= 0.0: 0
Min <= 0.0: 3
Min <= -18.0: 0
Max Rain: 0.65 on day 8
Days of Rain: 11 (>= 0.02 in) 8 (>= 0.10 in) 0 (>= 1.00 in)
Heat Base: 18.3 Cool Base: 18.3 Method: Integration