Cheadle Hulme Weather

 Latitude N 53° 21' 50"    Longitude W 02° 11' 42"    Elevation 261 ft

Now : Realtime : Gauges : Today/Yesterday : This Month/Year : All-Time Records : Graphs : WUnderground : Season Averages : Monthly Records : Data Summary : NOAA Reports : Forum : Station Info : System Info
Select a Year or Month report

Report for 2017 Jan
                   Monthly Climatological Summary for Jan 2017

Name: Cheadle Hulme   City: Cheadle   State: Cheshire
Elevation: 261 ft  Lat: N 53 21' 50"   Lon: W 002 11' 42"

                  Temperature (C), Rain (in), Wind Speed (mph)

                                      Heat  Cool        Avg
    Mean                              Deg   Deg         Wind                 Dom
Day Temp  High   Time   Low    Time   Days  Days  Rain  Speed High   Time    Dir
----------------------------------------------------------------------------------
 1   4.4   8.4   00:00   0.2   23:21  13.9   0.0  0.26   5.2  19.0   12:02     N
 2   0.9   4.7   13:59  -1.1   09:10  17.4   0.0  0.01   1.7  10.0   13:05   WSW
 3   5.7   7.6   21:51   0.5   00:00  12.6   0.0  0.01   7.1  25.0   23:46   WNW
 4   4.8   7.5   06:11  -0.7   23:06  13.5   0.0  0.07   4.9  20.0   02:49    NW
 5  -0.1   4.3   13:36  -3.5   07:08  18.4   0.0  0.00   1.8  14.0   22:53   SSE
 6   4.9   7.8   23:22   1.6   01:12  13.4   0.0  0.09   6.6  21.0   09:47     S
 7   8.6   9.8   14:00   7.5   00:24   9.7   0.0  0.07   1.2  11.0   16:22     W
 8   8.0   9.0   14:02   7.0   05:45  10.3   0.0  0.02   1.6  12.0   20:56     S
 9   7.4   9.6   05:57   4.6   22:08  10.9   0.0  0.35   6.9  23.0   10:30   SSW
10   7.9   9.5   18:18   5.9   00:21  10.4   0.0  0.05   7.9  29.0   03:42     W
11   7.8  11.4   03:38   4.5   23:57  10.5   0.0  0.04  13.8  41.0   04:20   WNW
12   3.1   5.7   03:20   0.3   20:47  15.2   0.0  0.23   4.1  25.0   04:10     W
13   2.8   6.3   13:33   0.1   03:56  15.5   0.0  0.19   8.1  35.0   08:25    NW
14   4.0   6.7   12:50   0.7   00:31  14.3   0.0  0.16   4.1  23.0   08:12   WNW
15   7.6   9.2   15:16   3.9   00:00  10.7   0.0  0.45   5.4  22.0   09:35   WNW
16   8.6   9.1   14:48   8.2   23:41   9.7   0.0  0.17   3.4  15.0   10:44    NW
17   6.7   8.2   00:00   6.2   04:33  11.6   0.0  0.04   2.4  10.0   09:59     S
18   7.1   8.0   12:44   6.2   00:00  11.2   0.0  0.02   1.0   7.0   13:16   SSW
19   7.2   7.7   13:01   6.7   23:52  11.1   0.0  0.00   0.1   7.0   15:45   SSW
20   5.6   8.6   13:36   3.1   18:11  12.7   0.0  0.00   2.1  17.0   19:36   ESE
21   3.4   4.4   18:08   1.4   05:50  14.9   0.0  0.01   4.0  16.0   11:11   ESE
22   2.3   3.9   00:00   0.2   03:20  16.0   0.0  0.01   3.2  12.0   02:03   SSE
23   3.1   6.2   15:48  -0.3   01:52  15.2   0.0  0.01   0.8   8.0   06:34    SE
24   5.0   7.8   14:55   1.8   04:17  13.3   0.0  0.01   4.6  14.0   11:54   SSE
25   5.0   8.6   13:34   2.7   23:23  13.3   0.0  0.00   6.6  18.0   12:18   SSE
26   0.1   3.0   00:02  -2.8   21:20  18.2   0.0  0.00   4.5  22.0   12:01    SE
27   2.1   5.2   23:05  -2.1   02:14  16.2   0.0  0.05   4.4  20.0   10:44   SSE
28   5.3   6.4   04:56   2.8   19:10  13.0   0.0  0.33   4.3  16.0   06:01     S
29   3.9   6.2   13:03   1.0   07:44  14.4   0.0  0.03   2.7  14.0   14:16   SSE
30   6.1   8.0   12:17   5.1   03:35  12.2   0.0  0.01   4.0  21.0   21:11    SE
31   8.1   9.6   14:32   6.0   03:19  10.2   0.0  0.23   7.0  25.0   06:27    SE
----------------------------------------------------------------------------------
     5.1  11.4    11    -3.5     5   409.9   0.0  2.92   4.4  41.0    11      SW

Max >=  27.0:  0
Max <=   0.0:  0
Min <=   0.0:  6
Min <= -18.0:  0
Max Rain: 0.45 on day 15
Days of Rain: 19 (>= 0.02 in)  9 (>= 0.10 in)  0 (>= 1.00 in)
Heat Base: 18.3  Cool Base: 18.3  Method: Integration
Now : Realtime : Gauges : Today/Yesterday : This Month/Year : All-Time Records : Graphs : WUnderground : Season Averages : Monthly Records : Data Summary : NOAA Reports : Forum : Station Info : System Info


Page last updated 27/06/2017 13:00:03
Produced by CumulusCumulus v1.9.4 (1099)