Cheadle Hulme Weather

 Latitude N 53° 21' 50"    Longitude W 02° 11' 42"    Elevation 261 ft

Now : Realtime : Gauges : Today/Yesterday : This Month/Year : All-Time Records : Graphs : WUnderground : Season Averages : Monthly Records : Data Summary : NOAA Reports : Forum : Station Info : System Info

Report for 2017 Mar
                   Monthly Climatological Summary for Mar 2017

Name: Cheadle Hulme   City: Cheadle   State: Cheshire
Elevation: 261 ft  Lat: N 53 21' 50"   Lon: W 002 11' 42"

                  Temperature (C), Rain (in), Wind Speed (mph)

                                      Heat  Cool        Avg
    Mean                              Deg   Deg         Wind                 Dom
Day Temp  High   Time   Low    Time   Days  Days  Rain  Speed High   Time    Dir
----------------------------------------------------------------------------------
 1   5.1  10.5   14:22   1.6   23:47  13.2   0.0  0.41   2.6  16.0   20:26    SW
 2   5.9   9.3   14:11   1.5   00:04  12.4   0.0  0.21   6.1  24.0   12:58    SW
 3   6.9   9.3   23:06   5.6   06:37  11.4   0.0  0.22   4.2  21.0   11:18    SE
 4   8.1  11.7   13:08   5.9   07:16  10.2   0.0  0.05   5.6  21.0   16:14   SSE
 5   5.3   6.3   01:50   3.9   12:17  13.0   0.0  0.32   4.2  19.0   02:03     S
 6   6.6  10.7   14:56   3.7   07:20  11.7   0.0  0.10   3.2  18.0   14:15   WNW
 7   6.8  10.2   14:24   3.3   06:27  11.5   0.0  0.12   3.7  21.0   20:27     S
 8   9.2  12.6   14:40   6.4   23:55   9.1   0.0  0.14   7.2  24.0   00:32   WSW
 9   8.6  12.1   14:35   5.3   23:02   9.7   0.0  0.00   5.5  24.0   06:49     W
10   9.5  13.0   13:06   5.2   00:15   8.8   0.0  0.02   4.2  18.0   06:34   SSE
11  11.3  13.7   15:15   8.8   06:58   7.0   0.0  0.07   3.6  15.0   01:31     S
12   9.9  13.6   12:13   5.8   22:19   8.4   0.0  0.03   2.4  18.0   13:22   WNW
13   7.8  13.0   14:05   3.2   05:18  10.5   0.0  0.01   3.3  19.0   16:27     W
14  10.8  14.7   13:43   7.8   02:06   7.5   0.0  0.00   5.5  26.0   15:15   WSW
15  10.8  16.2   14:45   6.4   06:45   7.5   0.0  0.00   2.5  13.0   14:00   SSW
16   8.5  13.3   14:14   4.1   05:03   9.8   0.0  0.01   4.7  25.0   18:21   WSW
17   7.1  11.2   23:44   3.7   04:41  11.2   0.0  0.38   6.6  26.0   13:36    SW
18  11.4  12.3   23:44  10.5   05:04   6.9   0.0  0.22   9.2  28.0   04:00     W
19  11.5  13.3   10:47  10.0   23:59   6.8   0.0  0.16   5.6  27.0   07:36    SW
20   8.7  10.6   15:40   4.2   23:24   9.6   0.0  0.54   6.1  23.0   22:46    SW
21   5.4  10.1   13:17   2.3   06:00  12.9   0.0  0.10   5.6  26.0   12:07    SW
22   6.1   7.9   12:54   3.4   23:53  12.2   0.0  0.22   4.6  24.0   03:36    SE
23   7.1  12.6   14:31   1.3   03:39  11.2   0.0  0.00   7.4  30.0   16:17    NE
24   8.4  15.5   15:09   3.2   04:35   9.9   0.0  0.00   4.6  20.0   11:01   ENE
25   8.4  18.5   14:26  -0.2   05:48   9.9   0.0  0.00   0.7  14.0   13:51   NNE
26   9.6  16.3   15:02   3.6   07:30   8.3   0.0  0.00   0.6  14.0   12:15     E
27   9.0  15.1   15:39   3.8   07:24   9.3   0.0  0.00   1.7  18.0   00:10     E
28   9.0  14.9   16:37   3.1   05:33   9.3   0.0  0.00   2.9  17.0   17:42     S
29  12.3  14.8   16:39   9.8   01:21   6.0   0.0  0.13   7.4  22.0   21:26     S
30  14.9  18.3   13:39  12.6   05:58   3.4   0.0  0.04   9.5  29.0   12:59     S
31  14.1  17.4   15:13  10.4   23:18   4.2   0.0  0.12   8.4  27.0   12:02     S
----------------------------------------------------------------------------------
     8.8  18.5    25    -0.2    25   292.8   0.0  3.62   4.8  30.0    23     SSW

Max >=  27.0:  0
Max <=   0.0:  0
Min <=   0.0:  1
Min <= -18.0:  0
Max Rain: 0.54 on day 20
Days of Rain: 20 (>= 0.02 in)  15 (>= 0.10 in)  0 (>= 1.00 in)
Heat Base: 18.3  Cool Base: 18.3  Method: Integration
Now : Realtime : Gauges : Today/Yesterday : This Month/Year : All-Time Records : Graphs : WUnderground : Season Averages : Monthly Records : Data Summary : NOAA Reports : Forum : Station Info : System Info


Page last updated 22/10/2017 03:45:03
Produced by CumulusCumulus v1.9.4 (1099)