Cheadle Hulme Weather

 Latitude N 53° 21' 50"    Longitude W 02° 11' 42"    Elevation 261 ft

Now : Realtime : Gauges : Today/Yesterday : This Month/Year : All-Time Records : Graphs : WUnderground : Season Averages : Monthly Records : Data Summary : NOAA Reports : Forum : Station Info : System Info
Select a Year or Month report

Report for 2017 Apr
                   Monthly Climatological Summary for Apr 2017

Name: Cheadle Hulme   City: Cheadle   State: Cheshire
Elevation: 261 ft  Lat: N 53 21' 50"   Lon: W 002 11' 42"

                  Temperature (C), Rain (in), Wind Speed (mph)

                                      Heat  Cool        Avg
    Mean                              Deg   Deg         Wind                 Dom
Day Temp  High   Time   Low    Time   Days  Days  Rain  Speed High   Time    Dir
----------------------------------------------------------------------------------
 1  10.4  14.2   15:39   8.4   05:42   7.9   0.0  0.07   4.9  17.0   13:04     W
 2  10.0  15.7   16:27   6.2   23:55   8.3   0.0  0.00   3.4  16.0   02:04     W
 3  11.1  16.8   14:25   5.2   01:45   7.2   0.0  0.00   5.9  22.0   12:22     S
 4  10.5  13.7   16:01   7.1   23:56   7.8   0.0  0.00   6.0  20.0   18:34   WNW
 5   8.6  10.7   12:47   5.8   23:55   9.7   0.0  0.00   5.9  24.0   14:05   WNW
 6   7.6  10.3   13:23   3.2   04:46  10.7   0.0  0.00   4.5  20.0   16:55   WNW
 7   8.9  13.7   15:50   4.3   23:54   9.4   0.0  0.00   2.5  14.0   13:29     W
 8  11.2  21.3   16:12   1.5   06:53   7.5   0.4  0.00   2.8  14.0   12:00   SSE
 9  13.7  21.3   13:49   9.1   23:56   4.8   0.3  0.00   7.1  23.0   18:31   WSW
10   8.9  11.1   16:41   7.0   03:22   9.4   0.0  0.00   7.1  21.0   11:23   WNW
11   9.1  13.2   16:23   4.4   05:39   9.2   0.0  0.00   6.3  23.0   14:27     W
12   9.4  10.9   18:00   7.3   23:43   8.9   0.0  0.02   8.2  28.0   09:28     W
13   8.2  11.3   12:10   4.8   04:49  10.0   0.0  0.00   4.9  18.0   16:52     W
14   9.6  13.4   14:37   7.7   03:15   8.7   0.0  0.29   5.5  22.0   15:03   WSW
15   8.4  11.8   13:58   5.6   23:57   9.9   0.0  0.02   7.8  25.0   14:45   WNW
16   8.2  13.0   17:05   5.1   06:22  10.1   0.0  0.15   3.7  19.0   18:09     W
17   8.5  11.7   18:02   6.1   04:19   9.8   0.0  0.02   2.4  14.0   23:41   NNE
18   7.8  13.8   15:07   0.3   06:15  10.5   0.0  0.00   3.6  19.0   13:47    NE
19   9.6  13.2   15:53   5.4   04:24   8.7   0.0  0.00   3.2  13.0   08:59     S
20  11.3  13.6   15:48   8.6   04:58   7.0   0.0  0.00   4.3  18.0   15:37   WNW
21  11.3  14.2   15:03   8.8   23:50   7.0   0.0  0.00   6.1  22.0   11:40   WNW
22   9.6  14.8   13:53   4.4   06:36   8.7   0.0  0.00   4.1  16.0   16:26   WNW
23   9.4  14.8   16:05   5.2   01:07   8.9   0.0  0.00   3.9  19.0   16:35     W
24   8.7  12.7   13:43   2.8   23:59   9.6   0.0  0.00   8.4  32.0   19:18   WNW
25   4.7  10.9   15:19  -0.2   06:15  13.6   0.0  0.04   4.6  30.0   15:46    NW
26   6.2  12.1   16:21   1.2   06:03  12.1   0.0  0.00   4.4  21.0   16:38    NW
27   6.9  11.6   16:17   0.9   04:08  11.4   0.0  0.01   5.4  22.0   12:52   WNW
28   9.6  14.3   12:35   6.3   06:20   8.7   0.0  0.02   2.3  12.0   13:26   WNW
29  10.4  14.9   11:34   6.8   03:38   7.9   0.0  0.00   4.1  15.0   13:27    SE
30  12.8  17.0   15:38   9.3   00:00   5.5   0.0  0.00   8.7  32.0   13:37     E
----------------------------------------------------------------------------------
     9.4  21.3     8    -0.2    25   268.9   0.7  0.64   5.1  32.0    24       W

Max >=  27.0:  0
Max <=   0.0:  0
Min <=   0.0:  1
Min <= -18.0:  0
Max Rain: 0.29 on day 14
Days of Rain: 8 (>= 0.02 in)  2 (>= 0.10 in)  0 (>= 1.00 in)
Heat Base: 18.3  Cool Base: 18.3  Method: Integration
Now : Realtime : Gauges : Today/Yesterday : This Month/Year : All-Time Records : Graphs : WUnderground : Season Averages : Monthly Records : Data Summary : NOAA Reports : Forum : Station Info : System Info


Page last updated 23/08/2017 01:30:03
Produced by CumulusCumulus v1.9.4 (1099)