Cheadle Hulme Weather

 Latitude N 53° 21' 50"    Longitude W 02° 11' 42"    Elevation 261 ft

Now : Realtime : Gauges : Today/Yesterday : This Month/Year : All-Time Records : Graphs : WUnderground : Season Averages : Monthly Records : Data Summary : NOAA Reports : Forum : Station Info : System Info

Report for 2017 May
                   Monthly Climatological Summary for May 2017

Name: Cheadle Hulme   City: Cheadle   State: Cheshire
Elevation: 261 ft  Lat: N 53 21' 50"   Lon: W 002 11' 42"

                  Temperature (C), Rain (in), Wind Speed (mph)

                                      Heat  Cool        Avg
    Mean                              Deg   Deg         Wind                 Dom
Day Temp  High   Time   Low    Time   Days  Days  Rain  Speed High   Time    Dir
----------------------------------------------------------------------------------
 1  12.8  18.7   14:20   9.1   23:54   5.5   0.0  0.00   6.2  25.0   17:56   ENE
 2  12.4  18.1   13:12   7.8   02:22   5.9   0.0  0.00   5.1  23.0   19:33    NE
 3  11.2  17.5   14:59   4.4   06:07   7.1   0.0  0.00   7.9  29.0   13:47    NE
 4  12.0  17.3   13:45   7.8   23:40   6.3   0.0  0.00  10.0  34.0   11:06    NE
 5  11.5  18.1   15:09   6.3   05:23   6.8   0.0  0.00   8.7  27.0   18:32   ENE
 6  10.2  12.6   12:20   7.6   00:44   8.1   0.0  0.00   6.5  23.0   01:30    NE
 7  11.8  20.9   16:04   5.1   04:31   6.6   0.2  0.00   3.9  18.0   16:33   NNE
 8   9.7  14.7   14:10   5.6   03:25   8.6   0.0  0.00   6.8  24.0   10:59   NNE
 9  10.2  16.2   17:14   6.9   04:57   8.1   0.0  0.00   3.0  13.0   01:22   ENE
10  12.1  20.0   16:03   4.1   04:57   6.4   0.2  0.00   2.5  11.0   14:38     S
11  14.4  22.4   15:12   7.1   01:10   4.5   0.7  0.00   5.5  23.0   22:00     E
12  13.2  17.5   16:58   9.9   05:08   5.1   0.0  0.19   3.5  15.0   00:00     E
13  13.7  17.3   16:05  11.4   06:43   4.6   0.0  0.04   7.5  21.0   06:03     S
14  13.5  18.8   14:18  10.3   22:33   4.8   0.0  0.14   4.7  19.0   00:03   SSW
15  13.3  16.5   15:11   9.4   02:24   5.0   0.0  0.53   8.1  27.0   13:29   SSE
16  16.3  18.5   14:50  13.2   23:50   2.0   0.0  0.21   7.3  23.0   12:16     S
17  12.6  13.7   12:54   9.9   23:11   5.7   0.0  0.15   1.5   8.0   09:20    SW
18  11.5  16.2   12:51   7.0   03:07   6.8   0.0  0.00   2.6  17.0   13:47     W
19  12.0  15.6   16:09   9.3   03:52   6.3   0.0  0.00   2.9  13.0   14:25   WNW
20  11.0  14.7   18:42   6.9   04:56   7.3   0.0  0.09   4.1  18.0   11:15   SSW
21  13.6  19.6   16:52   7.8   05:04   4.7   0.1  0.00   5.8  20.0   13:09   SSE
22  17.3  23.4   14:59  11.4   01:07   2.3   1.3  0.00   6.3  21.0   10:59   SSE
23  16.0  21.3   14:48  10.8   04:53   2.9   0.6  0.00   4.1  17.0   13:58     W
24  17.7  23.2   15:49  12.9   00:38   1.8   1.2  0.00   2.9  13.0   18:40     W
25  20.5  28.6   15:37  11.0   05:15   2.0   4.2  0.00   2.6  14.0   14:34    SE
26  22.1  28.2   15:46  15.2   04:58   0.5   4.3  0.00   6.5  23.0   13:17    SE
27  18.8  26.3   11:52  15.2   23:59   0.8   1.3  0.01   7.9  29.0   12:31   SSE
28  15.1  17.6   17:12  13.3   06:01   3.2   0.0  0.00   4.5  20.0   02:17   WNW
29  15.1  16.6   14:09  13.9   08:15   3.2   0.0  0.13   3.6  20.0   08:17     E
30  15.4  19.3   17:26  10.8   23:57   3.0   0.0  0.08   3.8  17.0   14:10   WSW
31  15.6  23.4   16:19   7.3   04:49   3.6   0.9  0.00   2.8  14.0   18:17     S
----------------------------------------------------------------------------------
    14.0  28.6    25     4.1    10   149.5  15.0  1.57   5.1  34.0     4     ESE

Max >=  27.0:  2
Max <=   0.0:  0
Min <=   0.0:  0
Min <= -18.0:  0
Max Rain: 0.53 on day 15
Days of Rain: 9 (>= 0.02 in)  6 (>= 0.10 in)  0 (>= 1.00 in)
Heat Base: 18.3  Cool Base: 18.3  Method: Integration
Now : Realtime : Gauges : Today/Yesterday : This Month/Year : All-Time Records : Graphs : WUnderground : Season Averages : Monthly Records : Data Summary : NOAA Reports : Forum : Station Info : System Info


Page last updated 18/12/2017 06:45:03
Produced by CumulusCumulus v1.9.4 (1099)