Cheadle Hulme Weather

 Latitude N 53° 21' 50"    Longitude W 02° 11' 42"    Elevation 261 ft

Now : Realtime : Gauges : Today/Yesterday : This Month/Year : All-Time Records : Graphs : WUnderground : Season Averages : Monthly Records : Data Summary : NOAA Reports : Forum : Station Info : System Info

Report for 2017 Jun
                   Monthly Climatological Summary for Jun 2017

Name: Cheadle Hulme   City: Cheadle   State: Cheshire
Elevation: 261 ft  Lat: N 53 21' 50"   Lon: W 002 11' 42"

                  Temperature (C), Rain (in), Wind Speed (mph)

                                      Heat  Cool        Avg
    Mean                              Deg   Deg         Wind                 Dom
Day Temp  High   Time   Low    Time   Days  Days  Rain  Speed High   Time    Dir
----------------------------------------------------------------------------------
 1  19.0  24.3   16:33  15.3   04:45   0.9   1.6  0.00   4.5  18.0   11:12     S
 2  14.9  16.6   00:00  13.0   23:40   3.4   0.0  0.11   1.9  10.0   04:45     W
 3  14.8  20.3   14:30  10.1   05:08   3.6   0.1  0.01   3.5  18.0   15:53    SW
 4  13.9  19.2   13:54   9.9   02:58   4.4   0.0  0.00   4.6  20.0   10:44   SSW
 5  12.5  16.2   14:08   9.3   01:56   5.8   0.0  0.58   8.6  27.0   09:04   SSE
 6  12.1  13.8   16:40  10.3   08:31   6.2   0.0  0.45  13.0  41.0   16:44     W
 7  13.2  16.8   14:55  11.3   02:29   5.1   0.0  0.11  11.0  35.0   01:01     W
 8  15.0  20.3   16:19  12.2   00:00   3.4   0.1  0.28   8.8  30.0   15:57     S
 9  15.1  19.8   16:55  11.2   04:01   3.3   0.1  0.00   5.6  18.0   12:23    SW
10  15.5  19.6   16:32  12.1   05:27   2.9   0.1  0.58   7.4  24.0   15:11   SSE
11  15.4  18.5   16:18  12.8   23:56   2.9   0.0  0.00   8.5  26.0   12:01     S
12  14.3  16.7   14:29  12.1   01:41   4.0   0.0  0.00   7.1  26.0   08:37     W
13  15.9  20.8   18:12  12.3   04:09   2.5   0.1  0.00   3.6  13.0   15:55   SSW
14  19.3  26.7   16:42  10.5   04:55   2.0   3.0  0.00   4.3  18.0   13:49   SSE
15  16.5  20.3   15:58  13.3   04:56   2.0   0.2  0.00   6.1  23.0   11:47   WSW
16  16.2  19.1   15:11  13.2   05:27   2.2   0.1  0.00   4.5  21.0   08:13     W
17  21.5  28.1   16:51  16.4   05:17   0.5   3.6  0.00   4.0  13.0   16:33    SW
18  21.7  29.7   17:00  12.7   04:46   1.1   4.6  0.00   2.4  13.0   13:01     W
19  22.9  30.1   15:24  14.9   04:12   0.6   5.2  0.00   2.3  12.0   14:33   WNW
20  20.8  26.3   14:48  16.4   04:44   0.3   2.8  0.00   4.1  16.0   16:08     E
21  22.0  30.4   15:14  15.1   04:30   0.7   4.5  0.03   3.8  17.0   17:05    SE
22  17.1  23.3   00:02  14.1   23:58   1.6   0.4  0.01   5.2  20.0   16:43     W
23  16.1  18.5   16:30  13.9   00:16   2.2   0.0  0.00   5.5  20.0   21:27   SSW
24  15.5  19.7   17:25  13.6   05:01   2.9   0.0  0.06   4.3  18.0   17:47   WSW
25  14.1  17.1   18:22  10.8   23:57   4.2   0.0  0.02   5.5  22.0   16:51     W
26  15.2  20.9   15:00   9.2   04:58   3.4   0.3  0.00   2.2  15.0   23:34     S
27  15.2  18.4   16:01  13.1   08:50   3.1   0.0  0.05   5.2  18.0   00:26   ESE
28  12.5  13.8   00:00  10.3   23:53   5.8   0.0  0.41   4.7  17.0   18:51   NNE
29  12.4  15.6   17:30  10.1   02:17   5.9   0.0  0.36   4.4  16.0   04:10   WNW
30  15.2  18.0   19:13  12.4   04:05   3.1   0.0  0.00   2.6  17.0   21:25    NW
----------------------------------------------------------------------------------
    16.2  30.4    21     9.2    26    90.0  26.8  3.06   5.3  41.0     6      SW

Max >=  27.0:  4
Max <=   0.0:  0
Min <=   0.0:  0
Min <= -18.0:  0
Max Rain: 0.58 on day 5
Days of Rain: 12 (>= 0.02 in)  8 (>= 0.10 in)  0 (>= 1.00 in)
Heat Base: 18.3  Cool Base: 18.3  Method: Integration
Now : Realtime : Gauges : Today/Yesterday : This Month/Year : All-Time Records : Graphs : WUnderground : Season Averages : Monthly Records : Data Summary : NOAA Reports : Forum : Station Info : System Info


Page last updated 18/12/2017 06:45:03
Produced by CumulusCumulus v1.9.4 (1099)