Cheadle Hulme Weather

 Latitude N 53° 21' 50"    Longitude W 02° 11' 42"    Elevation 261 ft

Now : Realtime : Gauges : Today/Yesterday : This Month/Year : All-Time Records : Graphs : WUnderground : Season Averages : Monthly Records : Data Summary : NOAA Reports : Forum : Station Info : System Info

Report for 2017 Jul
                   Monthly Climatological Summary for Jul 2017

Name: Cheadle Hulme   City: Cheadle   State: Cheshire
Elevation: 261 ft  Lat: N 53 21' 50"   Lon: W 002 11' 42"

                  Temperature (C), Rain (in), Wind Speed (mph)

                                      Heat  Cool        Avg
    Mean                              Deg   Deg         Wind                 Dom
Day Temp  High   Time   Low    Time   Days  Days  Rain  Speed High   Time    Dir
----------------------------------------------------------------------------------
 1  15.5  21.0   15:57  12.7   05:33   3.0   0.3  0.03   4.4  21.0   23:28     W
 2  15.6  20.7   17:47  11.0   06:09   3.0   0.3  0.00   5.1  19.0   10:38   WNW
 3  15.8  19.1   17:12  12.5   03:40   2.5   0.0  0.00   5.3  20.0   15:54     W
 4  16.4  19.6   13:16  12.6   06:44   2.1   0.3  0.00   3.3  18.0   15:57    SW
 5  19.1  26.2   17:11  14.4   04:34   1.2   1.9  0.00   2.5  15.0   19:42     E
 6  20.8  27.7   14:58  15.5   04:44   0.6   3.1  0.00   3.7  16.0   17:37     W
 7  17.4  21.7   12:53  14.1   04:42   1.4   0.5  0.01   3.1  17.0   20:05     W
 8  16.6  22.4   15:30   9.9   05:24   2.6   0.9  0.00   3.4  17.0   18:02   WNW
 9  18.5  24.5   16:25  12.7   02:06   1.6   1.8  0.00   3.4  15.0   17:31     W
10  14.7  16.8   12:06  12.5   03:16   3.6   0.0  0.27   2.9  14.0   14:51     W
11  13.9  17.1   13:43  11.8   03:19   4.4   0.0  0.25   3.4  14.0   22:40    SE
12  16.5  21.7   14:08  11.6   04:52   2.5   0.7  0.00   3.4  15.0   07:50   NNE
13  17.7  22.9   15:47  13.6   00:18   1.6   1.0  0.00   4.9  19.0   12:11   SSW
14  14.6  17.4   16:55  13.1   23:15   3.7   0.0  0.11   5.6  21.0   13:31   WNW
15  17.1  21.7   19:15  12.8   00:59   2.1   0.9  0.01   5.0  18.0   15:41     S
16  17.2  20.9   15:56  12.3   23:57   1.5   0.4  0.12   4.4  17.0   13:54     W
17  17.2  24.8   16:08   9.3   04:38   2.9   1.8  0.00   3.5  16.0   15:02   WNW
18  19.3  27.2   15:54  10.6   04:50   2.0   3.0  0.00   4.9  24.0   16:58     E
19  19.8  26.3   13:06  16.5   02:11   0.5   2.0  0.08   6.2  20.0   05:10   ESE
20  15.4  19.6   18:07  12.4   07:35   2.9   0.1  0.06   6.1  21.0   13:33     W
21  16.3  20.8   15:48  13.7   00:53   2.2   0.3  0.12   9.7  31.0   14:10    SE
22  15.7  21.1   16:42  12.3   06:17   2.9   0.4  0.38   3.1  14.0   17:31     S
23  15.3  20.4   13:26  10.9   06:11   3.2   0.2  0.19   3.0  18.0   17:33   WNW
24  16.8  21.9   17:45  14.2   23:27   1.9   0.4  0.00   4.5  25.0   01:08   NNW
25  17.0  22.5   16:25  13.4   03:31   2.0   0.7  0.00   1.2   8.0   16:22   NNW
26  16.6  21.9   15:07  11.9   23:53   1.9   0.2  0.40   6.0  25.0   15:44   SSW
27  14.2  19.4   17:26  10.1   05:11   4.1   0.1  0.12   5.4  21.0   10:29   SSW
28  15.5  20.1   11:53  12.9   05:58   2.9   0.1  0.56   6.9  25.0   11:57     S
29  16.0  19.7   17:26  11.7   05:45   2.5   0.2  0.01   4.6  19.0   09:28   SSW
30  15.5  21.2   15:02  12.3   05:59   2.9   0.1  0.09   4.8  25.0   15:22     S
31  15.7  20.0   13:48  12.1   06:20   2.7   0.1  0.03   6.7  25.0   11:21     S
----------------------------------------------------------------------------------
    16.6  27.7     6     9.3    17    74.9  21.8  2.84   4.5  31.0    21      SW

Max >=  27.0:  2
Max <=   0.0:  0
Min <=   0.0:  0
Min <= -18.0:  0
Max Rain: 0.56 on day 28
Days of Rain: 15 (>= 0.02 in)  10 (>= 0.10 in)  0 (>= 1.00 in)
Heat Base: 18.3  Cool Base: 18.3  Method: Integration
Now : Realtime : Gauges : Today/Yesterday : This Month/Year : All-Time Records : Graphs : WUnderground : Season Averages : Monthly Records : Data Summary : NOAA Reports : Forum : Station Info : System Info


Page last updated 22/10/2017 03:30:03
Produced by CumulusCumulus v1.9.4 (1099)