Select a Year or Month report
Report for 2017 Aug
Monthly Climatological Summary for Aug 2017
Name: Cheadle Hulme City: Cheadle State: Cheshire
Elevation: 261 ft Lat: N 53° 21' 50" Lon: W 002° 11' 42"
Temperature (°C), Rain (in), Wind Speed (mph)
Heat Cool Avg
Mean Deg Deg Wind Dom
Day Temp High Time Low Time Days Days Rain Speed High Time Dir
----------------------------------------------------------------------------------
1 15.3 19.2 17:51 12.7 01:22 3.0 0.0 0.10 4.7 17.0 08:59 S
2 16.8 21.7 18:45 13.6 05:09 2.0 0.5 0.03 7.1 27.0 12:13 SSE
3 16.5 19.7 14:14 14.6 02:04 1.9 0.1 0.00 7.7 26.0 14:53 SSW
4 15.9 19.5 15:39 13.3 05:00 2.5 0.1 0.07 6.7 21.0 12:54 W
5 14.7 18.9 16:07 10.8 05:55 3.6 0.0 0.00 4.8 19.0 15:40 WNW
6 14.4 18.4 14:52 10.2 05:34 3.9 0.0 0.42 5.7 20.0 14:17 S
7 15.4 19.7 15:03 12.6 03:53 3.0 0.1 0.31 3.5 16.0 15:53 WSW
8 13.8 16.1 15:57 12.1 23:50 4.5 0.0 0.15 2.7 20.0 16:13 N
9 14.8 20.6 15:01 11.6 03:27 3.7 0.2 0.18 4.5 23.0 11:40 N
10 14.1 20.7 16:56 7.8 05:52 4.5 0.3 0.00 2.8 16.0 17:37 W
11 14.5 19.1 16:09 9.6 04:03 3.8 0.0 0.07 5.2 21.0 15:18 S
12 15.5 19.4 16:21 11.1 23:57 2.9 0.0 0.02 5.5 22.0 13:58 W
13 14.5 21.3 16:51 7.9 05:37 4.1 0.3 0.00 2.3 10.0 10:35 SSW
14 16.3 21.0 14:11 13.1 02:50 2.3 0.3 0.06 5.8 22.0 21:28 SSE
15 16.3 20.6 14:47 12.2 23:56 2.4 0.3 0.00 5.2 20.0 16:43 SW
16 15.9 21.1 14:02 10.8 02:32 2.9 0.5 0.06 6.2 23.0 19:09 SSE
17 17.7 23.0 16:14 14.0 00:47 1.7 1.1 0.51 5.9 26.0 14:55 S
18 14.4 17.7 11:55 10.9 23:49 3.9 0.0 0.37 5.6 23.0 13:43 SSW
19 13.8 16.7 14:55 10.9 00:00 4.5 0.0 0.17 6.6 30.0 13:19 W
20 14.7 19.1 14:57 10.5 06:41 3.6 0.0 0.01 2.7 13.0 10:33 SW
21 15.9 19.0 14:53 11.7 01:55 2.4 0.0 0.00 2.8 14.0 14:50 SSE
22 19.4 24.6 14:43 15.3 04:28 0.7 1.8 0.00 3.0 15.0 12:32 SE
23 18.2 20.9 14:41 12.9 23:53 0.8 0.6 0.00 4.3 16.0 03:29 SSW
24 15.4 19.6 14:48 11.7 02:02 3.0 0.1 0.00 3.6 16.0 12:42 SSW
25 16.3 21.6 14:42 11.6 05:20 2.5 0.5 0.00 3.2 15.0 10:41 S
26 16.6 21.3 16:34 11.3 23:40 2.2 0.5 0.00 3.1 21.0 16:45 W
27 16.2 24.6 15:33 7.9 06:29 3.6 1.5 0.00 2.3 14.0 16:12 S
28 18.5 24.2 15:46 14.6 05:34 1.2 1.4 0.00 4.3 21.0 13:01 SSW
29 14.9 16.9 12:33 12.2 23:23 3.4 0.0 0.02 4.3 19.0 05:55 WNW
30 13.4 18.7 16:26 9.6 23:59 4.9 0.0 0.08 3.3 19.0 16:32 W
31 12.5 19.2 13:37 7.7 05:21 5.8 0.0 0.02 2.4 11.0 14:32 WSW
----------------------------------------------------------------------------------
15.6 24.6 22 7.7 31 95.2 10.2 2.65 4.4 30.0 19 SW
Max >= 27.0: 0
Max <= 0.0: 0
Min <= 0.0: 0
Min <= -18.0: 0
Max Rain: 0.51 on day 17
Days of Rain: 17 (>= 0.02 in) 8 (>= 0.10 in) 0 (>= 1.00 in)
Heat Base: 18.3 Cool Base: 18.3 Method: Integration