Cheadle Hulme Weather

 Latitude N 53° 21' 50"    Longitude W 02° 11' 42"    Elevation 261 ft

Now : Realtime : Gauges : Today/Yesterday : This Month/Year : All-Time Records : Graphs : WUnderground : Season Averages : Monthly Records : Data Summary : NOAA Reports : Forum : Station Info : System Info

Report for 2017 Sep
                   Monthly Climatological Summary for Sep 2017

Name: Cheadle Hulme   City: Cheadle   State: Cheshire
Elevation: 261 ft  Lat: N 53 21' 50"   Lon: W 002 11' 42"

                  Temperature (C), Rain (in), Wind Speed (mph)

                                      Heat  Cool        Avg
    Mean                              Deg   Deg         Wind                 Dom
Day Temp  High   Time   Low    Time   Days  Days  Rain  Speed High   Time    Dir
----------------------------------------------------------------------------------
 1  12.4  17.7   16:57   6.5   06:13   5.9   0.0  0.00   3.3  17.0   18:39   WNW
 2  13.7  21.4   16:07   6.8   06:32   5.0   0.4  0.00   2.3  17.0   16:23   SSE
 3  13.7  16.0   11:45  10.9   00:45   4.6   0.0  0.04   6.8  23.0   10:59    SE
 4  17.5  22.7   16:48  13.7   00:39   1.8   1.0  0.03   4.7  18.0   16:50     S
 5  15.9  18.8   13:56  12.7   22:32   2.4   0.0  0.49   4.9  18.0   15:05   SSW
 6  13.5  15.9   15:04  11.7   03:29   4.8   0.0  0.02   4.8  19.0   13:39     W
 7  14.2  17.4   13:56  11.0   06:43   4.1   0.0  0.09   5.6  18.0   15:25     S
 8  14.0  17.8   14:08  11.2   08:42   4.3   0.0  0.43   5.6  23.0   14:19   WSW
 9  12.4  16.9   14:18  10.3   23:42   5.9   0.0  0.73   3.7  20.0   14:39   WSW
10  12.3  15.7   16:15  10.1   21:44   6.0   0.0  0.26   6.6  33.0   19:57     S
11  12.7  15.5   16:07  10.0   00:21   5.6   0.0  0.50   9.0  31.0   16:01     W
12  12.9  17.3   14:36  11.2   06:29   5.4   0.0  0.18   6.4  28.0   22:48    SW
13  11.7  15.1   14:02   8.3   23:40   6.6   0.0  0.26   8.1  35.0   02:47     W
14  11.5  16.3   15:17   8.1   01:13   6.8   0.0  0.05   5.9  27.0   15:34   WNW
15  11.5  17.7   15:11   8.0   04:32   6.8   0.0  0.10   2.6  17.0   16:53   WNW
16  10.6  15.7   13:42   6.8   23:40   7.7   0.0  0.02   2.1  19.0   16:39   NNW
17  11.8  18.3   14:13   6.8   00:00   6.5   0.0  0.08   2.4  16.0   12:39     N
18  11.6  16.1   12:48   9.1   06:35   6.7   0.0  0.16   1.9  15.0   18:55    NW
19  11.1  17.4   14:39   7.3   08:40   7.2   0.0  0.00   1.6  10.0   14:39   SSW
20  14.8  19.3   14:57  10.3   00:11   3.5   0.0  0.01   6.5  20.0   15:02   SSE
21  13.4  16.0   10:02   7.7   23:52   4.9   0.0  0.15   6.2  23.0   09:42     S
22  11.7  16.6   12:09   7.1   02:01   6.6   0.0  0.08   6.1  20.0   12:57   SSE
23  14.5  18.3   12:20  11.3   04:54   3.8   0.0  0.00   4.9  19.0   12:31   SSE
24  15.9  20.4   14:08  11.4   07:03   2.7   0.2  0.00   4.9  19.0   14:14    SE
25  15.5  18.6   16:18  11.2   23:58   2.8   0.0  0.00   0.9   7.0   06:35   ENE
26  13.4  19.1   16:04   8.7   06:17   4.8   0.0  0.00   1.8  11.0   23:31    SE
27  15.1  18.1   14:46  13.3   01:18   3.2   0.0  0.28   6.3  21.0   14:47    SE
28  15.1  20.2   15:11  13.1   23:23   3.3   0.1  0.08   3.3  14.0   23:57   SSE
29  14.1  17.6   14:07   9.3   23:59   4.2   0.0  0.19   5.0  19.0   00:35     S
30  11.8  14.9   13:11   9.1   00:46   6.5   0.0  0.45   4.1  17.0   13:50   SSE
----------------------------------------------------------------------------------
    13.3  22.7     4     6.5     1   150.4   1.7  4.68   4.6  35.0    13     SSW

Max >=  27.0:  0
Max <=   0.0:  0
Min <=   0.0:  0
Min <= -18.0:  0
Max Rain: 0.73 on day 9
Days of Rain: 22 (>= 0.02 in)  13 (>= 0.10 in)  0 (>= 1.00 in)
Heat Base: 18.3  Cool Base: 18.3  Method: Integration
Now : Realtime : Gauges : Today/Yesterday : This Month/Year : All-Time Records : Graphs : WUnderground : Season Averages : Monthly Records : Data Summary : NOAA Reports : Forum : Station Info : System Info


Page last updated 22/10/2017 03:30:03
Produced by CumulusCumulus v1.9.4 (1099)