Select a Year or Month report
Report for 2017 Oct
Monthly Climatological Summary for Oct 2017
Name: Cheadle Hulme City: Cheadle State: Cheshire
Elevation: 261 ft Lat: N 53° 21' 50" Lon: W 002° 11' 42"
Temperature (°C), Rain (in), Wind Speed (mph)
Heat Cool Avg
Mean Deg Deg Wind Dom
Day Temp High Time Low Time Days Days Rain Speed High Time Dir
----------------------------------------------------------------------------------
1 15.1 17.3 12:58 13.1 00:00 3.2 0.0 0.04 6.8 25.0 12:13 S
2 13.2 15.1 00:00 10.6 22:19 5.1 0.0 0.08 7.9 30.0 13:53 W
3 11.8 14.3 12:19 10.3 23:57 6.5 0.0 0.00 8.7 28.0 09:56 WNW
4 11.6 13.7 13:35 9.8 04:59 6.7 0.0 0.36 6.4 21.0 21:42 SSW
5 11.9 14.8 03:49 8.8 07:45 6.4 0.0 0.35 9.2 30.0 04:11 WNW
6 10.0 13.8 13:35 5.3 07:22 8.3 0.0 0.00 3.4 15.0 13:58 W
7 12.4 13.3 07:24 11.1 00:57 5.9 0.0 0.22 6.8 21.0 14:51 WSW
8 12.7 15.3 13:51 10.6 03:31 5.6 0.0 0.01 2.7 14.0 12:26 W
9 13.4 16.1 13:03 12.0 07:43 4.9 0.0 0.00 2.8 15.0 23:14 SW
10 14.5 18.8 15:03 13.0 23:15 3.8 0.0 0.04 5.6 24.0 15:50 SSW
11 13.9 15.4 12:20 11.1 23:59 4.4 0.0 0.25 9.3 29.0 12:19 SSW
12 12.0 16.9 14:52 8.7 04:57 6.3 0.0 0.00 6.0 19.0 12:01 SSW
13 16.8 18.9 14:43 13.5 00:00 1.5 0.1 0.11 9.7 26.0 08:58 S
14 17.7 20.8 14:24 14.8 23:54 1.0 0.4 0.00 7.6 23.0 01:17 S
15 15.4 19.2 13:35 12.8 04:22 2.9 0.0 0.00 5.2 23.0 15:39 S
16 16.4 20.7 14:46 13.6 04:55 2.3 0.4 0.00 10.8 46.0 16:48 S
17 12.7 15.9 14:49 9.5 23:56 5.6 0.0 0.00 6.5 31.0 00:07 SW
18 10.2 13.1 14:38 4.7 08:17 8.1 0.0 0.00 2.1 13.0 11:44 ESE
19 12.5 14.1 17:53 10.5 08:10 5.8 0.0 0.44 3.7 25.0 23:32 SE
20 11.8 13.8 00:00 10.2 19:22 6.5 0.0 0.14 4.7 23.0 23:23 S
21 12.3 13.4 11:54 10.3 23:59 6.0 0.0 0.39 11.9 40.0 14:49 S
22 10.2 11.3 16:33 9.1 04:25 8.1 0.0 0.23 9.8 33.0 07:39 W
23 12.9 16.4 16:01 8.9 02:44 5.4 0.0 0.01 4.7 16.0 12:43 SSE
24 14.7 17.8 12:57 11.3 04:36 3.6 0.0 0.18 7.0 27.0 23:21 S
25 12.5 16.1 15:04 10.0 22:38 5.8 0.0 0.27 4.9 21.0 00:01 SW
26 11.8 14.7 13:51 9.6 23:53 6.5 0.0 0.00 2.6 11.0 03:26 SW
27 8.8 13.8 14:11 4.9 06:46 9.5 0.0 0.00 2.0 15.0 16:39 W
28 11.4 13.8 23:32 8.1 00:38 6.9 0.0 0.07 8.8 34.0 19:41 W
29 9.7 13.9 01:09 1.4 23:54 9.0 0.0 0.00 5.6 33.0 01:55 NW
30 5.3 10.7 14:15 -0.2 06:54 13.0 0.0 0.00 2.1 12.0 15:11 S
31 10.7 15.7 12:52 7.9 00:00 7.6 0.0 0.00 4.1 13.0 11:15 S
----------------------------------------------------------------------------------
12.5 20.8 14 -0.2 30 182.2 0.9 3.19 6.1 46.0 16 SW
Max >= 27.0: 0
Max <= 0.0: 0
Min <= 0.0: 1
Min <= -18.0: 0
Max Rain: 0.44 on day 19
Days of Rain: 15 (>= 0.02 in) 11 (>= 0.10 in) 0 (>= 1.00 in)
Heat Base: 18.3 Cool Base: 18.3 Method: Integration