Select a Year or Month report
Report for 2017 Nov
Monthly Climatological Summary for Nov 2017
Name: Cheadle Hulme City: Cheadle State: Cheshire
Elevation: 261 ft Lat: N 53° 21' 50" Lon: W 002° 11' 42"
Temperature (°C), Rain (in), Wind Speed (mph)
Heat Cool Avg
Mean Deg Deg Wind Dom
Day Temp High Time Low Time Days Days Rain Speed High Time Dir
----------------------------------------------------------------------------------
1 10.1 14.8 13:37 7.3 22:09 8.2 0.0 0.03 3.1 12.0 09:56 S
2 10.4 12.7 13:30 8.8 00:00 7.9 0.0 0.00 1.7 8.0 02:43 SW
3 10.6 11.9 13:58 8.9 03:55 7.7 0.0 0.07 4.3 16.0 19:41 S
4 8.9 11.8 13:23 5.3 23:41 9.4 0.0 0.57 4.5 20.0 12:48 W
5 5.8 10.3 13:45 1.3 23:07 12.5 0.0 0.26 3.6 19.0 11:38 W
6 6.8 11.1 13:57 1.3 00:00 11.5 0.0 0.00 5.7 20.0 20:21 SSE
7 8.7 11.4 08:34 3.7 23:58 9.6 0.0 0.21 6.5 29.0 09:08 S
8 4.6 9.6 13:13 -0.5 07:23 13.7 0.0 0.01 1.7 10.0 22:13 S
9 9.6 12.8 13:04 6.5 20:03 8.7 0.0 0.00 6.1 24.0 10:13 WSW
10 8.5 11.4 04:32 6.8 23:08 9.8 0.0 0.09 7.7 29.0 04:25 W
11 7.2 10.0 13:22 5.9 21:26 11.1 0.0 0.05 2.2 15.0 12:56 W
12 5.4 8.4 13:18 0.8 23:59 12.9 0.0 0.02 5.2 25.0 11:31 NW
13 3.1 7.2 23:24 -1.4 07:09 15.2 0.0 0.00 3.0 14.0 21:25 S
14 10.1 12.1 14:13 7.2 00:00 8.2 0.0 0.03 3.6 15.0 00:31 S
15 10.4 11.7 13:20 9.6 06:37 7.9 0.0 0.00 2.4 11.0 23:52 S
16 8.0 10.9 12:57 2.1 23:56 10.3 0.0 0.05 5.5 23.0 10:23 SW
17 4.8 8.6 12:11 1.0 06:01 13.4 0.0 0.01 3.6 19.0 12:32 SW
18 7.3 10.2 12:11 4.9 23:52 11.0 0.0 0.00 5.2 19.0 12:13 W
19 4.0 7.8 13:22 -0.6 07:51 14.3 0.0 0.00 2.2 13.0 23:56 SSE
20 11.2 13.8 13:49 7.4 00:00 7.1 0.0 0.12 6.9 25.0 13:58 SW
21 12.5 13.3 23:57 11.6 00:00 5.8 0.0 0.20 7.4 25.0 17:29 S
22 13.7 15.0 16:38 12.1 23:57 4.6 0.0 0.41 12.9 38.0 18:55 S
23 6.9 12.1 00:00 4.3 22:58 11.4 0.0 0.07 7.4 35.0 11:22 SW
24 4.2 8.4 13:19 1.6 06:26 14.1 0.0 0.05 3.1 18.0 12:33 SW
25 3.4 6.9 13:04 1.4 06:04 14.9 0.0 0.28 4.6 22.0 12:10 W
26 4.9 7.4 13:27 2.6 07:34 13.4 0.0 0.29 5.4 27.0 02:19 WSW
27 6.5 8.9 02:56 3.7 20:31 11.8 0.0 0.48 6.8 27.0 12:24 W
28 3.2 5.8 12:51 0.6 22:04 15.1 0.0 0.01 3.1 18.0 13:02 NW
29 2.5 6.3 12:31 -1.4 23:59 15.8 0.0 0.00 4.0 20.0 14:12 NW
30 0.7 3.7 12:52 -2.6 04:16 17.6 0.0 0.00 5.0 23.0 12:58 NW
----------------------------------------------------------------------------------
7.1 15.0 22 -2.6 30 334.9 0.0 3.31 4.8 38.0 22 SW
Max >= 27.0: 0
Max <= 0.0: 0
Min <= 0.0: 5
Min <= -18.0: 0
Max Rain: 0.57 on day 4
Days of Rain: 18 (>= 0.02 in) 9 (>= 0.10 in) 0 (>= 1.00 in)
Heat Base: 18.3 Cool Base: 18.3 Method: Integration