Select a Year or Month report
Report for 2017 Dec
Monthly Climatological Summary for Dec 2017
Name: Cheadle Hulme City: Cheadle State: Cheshire
Elevation: 261 ft Lat: N 53° 21' 50" Lon: W 002° 11' 42"
Temperature (°C), Rain (in), Wind Speed (mph)
Heat Cool Avg
Mean Deg Deg Wind Dom
Day Temp High Time Low Time Days Days Rain Speed High Time Dir
----------------------------------------------------------------------------------
1 2.8 5.8 14:04 0.8 04:10 15.5 0.0 0.00 3.0 12.0 00:12 NW
2 5.6 8.1 23:32 2.8 00:00 12.7 0.0 0.03 2.1 12.0 21:24 W
3 7.8 10.4 12:51 4.6 20:11 10.5 0.0 0.02 4.1 15.0 08:17 WNW
4 7.8 9.3 13:23 5.4 00:00 10.5 0.0 0.01 3.1 14.0 13:49 W
5 7.4 7.8 12:33 6.9 16:54 10.9 0.0 0.00 3.5 15.0 08:25 WSW
6 9.5 11.1 14:08 7.4 00:00 8.8 0.0 0.06 9.4 29.0 23:37 S
7 7.9 12.2 05:13 2.3 23:51 10.4 0.0 0.28 12.4 34.0 02:07 WSW
8 1.9 4.4 13:06 0.1 20:46 16.4 0.0 0.14 5.9 34.0 04:53 WNW
9 0.8 2.2 14:11 -1.3 04:43 17.5 0.0 0.04 3.2 12.0 14:33 SSW
10 0.8 2.1 12:58 -0.2 21:48 17.5 0.0 0.00 3.0 21.0 08:48 NE
11 -1.1 3.6 13:43 -3.6 23:45 19.4 0.0 0.02 2.0 9.0 15:28 NW
12 -0.4 3.8 22:40 -5.3 05:57 18.7 0.0 0.08 4.7 23.0 21:12 SSE
13 4.2 6.5 11:05 1.4 20:50 14.1 0.0 0.41 6.5 27.0 12:43 SSW
14 3.9 6.2 13:20 2.5 00:11 14.4 0.0 0.54 5.4 21.0 01:09 SW
15 2.5 5.2 14:30 -0.9 23:45 15.8 0.0 0.04 3.5 16.0 13:35 NW
16 0.4 2.9 14:07 -2.3 03:52 17.9 0.0 0.05 1.2 7.0 10:17 SSE
17 4.9 9.8 16:19 0.0 00:00 13.4 0.0 0.19 5.2 22.0 16:36 SW
18 3.1 5.4 18:17 0.3 06:49 15.2 0.0 0.01 1.3 7.0 13:55 SSE
19 5.6 8.9 00:00 0.6 00:56 12.7 0.0 0.00 1.7 10.0 19:46 SSE
20 10.0 11.3 11:25 8.8 00:00 8.3 0.0 0.01 2.9 12.0 10:50 SSW
21 10.0 11.2 13:45 8.8 05:00 8.3 0.0 0.03 2.3 11.0 10:46 SSW
22 9.7 11.1 13:50 8.1 20:28 8.6 0.0 0.00 1.8 10.0 01:31 SSW
23 8.1 8.8 13:40 6.8 20:14 10.2 0.0 0.02 3.0 12.0 18:02 SSW
24 9.8 11.7 11:26 7.3 00:36 8.5 0.0 0.01 7.6 25.0 11:23 S
25 8.9 10.7 02:22 4.3 23:56 9.4 0.0 0.50 10.7 34.0 17:28 SSW
26 4.1 6.8 13:46 3.1 17:10 14.2 0.0 0.11 5.5 24.0 00:06 S
27 2.1 3.8 13:43 -1.3 22:40 16.2 0.0 0.00 5.9 21.0 03:36 NW
28 1.9 6.1 12:47 -1.2 02:45 16.4 0.0 0.01 4.3 19.0 12:38 WSW
29 3.3 6.6 16:40 -0.4 00:21 15.0 0.0 0.39 5.5 26.0 16:02 S
30 7.3 10.1 13:22 2.8 02:08 11.0 0.0 0.37 5.4 23.0 13:21 SSW
31 8.2 11.2 04:30 4.8 23:55 10.1 0.0 0.23 8.3 30.0 06:33 S
----------------------------------------------------------------------------------
5.1 12.2 7 -5.3 12 408.5 0.0 3.60 4.7 34.0 7 SW
Max >= 27.0: 0
Max <= 0.0: 0
Min <= 0.0: 10
Min <= -18.0: 0
Max Rain: 0.54 on day 14
Days of Rain: 20 (>= 0.02 in) 10 (>= 0.10 in) 0 (>= 1.00 in)
Heat Base: 18.3 Cool Base: 18.3 Method: Integration