Cheadle Hulme Weather

 Latitude N 53° 21' 50"    Longitude W 02° 11' 42"    Elevation 261 ft

Now : Realtime : Gauges : Today/Yesterday : This Month/Year : All-Time Records : Graphs : WUnderground : Season Averages : Monthly Records : Data Summary : NOAA Reports : Forum : Station Info : System Info
Select a Year or Month report

Report for 2018 Jan
                   Monthly Climatological Summary for Jan 2018

Name: Cheadle Hulme   City: Cheadle   State: Cheshire
Elevation: 261 ft  Lat: N 53 21' 50"   Lon: W 002 11' 42"

                  Temperature (C), Rain (in), Wind Speed (mph)

                                      Heat  Cool        Avg
    Mean                              Deg   Deg         Wind                 Dom
Day Temp  High   Time   Low    Time   Days  Days  Rain  Speed High   Time    Dir
----------------------------------------------------------------------------------
 1   5.5   7.3   13:21   3.7   02:01  12.8   0.0  0.23   8.0  34.0   17:56    SW
 2   6.2   9.1   21:21   3.2   05:33  12.1   0.0  0.38   7.5  37.0   21:21     S
 3   8.1   9.1   17:49   6.4   02:13  10.2   0.0  0.04  12.7  40.0   04:36     W
 4   6.9  10.4   13:48   3.7   23:52  11.4   0.0  0.07   7.5  42.0   15:35    SW
 5   3.9   6.4   12:52   0.4   23:59  14.4   0.0  0.03   2.5  15.0   14:02   SSW
 6   3.0   7.1   13:35  -0.1   00:58  15.3   0.0  0.00   4.6  28.0   11:49   NNE
 7   2.2   6.0   13:30  -0.7   00:52  16.1   0.0  0.01   3.9  21.0   12:45   ENE
 8   3.1   5.2   12:49   2.0   07:20  15.2   0.0  0.00   6.6  26.0   03:22     E
 9   3.8   6.9   23:52   2.4   04:01  14.5   0.0  0.00   4.8  17.0   20:49    SE
10   5.9   8.2   13:25  -0.1   23:29  12.4   0.0  0.07   1.7  15.0   00:12   SSE
11   2.5   4.9   15:23  -0.6   04:12  15.8   0.0  0.00   0.9   9.0   14:22   SSW
12   5.7   7.1   13:36   4.2   03:04  12.6   0.0  0.00   2.8  17.0   23:28    SE
13   6.0   6.9   14:07   4.8   22:16  12.3   0.0  0.00   7.0  25.0   04:54    SE
14   4.2   5.1   00:00   3.3   17:39  14.1   0.0  0.06   7.0  27.0   23:59   SSE
15   6.7   9.2   09:11   4.8   20:17  11.6   0.0  0.54   9.5  29.0   01:02    SW
16   3.5   5.7   12:48   1.7   18:36  14.8   0.0  0.16   7.9  30.0   10:32   WSW
17   4.4   6.2   13:38   1.8   00:40  13.9   0.0  0.37  10.4  39.0   04:05   WSW
18   4.3   8.9   02:57   2.8   22:05  14.0   0.0  0.56   7.4  45.0   03:15     W
19   2.9   5.5   13:36   1.3   05:08  15.4   0.0  0.10   5.2  20.0   13:20   SSW
20   2.3   3.3   11:05   1.4   02:52  16.0   0.0  0.05   2.0  10.0   06:59   SSE
21   3.4   8.1   22:39   1.5   11:27  14.9   0.0  0.29   5.2  24.0   12:30   SSE
22   7.3   8.7   13:43   5.9   05:46  11.0   0.0  0.01   5.7  22.0   13:22   WSW
23  10.0  12.7   13:33   6.9   00:11   8.3   0.0  0.01   9.1  26.0   13:30     S
24   8.5  13.2   06:21   6.1   21:33   9.8   0.0  0.23  10.3  36.0   06:21     S
25   6.0   8.7   12:55   4.8   23:53  12.3   0.0  0.07   8.2  28.0   14:15     S
26   4.6   8.5   14:22   2.7   02:18  13.7   0.0  0.00   1.6  11.0   23:45    SW
27   8.1  12.2   18:38   4.4   02:57  10.2   0.0  0.03   9.8  29.0   10:15   SSW
28  10.6  13.6   14:03   7.9   02:26   7.7   0.0  0.00   6.6  22.0   12:47   SSW
29   7.9  11.1   03:33   3.1   23:18  10.4   0.0  0.27   7.9  25.0   03:36     W
30   4.3   7.7   13:25   1.8   08:12  13.9   0.0  0.00   5.5  17.0   23:30     S
31   4.3   6.8   05:13   1.2   23:04  14.0   0.0  0.33   8.4  33.0   05:24   WSW
----------------------------------------------------------------------------------
     5.4  13.6    28    -0.7     7   401.1   0.0  3.91   6.4  45.0    18     SSW

Max >=  27.0:  0
Max <=   0.0:  0
Min <=   0.0:  4
Min <= -18.0:  0
Max Rain: 0.56 on day 18
Days of Rain: 19 (>= 0.02 in)  11 (>= 0.10 in)  0 (>= 1.00 in)
Heat Base: 18.3  Cool Base: 18.3  Method: Integration
Now : Realtime : Gauges : Today/Yesterday : This Month/Year : All-Time Records : Graphs : WUnderground : Season Averages : Monthly Records : Data Summary : NOAA Reports : Forum : Station Info : System Info


Page last updated 22/02/2018 18:15:03
Produced by CumulusCumulus v1.9.4 (1099)