Select a Year or Month report
Report for 2018 Mar
Monthly Climatological Summary for Mar 2018
Name: Cheadle Hulme City: Cheadle State: Cheshire
Elevation: 261 ft Lat: N 53° 21' 50" Lon: W 002° 11' 42"
Temperature (°C), Rain (in), Wind Speed (mph)
Heat Cool Avg
Mean Deg Deg Wind Dom
Day Temp High Time Low Time Days Days Rain Speed High Time Dir
----------------------------------------------------------------------------------
1 -2.1 -0.4 21:53 -4.7 00:00 20.4 0.0 0.01 12.1 53.0 14:16 ENE
2 0.0 0.8 13:39 -0.8 01:14 18.3 0.0 0.00 14.9 42.0 12:12 ENE
3 0.5 2.4 14:16 -0.6 03:14 17.8 0.0 0.01 9.3 29.0 08:16 ENE
4 3.4 6.8 14:24 0.9 00:18 14.9 0.0 0.10 5.3 20.0 07:01 E
5 5.9 10.1 14:17 2.1 00:41 12.4 0.0 0.06 4.2 19.0 21:23 SE
6 5.9 8.3 12:20 4.1 07:06 12.4 0.0 0.05 2.9 14.0 00:00 SSW
7 5.2 10.4 13:51 2.2 03:20 13.1 0.0 0.06 3.7 17.0 13:31 S
8 4.4 8.4 15:13 1.2 10:25 13.9 0.0 0.21 4.7 21.0 12:22 WSW
9 5.6 10.1 13:02 1.1 04:49 12.7 0.0 0.15 4.3 24.0 21:04 SE
10 10.3 15.5 13:12 6.4 00:00 8.0 0.0 0.36 5.3 21.0 11:26 SSE
11 8.2 12.6 11:58 3.4 05:56 10.1 0.0 0.01 3.5 16.0 13:29 E
12 6.8 8.4 14:05 5.4 22:12 11.5 0.0 0.38 5.6 18.0 07:12 NNE
13 6.4 11.1 14:24 1.8 23:56 11.9 0.0 0.02 1.9 11.0 11:39 W
14 8.1 11.9 11:50 1.3 00:38 10.1 0.0 0.00 9.7 33.0 17:25 SE
15 8.6 12.1 15:13 6.6 05:45 9.7 0.0 0.05 7.4 26.0 02:58 ESE
16 7.9 12.6 15:27 4.0 23:57 10.4 0.0 0.00 7.9 26.0 22:51 E
17 0.7 4.0 00:00 -2.1 21:26 17.6 0.0 0.01 11.9 37.0 16:03 ENE
18 -0.2 1.4 12:51 -1.8 02:17 18.5 0.0 0.03 11.1 36.0 12:03 ENE
19 3.2 7.1 14:47 0.5 06:40 15.1 0.0 0.02 10.9 34.0 10:06 NE
20 4.4 8.7 16:00 0.5 23:59 13.9 0.0 0.00 3.5 16.0 10:37 NNW
21 4.4 8.2 11:42 -1.3 02:27 13.9 0.0 0.00 4.9 25.0 11:06 W
22 8.0 10.0 13:08 6.8 22:33 10.3 0.0 0.00 6.6 21.0 15:57 SW
23 8.4 11.3 13:09 6.1 23:56 9.9 0.0 0.07 7.1 28.0 10:51 SSW
24 7.1 10.7 10:50 4.7 22:53 11.2 0.0 0.03 2.4 14.0 02:33 NW
25 5.7 11.9 15:31 0.1 06:17 12.1 0.0 0.00 3.3 18.0 17:21 WNW
26 7.6 13.7 16:45 2.7 01:09 10.7 0.0 0.00 2.2 13.0 16:52 SSW
27 7.8 10.3 14:26 6.0 05:25 10.5 0.0 0.28 8.1 25.0 15:52 SW
28 5.8 9.0 15:29 2.1 22:58 12.5 0.0 0.01 4.6 22.0 15:29 WNW
29 5.2 9.9 12:43 1.6 05:49 13.1 0.0 0.04 5.5 23.0 19:16 ESE
30 6.8 11.1 15:15 4.1 05:15 11.5 0.0 0.10 4.5 21.0 17:49 ENE
31 5.2 7.3 13:45 4.1 03:38 13.1 0.0 0.06 7.9 27.0 13:08 NNE
----------------------------------------------------------------------------------
5.3 15.5 10 -4.7 1 401.5 0.0 2.12 6.4 53.0 1 E
Max >= 27.0: 0
Max <= 0.0: 1
Min <= 0.0: 6
Min <= -18.0: 0
Max Rain: 0.38 on day 12
Days of Rain: 18 (>= 0.02 in) 7 (>= 0.10 in) 0 (>= 1.00 in)
Heat Base: 18.3 Cool Base: 18.3 Method: Integration