Cheadle Hulme Weather

 Latitude N 53° 21' 50"    Longitude W 02° 11' 42"    Elevation 261 ft

Now : Realtime : Gauges : Today/Yesterday : This Month/Year : All-Time Records : Graphs : WUnderground : Season Averages : Monthly Records : Data Summary : NOAA Reports : Forum : Station Info : System Info

Report for 2018 Jun
                   Monthly Climatological Summary for Jun 2018

Name: Cheadle Hulme   City: Cheadle   State: Cheshire
Elevation: 261 ft  Lat: N 53 21' 50"   Lon: W 002 11' 42"

                  Temperature (C), Rain (in), Wind Speed (mph)

                                      Heat  Cool        Avg
    Mean                              Deg   Deg         Wind                 Dom
Day Temp  High   Time   Low    Time   Days  Days  Rain  Speed High   Time    Dir
----------------------------------------------------------------------------------
 1  19.8  26.2   16:59  14.6   04:17   0.8   2.3  0.00   2.2  15.0   19:28   SSE
 2  16.8  20.3   16:19  13.4   23:59   1.6   0.1  0.00   3.3  12.0   16:19    NW
 3  18.6  24.7   17:32  11.6   05:42   1.8   2.1  0.00   2.0  14.0   17:32    NW
 4  16.8  21.9   14:45  12.9   03:26   2.0   0.5  0.00   4.9  17.0   17:03    NE
 5  15.9  21.9   18:26  12.1   06:45   3.1   0.7  0.00   5.0  16.0   03:05    NE
 6  15.1  21.7   16:14   7.8   04:59   3.8   0.6  0.00   3.5  15.0   11:44    NE
 7  16.8  24.3   16:20   7.9   05:06   3.1   1.6  0.00   3.3  16.0   17:23    NE
 8  15.9  18.9   15:04  13.4   05:49   2.4   0.0  0.00   1.9  10.0   01:47   ENE
 9  18.3  24.2   16:34  13.3   04:08   1.6   1.6  0.00   2.3  15.0   12:59   WNW
10  17.6  25.8   14:11  10.4   05:08   2.1   1.4  0.06   1.5  17.0   15:52   ESE
11  17.6  22.9   14:06  12.7   03:30   2.0   1.3  0.00   3.9  18.0   15:38   WNW
12  16.5  22.1   15:02  12.7   03:23   2.2   0.4  0.00   3.8  15.0   10:40   NNE
13  16.3  22.2   17:04  10.6   04:19   2.7   0.7  0.00   4.3  27.0   23:35    SW
14  16.3  19.1   15:29  13.3   23:54   2.0   0.0  0.00  10.9  38.0   12:25    SW
15  14.3  18.4   16:31  10.1   04:31   4.0   0.0  0.00   3.9  16.0   11:56    SW
16  14.3  20.7   15:55  11.2   01:32   4.1   0.1  0.13   5.5  25.0   15:13   SSW
17  15.2  18.4   11:39  12.6   02:21   3.1   0.0  0.00   5.6  19.0   18:20     S
18  16.5  21.1   14:09  13.2   06:09   1.9   0.1  0.01   5.1  18.0   13:20   WSW
19  17.3  21.4   18:03  12.3   05:36   1.8   0.8  0.01   4.8  23.0   21:54    SW
20  16.5  20.9   11:57  11.4   23:59   2.0   0.2  0.01   8.9  24.0   10:36   WSW
21  13.8  17.8   14:39  10.6   04:30   4.5   0.0  0.00   8.7  25.0   14:21   WNW
22  14.8  21.2   14:40   7.9   05:36   4.0   0.5  0.00   3.4  16.0   15:27   WNW
23  14.6  20.1   15:07   8.4   05:16   3.9   0.2  0.00   4.4  21.0   14:54    NW
24  17.3  25.9   16:09   7.7   05:23   3.2   2.2  0.00   2.2  14.0   16:34   WNW
25  20.2  30.5   16:51   9.7   05:00   2.1   4.0  0.00   2.4  17.0   18:02    NW
26  22.8  31.6   15:46  12.6   05:01   1.2   5.7  0.00   2.2  17.0   19:47   ESE
27  22.1  28.6   16:42  12.9   06:04   0.9   4.7  0.00   3.6  16.0   12:12     E
28  21.4  30.3   16:00  10.8   05:11   1.5   4.6  0.00   2.9  17.0   15:11    NE
29  21.5  30.0   16:47  11.2   05:25   1.4   4.7  0.00   4.3  20.0   17:04   ENE
30  20.4  27.8   16:31  12.7   05:49   1.4   3.5  0.00   5.1  22.0   17:03     E
----------------------------------------------------------------------------------
    17.4  31.6    26     7.7    24    72.2  44.6  0.22   4.2  38.0    14       W

Max >=  27.0:  6
Max <=   0.0:  0
Min <=   0.0:  0
Min <= -18.0:  0
Max Rain: 0.13 on day 16
Days of Rain: 2 (>= 0.02 in)  1 (>= 0.10 in)  0 (>= 1.00 in)
Heat Base: 18.3  Cool Base: 18.3  Method: Integration
Now : Realtime : Gauges : Today/Yesterday : This Month/Year : All-Time Records : Graphs : WUnderground : Season Averages : Monthly Records : Data Summary : NOAA Reports : Forum : Station Info : System Info


Page last updated 22/10/2018 13:15:04
Produced by CumulusCumulus v1.9.4 (1099)