Cheadle Hulme Weather

 Latitude N 53° 21' 50"    Longitude W 02° 11' 42"    Elevation 261 ft

Now : Realtime : Gauges : Today/Yesterday : This Month/Year : All-Time Records : Graphs : WUnderground : Season Averages : Monthly Records : Data Summary : NOAA Reports : Forum : Station Info : System Info

Report for 2018 Jul
                   Monthly Climatological Summary for Jul 2018

Name: Cheadle Hulme   City: Cheadle   State: Cheshire
Elevation: 261 ft  Lat: N 53 21' 50"   Lon: W 002 11' 42"

                  Temperature (C), Rain (in), Wind Speed (mph)

                                      Heat  Cool        Avg
    Mean                              Deg   Deg         Wind                 Dom
Day Temp  High   Time   Low    Time   Days  Days  Rain  Speed High   Time    Dir
----------------------------------------------------------------------------------
 1  22.2  30.1   15:43  13.9   05:37   0.8   4.8  0.00   4.7  18.0   12:54   ENE
 2  21.9  28.5   15:05  15.2   04:49   0.6   4.2  0.00   5.8  31.0   16:04   ENE
 3  19.6  26.4   15:47  11.1   05:01   1.6   2.9  0.00   4.7  19.0   11:42   ENE
 4  19.8  28.1   18:01   9.1   05:12   2.1   3.6  0.00   2.6  15.0   16:45    SW
 5  20.4  27.7   13:44  12.5   05:05   1.1   3.2  0.00   4.4  19.0   15:18   WNW
 6  20.3  28.3   17:15  12.3   05:34   1.5   3.5  0.00   2.6  15.0   19:26   WNW
 7  21.3  28.3   16:36  13.6   05:54   0.9   3.9  0.00   3.6  18.0   16:58    NW
 8  22.1  29.0   14:33  13.8   05:38   0.9   4.6  0.00   3.4  17.0   14:42    NW
 9  20.5  25.8   12:20  14.6   05:23   0.6   2.8  0.00   2.4  13.0   14:00   NNE
10  22.5  25.6   17:41  14.7   02:30   0.1   1.6  0.00   3.7  18.0   14:07    NE
11  19.1  25.4   12:54  11.0   05:12   1.7   2.5  0.00   1.8  12.0   19:37     N
12  19.0  24.7   16:57  13.6   04:47   1.1   1.7  0.01   1.8  12.0   20:47   ENE
13  17.8  24.1   17:01  14.9   07:01   1.3   0.8  0.40   1.5  15.0   18:12     E
14  20.8  27.7   16:41  14.9   04:11   0.8   3.3  0.00   2.8  14.0   19:35   WSW
15  20.8  28.6   16:38  13.9   04:57   1.0   3.5  0.00   3.4  16.0   13:14    SW
16  19.1  25.4   16:26  14.7   22:21   0.8   1.6  0.23   2.8  18.0   17:30     W
17  16.3  20.9   14:01  11.8   04:32   2.4   0.3  0.01   3.6  18.0   18:08   WNW
18  18.3  23.8   17:46  12.1   03:30   1.7   1.7  0.00   1.5  12.0   13:35   SSW
19  19.0  25.5   15:56  12.7   04:57   1.5   2.2  0.00   2.8  15.0   16:34   WNW
20  16.0  23.5   11:16  11.0   04:02   2.9   0.5  0.15   1.8  20.0   13:16     W
21  17.1  20.3   18:01  14.4   00:00   1.6   0.4  0.00   2.8  15.0   16:39   WNW
22  18.4  24.2   18:36  15.1   00:51   1.3   1.4  0.00   2.2  11.0   11:37   WNW
23  21.9  28.5   13:07  16.6   02:55   0.5   4.1  0.00   1.3  14.0   15:53     W
24  19.1  23.1   12:07  13.3   23:57   0.5   1.3  0.03   2.9  17.0   14:22   WSW
25  18.5  26.7   17:38  10.0   05:42   2.5   2.7  0.00   1.1  12.0   21:36    NW
26  23.1  31.3   16:21  14.1   01:32   0.6   5.3  0.00   2.9  17.0   14:48   SSE
27  22.6  31.2   15:02  14.4   05:20   0.7   5.0  0.00   3.6  20.0   18:42   SSE
28  17.6  20.9   13:46  13.2   15:01   1.2   0.4  0.14  10.0  33.0   13:55     S
29  17.3  24.9   15:55  13.9   00:29   2.1   1.1  0.56   9.1  35.0   15:45   SSE
30  17.5  25.2   14:38  12.7   05:21   2.0   1.2  0.15   5.0  24.0   15:04     S
31  17.6  22.9   15:04  13.2   03:41   1.9   1.2  0.01   4.6  23.0   15:44   SSW
----------------------------------------------------------------------------------
    19.6  31.3    26     9.1     4    40.3  77.3  1.69   3.5  35.0    29      SW

Max >=  27.0: 12
Max <=   0.0:  0
Min <=   0.0:  0
Min <= -18.0:  0
Max Rain: 0.56 on day 29
Days of Rain: 7 (>= 0.02 in)  6 (>= 0.10 in)  0 (>= 1.00 in)
Heat Base: 18.3  Cool Base: 18.3  Method: Integration
Now : Realtime : Gauges : Today/Yesterday : This Month/Year : All-Time Records : Graphs : WUnderground : Season Averages : Monthly Records : Data Summary : NOAA Reports : Forum : Station Info : System Info


Page last updated 22/10/2018 13:30:03
Produced by CumulusCumulus v1.9.4 (1099)