Cheadle Hulme Weather

 Latitude N 53° 21' 50"    Longitude W 02° 11' 42"    Elevation 261 ft

Now : Realtime : Gauges : Today/Yesterday : This Month/Year : All-Time Records : Graphs : WUnderground : Season Averages : Monthly Records : Data Summary : NOAA Reports : Forum : Station Info : System Info

Report for 2018 Aug
                   Monthly Climatological Summary for Aug 2018

Name: Cheadle Hulme   City: Cheadle   State: Cheshire
Elevation: 261 ft  Lat: N 53 21' 50"   Lon: W 002 11' 42"

                  Temperature (C), Rain (in), Wind Speed (mph)

                                      Heat  Cool        Avg
    Mean                              Deg   Deg         Wind                 Dom
Day Temp  High   Time   Low    Time   Days  Days  Rain  Speed High   Time    Dir
----------------------------------------------------------------------------------
 1  18.7  22.4   17:19  13.7   01:08   1.2   1.6  0.00   5.2  19.0   13:49     S
 2  22.0  28.1   15:28  17.4   05:33   0.1   3.8  0.00   5.3  16.0   09:00   SSW
 3  20.7  24.6   10:42  17.0   23:25   0.1   2.5  0.00   2.7  15.0   17:58     W
 4  18.6  23.8   15:05  14.9   05:54   1.1   1.4  0.00   3.7  16.0   18:29   WNW
 5  19.7  28.9   16:36  11.6   05:05   1.9   3.4  0.00   2.4  16.0   16:01    SW
 6  19.8  26.6   16:14  15.1   02:43   0.8   2.3  0.00   2.0  12.0   16:24     W
 7  17.9  22.8   13:17  14.4   23:35   1.2   0.8  0.00   2.9  17.0   15:07   WNW
 8  15.5  19.7   13:43  11.3   23:59   2.9   0.1  0.06   2.9  21.0   15:14   WSW
 9  15.0  21.8   14:58  10.2   05:59   3.8   0.4  0.00   2.2  17.0   18:26   WNW
10  13.7  17.4   17:30  10.6   01:54   4.6   0.0  0.13   4.7  22.0   18:35   WSW
11  15.2  22.6   14:24   7.8   05:49   3.9   0.8  0.14   5.0  21.0   14:24   SSE
12  18.0  21.3   17:10  16.1   04:39   0.8   0.5  0.12   5.9  17.0   00:13   SSE
13  16.5  18.2   14:50  13.7   23:58   1.8   0.0  0.14   3.7  20.0   16:56   WNW
14  16.9  19.7   15:18  12.9   05:50   1.8   0.4  0.00   2.6  16.0   11:50   WSW
15  19.1  24.1   13:20  15.4   05:24   0.6   1.4  0.02   7.7  25.0   17:23     S
16  16.2  19.2   13:17  13.2   23:40   2.1   0.0  0.18   5.1  20.0   15:26    SW
17  14.9  17.7   12:50  11.8   05:56   3.4   0.0  0.00   5.3  18.0   19:25   SSW
18  18.9  22.6   16:37  15.4   00:56   0.7   1.3  0.00   5.8  20.0   15:54   SSW
19  18.2  20.2   15:53  16.9   07:18   0.4   0.2  0.07   6.4  27.0   05:52    SW
20  19.4  23.9   14:41  16.6   06:02   0.5   1.6  0.00   2.8  14.0   19:54    SW
21  19.3  25.1   17:04  16.0   23:55   0.6   1.6  0.13   1.3  11.0   14:51    SW
22  17.8  23.2   12:16  14.1   21:34   1.6   1.1  0.08   4.0  20.0   16:17    SW
23  13.8  17.7   15:29  11.0   06:10   4.5   0.0  0.11   2.9  18.0   15:17   WSW
24  12.0  15.8   14:47  10.2   07:05   6.3   0.0  0.18   5.4  24.0   12:19     W
25  13.2  18.5   16:12   9.8   23:59   5.1   0.0  0.12   4.7  19.0   17:20   WNW
26  12.5  16.1   18:43   9.6   00:16   5.7   0.0  0.22   5.1  26.0   13:42   SSE
27  14.6  16.3   14:22  12.4   04:53   3.7   0.0  0.04   5.5  21.0   00:19     W
28  15.8  18.4   12:04  13.7   05:48   2.5   0.0  0.00   5.1  18.0   12:44     S
29  14.1  18.3   16:20   9.9   23:58   4.2   0.0  0.01   3.8  17.0   17:06   WNW
30  13.1  20.7   16:40   6.8   06:48   5.4   0.2  0.00   1.2  13.0   15:10    NW
31  14.9  21.9   14:48   7.4   05:16   4.1   0.8  0.00   3.0  18.0   14:44    SE
----------------------------------------------------------------------------------
    16.6  28.9     5     6.8    30    77.4  26.2  1.75   4.1  27.0    19      SW

Max >=  27.0:  2
Max <=   0.0:  0
Min <=   0.0:  0
Min <= -18.0:  0
Max Rain: 0.22 on day 26
Days of Rain: 15 (>= 0.02 in)  10 (>= 0.10 in)  0 (>= 1.00 in)
Heat Base: 18.3  Cool Base: 18.3  Method: Integration
Now : Realtime : Gauges : Today/Yesterday : This Month/Year : All-Time Records : Graphs : WUnderground : Season Averages : Monthly Records : Data Summary : NOAA Reports : Forum : Station Info : System Info


Page last updated 12/12/2018 15:15:03
Produced by CumulusCumulus v1.9.4 (1099)