Select a Year or Month report
Report for 2018 Nov
Monthly Climatological Summary for Nov 2018
Name: Cheadle Hulme City: Cheadle State: Cheshire
Elevation: 261 ft Lat: N 53° 21' 50" Lon: W 002° 11' 42"
Temperature (°C), Rain (in), Wind Speed (mph)
Heat Cool Avg
Mean Deg Deg Wind Dom
Day Temp High Time Low Time Days Days Rain Speed High Time Dir
----------------------------------------------------------------------------------
1 7.6 11.4 13:42 2.3 23:33 10.7 0.0 0.04 3.9 18.0 01:06 WSW
2 6.5 12.5 14:00 2.2 00:08 11.8 0.0 0.02 3.5 18.0 23:13 S
3 11.0 12.9 15:48 8.2 00:00 7.2 0.0 0.01 12.0 33.0 19:34 SSE
4 11.9 13.9 12:07 10.1 23:18 6.4 0.0 0.01 7.1 26.0 00:04 SSE
5 10.3 12.4 23:39 8.0 05:50 8.0 0.0 0.00 2.6 15.0 00:34 ESE
6 12.9 16.0 13:16 10.8 06:32 5.4 0.0 0.00 8.4 26.0 21:30 SE
7 11.5 13.5 11:10 8.6 23:55 6.8 0.0 0.37 7.6 29.0 04:24 SSE
8 9.3 11.8 15:01 5.8 04:01 9.0 0.0 0.02 8.2 26.0 20:08 SSE
9 10.1 12.3 13:50 8.7 04:51 8.2 0.0 0.05 11.6 38.0 19:03 SE
10 10.2 12.7 13:33 8.4 06:14 8.1 0.0 0.00 6.8 22.0 15:29 SSE
11 9.1 12.8 13:40 7.6 04:07 9.2 0.0 0.03 6.3 22.0 21:42 SSE
12 9.6 13.1 12:25 8.1 00:07 8.7 0.0 0.09 8.5 27.0 21:06 SSE
13 10.2 13.9 12:56 7.9 07:06 8.1 0.0 0.00 7.1 21.0 00:16 S
14 11.3 13.1 13:16 8.8 23:48 7.0 0.0 0.08 9.7 22.0 09:43 SSE
15 10.8 14.1 13:11 7.4 05:07 7.5 0.0 0.00 5.3 23.0 11:25 SSE
16 12.2 13.3 11:10 10.1 23:44 6.1 0.0 0.00 3.9 15.0 22:20 SE
17 9.1 12.8 12:54 7.6 18:33 9.2 0.0 0.00 5.3 21.0 09:09 E
18 7.9 12.1 13:06 5.1 23:02 10.4 0.0 0.00 4.1 18.0 01:10 ENE
19 7.4 8.6 12:51 5.6 23:57 10.9 0.0 0.02 6.0 23.0 14:32 ENE
20 5.3 6.5 11:10 4.2 23:58 13.0 0.0 0.12 7.2 25.0 10:46 NE
21 4.2 5.9 17:03 2.3 06:34 14.1 0.0 0.04 4.9 21.0 10:56 ESE
22 3.3 6.7 13:47 -1.3 06:42 15.0 0.0 0.00 1.7 11.0 19:57 ENE
23 5.7 8.1 12:58 2.9 05:42 12.6 0.0 0.00 3.0 16.0 23:18 E
24 7.1 9.3 12:06 4.8 22:31 11.2 0.0 0.00 4.2 22.0 12:06 NE
25 6.2 7.7 14:05 4.3 07:37 12.1 0.0 0.00 4.5 15.0 11:35 NE
26 5.9 9.4 14:13 1.7 23:49 12.4 0.0 0.00 2.3 14.0 00:33 NNE
27 4.7 7.6 17:44 0.8 01:14 13.6 0.0 0.16 6.0 28.0 13:56 SE
28 11.2 14.8 12:42 6.3 00:35 7.1 0.0 0.05 11.2 38.0 15:38 SSE
29 10.6 14.2 09:33 8.2 23:52 7.7 0.0 0.17 11.8 40.0 09:26 S
30 7.6 10.2 13:24 5.7 23:50 10.7 0.0 0.01 7.1 21.0 13:24 SSW
----------------------------------------------------------------------------------
8.7 16.0 6 -1.3 22 288.2 0.0 1.29 6.4 40.0 29 SE
Max >= 27.0: 0
Max <= 0.0: 0
Min <= 0.0: 1
Min <= -18.0: 0
Max Rain: 0.37 on day 7
Days of Rain: 14 (>= 0.02 in) 4 (>= 0.10 in) 0 (>= 1.00 in)
Heat Base: 18.3 Cool Base: 18.3 Method: Integration