Select a Year or Month report
Report for 2018 Dec
Monthly Climatological Summary for Dec 2018
Name: Cheadle Hulme City: Cheadle State: Cheshire
Elevation: 261 ft Lat: N 53° 21' 50" Lon: W 002° 11' 42"
Temperature (°C), Rain (in), Wind Speed (mph)
Heat Cool Avg
Mean Deg Deg Wind Dom
Day Temp High Time Low Time Days Days Rain Speed High Time Dir
----------------------------------------------------------------------------------
1 9.5 11.9 14:17 5.5 00:12 8.8 0.0 0.03 7.5 26.0 10:56 SSE
2 11.3 13.1 14:05 9.9 02:19 7.0 0.0 0.22 6.3 21.0 12:59 S
3 7.7 11.1 02:03 2.7 20:27 10.6 0.0 0.16 4.0 22.0 03:39 W
4 3.9 5.7 13:21 0.2 07:38 14.4 0.0 0.01 2.2 16.0 00:21 SSE
5 8.1 11.0 18:37 4.7 01:39 10.2 0.0 0.54 4.6 17.0 05:00 SSE
6 11.3 12.6 16:41 9.7 04:31 7.0 0.0 0.03 6.7 22.0 11:19 S
7 9.2 12.7 00:48 5.6 18:16 9.1 0.0 0.29 9.5 31.0 07:00 SW
8 8.8 9.7 16:48 8.2 17:30 9.5 0.0 0.30 10.1 36.0 03:09 W
9 7.7 9.4 13:31 6.3 21:04 10.6 0.0 0.12 6.2 25.0 14:02 WNW
10 6.9 8.2 14:00 5.9 07:15 11.4 0.0 0.02 1.8 12.0 11:29 W
11 7.0 10.1 13:01 4.1 03:24 11.3 0.0 0.00 3.1 15.0 20:29 SE
12 6.0 7.9 11:30 2.8 23:31 12.3 0.0 0.01 7.1 25.0 12:01 SE
13 3.7 5.9 13:48 2.3 21:11 14.6 0.0 0.00 7.8 29.0 07:50 ESE
14 1.8 5.2 13:00 -0.6 07:10 16.5 0.0 0.00 4.1 17.0 20:34 SE
15 3.5 7.9 21:40 1.9 07:38 14.8 0.0 0.15 12.0 39.0 18:38 SE
16 6.2 7.4 00:02 3.9 08:59 12.1 0.0 0.10 5.6 25.0 00:11 S
17 6.5 9.5 23:51 3.5 07:00 11.8 0.0 0.01 5.9 23.0 19:40 SSE
18 9.0 11.2 08:39 5.7 23:50 9.3 0.0 0.23 10.7 37.0 09:04 SSE
19 6.5 8.1 13:37 5.4 00:36 11.8 0.0 0.04 6.5 20.0 18:33 SSE
20 7.3 9.6 13:52 5.8 04:15 11.0 0.0 0.07 7.0 17.0 11:32 S
21 7.3 8.3 20:31 6.6 07:19 11.0 0.0 0.19 3.6 14.0 23:45 S
22 8.1 9.1 13:48 6.9 23:29 10.2 0.0 0.06 5.4 20.0 13:43 WSW
23 6.3 7.2 02:22 4.4 23:56 12.0 0.0 0.30 2.4 12.0 00:04 ENE
24 3.3 8.0 13:25 0.7 08:27 15.0 0.0 0.00 1.5 11.0 22:12 SE
25 7.7 9.4 23:57 5.1 00:00 10.6 0.0 0.00 2.9 12.0 00:18 SSE
26 8.6 10.6 14:04 5.8 19:10 9.7 0.0 0.00 2.8 12.0 00:51 S
27 8.2 9.4 14:09 7.1 08:19 10.1 0.0 0.00 0.3 8.0 02:47 SSW
28 9.0 10.6 15:05 7.9 05:25 9.3 0.0 0.00 2.6 11.0 14:56 SSW
29 9.8 12.3 10:23 6.1 23:13 8.5 0.0 0.01 6.2 31.0 10:47 WSW
30 9.6 11.2 13:08 6.3 00:00 8.7 0.0 0.02 2.7 13.0 12:53 SW
31 9.2 9.8 13:03 8.8 03:01 9.1 0.0 0.00 4.0 19.0 16:42 W
----------------------------------------------------------------------------------
7.4 13.1 2 -0.6 14 338.3 0.0 2.91 5.3 39.0 15 S
Max >= 27.0: 0
Max <= 0.0: 0
Min <= 0.0: 1
Min <= -18.0: 0
Max Rain: 0.54 on day 5
Days of Rain: 18 (>= 0.02 in) 11 (>= 0.10 in) 0 (>= 1.00 in)
Heat Base: 18.3 Cool Base: 18.3 Method: Integration