Select a Year or Month report
Report for 2019 Mar
Monthly Climatological Summary for Mar 2019
Name: Cheadle Hulme City: Cheadle State: Cheshire
Elevation: 261 ft Lat: N 53° 21' 50" Lon: W 002° 11' 42"
Temperature (°C), Rain (in), Wind Speed (mph)
Heat Cool Avg
Mean Deg Deg Wind Dom
Day Temp High Time Low Time Days Days Rain Speed High Time Dir
----------------------------------------------------------------------------------
1 8.5 11.0 15:48 7.0 05:43 9.8 0.0 0.00 3.5 16.0 22:58 S
2 9.8 13.2 12:25 7.6 03:45 8.5 0.0 0.05 8.9 31.0 18:49 S
3 8.1 11.3 17:49 4.3 22:15 10.2 0.0 0.16 8.7 43.0 20:56 S
4 5.7 10.2 12:56 3.1 23:54 12.6 0.0 0.35 7.4 27.0 15:57 W
5 7.1 12.3 13:38 2.8 00:35 11.2 0.0 0.18 7.9 26.0 19:36 S
6 10.0 12.9 12:32 6.2 23:38 8.3 0.0 0.12 9.4 30.0 03:47 S
7 6.5 7.9 16:28 5.5 10:28 11.8 0.0 0.33 8.2 24.0 08:28 WSW
8 5.9 7.9 21:05 2.5 05:00 12.4 0.0 0.15 6.3 29.0 23:58 SSW
9 6.9 8.7 12:59 5.2 22:49 11.4 0.0 0.07 9.0 40.0 10:32 W
10 4.5 7.4 12:47 2.7 06:05 13.8 0.0 0.45 8.5 40.0 11:50 W
11 6.6 10.1 15:01 3.4 00:07 11.7 0.0 0.09 11.0 29.0 01:35 W
12 6.7 8.9 05:14 4.3 10:14 11.6 0.0 0.53 10.1 34.0 00:56 SSW
13 7.8 9.3 14:10 6.3 23:08 10.5 0.0 0.09 14.7 41.0 06:36 W
14 8.7 10.8 13:11 6.3 00:00 9.6 0.0 0.37 11.6 42.0 07:20 W
15 9.0 11.4 05:50 6.6 21:57 9.3 0.0 0.16 10.1 37.0 08:11 W
16 8.6 11.0 13:55 4.9 23:28 9.7 0.0 1.07 10.1 33.0 07:05 SSW
17 5.7 8.7 13:15 3.3 06:37 12.6 0.0 0.08 7.7 29.0 13:42 W
18 6.8 8.3 15:21 4.4 05:06 11.5 0.0 0.15 2.9 16.0 10:19 WSW
19 9.8 13.4 14:08 7.8 00:00 8.5 0.0 0.01 2.8 14.0 14:09 SSW
20 12.7 18.8 15:01 8.7 02:03 5.6 0.0 0.00 3.7 15.0 18:44 SSW
21 11.6 14.7 15:58 9.4 01:55 6.7 0.0 0.00 3.6 12.0 03:14 SSW
22 11.0 13.4 13:16 8.7 23:56 7.3 0.0 0.05 6.0 24.0 10:15 SSW
23 7.8 11.2 13:06 5.2 06:17 10.5 0.0 0.00 3.4 13.0 11:54 WNW
24 6.8 11.1 13:39 1.2 06:23 11.5 0.0 0.05 7.8 27.0 13:49 WNW
25 7.4 13.1 13:53 3.3 23:50 10.9 0.0 0.00 5.1 21.0 00:00 WNW
26 7.7 11.9 12:40 2.7 00:33 10.6 0.0 0.00 4.4 22.0 11:33 WNW
27 8.6 11.5 14:27 3.7 23:56 9.7 0.0 0.00 4.3 19.0 11:07 WNW
28 8.2 16.6 15:00 0.6 05:34 10.1 0.0 0.00 1.4 14.0 12:18 SW
29 8.4 16.4 15:26 0.7 06:17 9.9 0.0 0.00 1.4 10.0 09:37 WSW
30 7.6 12.7 15:32 2.5 04:23 10.7 0.0 0.00 2.8 16.0 23:48 NW
31 8.6 12.9 13:09 5.6 22:29 9.3 0.0 0.00 7.0 22.0 08:15 E
----------------------------------------------------------------------------------
8.0 18.8 20 0.6 28 317.8 0.0 4.51 6.8 43.0 3 WSW
Max >= 27.0: 0
Max <= 0.0: 0
Min <= 0.0: 0
Min <= -18.0: 0
Max Rain: 1.07 on day 16
Days of Rain: 19 (>= 0.02 in) 12 (>= 0.10 in) 1 (>= 1.00 in)
Heat Base: 18.3 Cool Base: 18.3 Method: Integration