Select a Year or Month report
Report for 2019 Apr
Monthly Climatological Summary for Apr 2019
Name: Cheadle Hulme City: Cheadle State: Cheshire
Elevation: 261 ft Lat: N 53° 21' 50" Lon: W 002° 11' 42"
Temperature (°C), Rain (in), Wind Speed (mph)
Heat Cool Avg
Mean Deg Deg Wind Dom
Day Temp High Time Low Time Days Days Rain Speed High Time Dir
----------------------------------------------------------------------------------
1 8.5 14.1 16:35 4.2 05:42 9.8 0.0 0.00 5.3 19.0 23:32 SE
2 6.5 9.8 00:00 2.5 23:51 11.8 0.0 0.32 5.1 21.0 12:36 WNW
3 4.4 9.2 16:34 0.7 06:50 13.9 0.0 0.01 1.9 10.0 15:02 SSW
4 4.8 7.5 12:33 1.7 06:06 13.5 0.0 0.10 7.8 31.0 15:44 ESE
5 9.1 14.0 14:36 5.3 06:25 9.1 0.0 0.01 7.8 30.0 10:36 ESE
6 9.5 15.3 15:04 4.2 06:22 8.8 0.0 0.00 4.7 19.0 02:53 ENE
7 10.5 15.1 15:43 7.6 04:35 7.8 0.0 0.00 3.9 14.0 18:46 NE
8 10.0 16.0 14:43 3.1 06:37 8.2 0.0 0.00 6.3 24.0 23:53 NE
9 9.2 14.0 14:15 5.2 23:48 9.1 0.0 0.00 8.7 34.0 04:07 ENE
10 7.5 13.4 15:18 2.6 04:47 10.8 0.0 0.00 5.6 19.0 10:34 ENE
11 6.2 13.9 15:34 -1.7 06:33 12.1 0.0 0.00 2.7 17.0 21:57 SE
12 6.2 11.6 13:08 0.7 05:50 12.1 0.0 0.00 4.4 17.0 13:37 ESE
13 5.8 11.4 15:48 1.4 06:20 12.5 0.0 0.00 6.3 20.0 10:22 E
14 5.3 9.3 13:48 -0.4 06:21 13.0 0.0 0.00 5.6 23.0 11:39 E
15 9.4 15.1 16:42 4.8 02:05 8.9 0.0 0.00 8.9 29.0 11:58 ESE
16 10.4 14.5 14:33 7.1 04:59 7.9 0.0 0.00 3.3 15.0 00:59 ENE
17 13.1 20.1 14:41 7.8 06:24 5.4 0.2 0.00 4.9 19.0 17:33 ENE
18 14.1 20.5 15:41 8.7 05:50 4.5 0.3 0.00 5.6 19.0 13:19 E
19 16.6 24.2 15:54 8.4 06:15 3.3 1.6 0.00 4.0 17.0 12:20 E
20 15.9 25.8 15:29 6.7 06:50 4.5 2.1 0.00 1.6 11.0 14:50 SSE
21 16.1 24.4 15:38 7.2 06:34 4.0 1.8 0.00 3.4 15.0 15:18 SSE
22 17.0 23.9 14:16 7.7 06:13 2.8 1.5 0.00 5.2 20.0 14:27 ESE
23 15.5 20.8 13:34 9.9 23:58 3.2 0.4 0.00 5.0 25.0 13:59 ENE
24 12.3 19.6 13:38 7.5 04:45 6.0 0.1 0.10 4.6 30.0 18:28 ESE
25 10.9 16.6 15:07 8.3 01:55 7.4 0.0 0.15 6.2 30.0 15:24 SE
26 9.7 13.2 10:16 6.9 05:01 8.6 0.0 0.20 8.2 27.0 12:15 SSE
27 7.3 8.4 00:57 6.5 06:49 11.0 0.0 0.70 12.9 34.0 13:18 W
28 10.3 16.1 14:12 7.2 00:15 8.0 0.0 0.09 4.5 24.0 00:15 NW
29 10.5 16.7 14:48 3.6 05:32 7.8 0.0 0.00 2.8 17.0 14:52 SE
30 12.1 18.0 13:59 4.3 05:44 6.2 0.0 0.00 2.4 13.0 13:31 SSE
----------------------------------------------------------------------------------
10.2 25.8 20 -1.7 11 252.0 8.0 1.68 5.3 34.0 9 ESE
Max >= 27.0: 0
Max <= 0.0: 0
Min <= 0.0: 2
Min <= -18.0: 0
Max Rain: 0.70 on day 27
Days of Rain: 7 (>= 0.02 in) 6 (>= 0.10 in) 0 (>= 1.00 in)
Heat Base: 18.3 Cool Base: 18.3 Method: Integration