Select a Year or Month report
Report for 2019 May
Monthly Climatological Summary for May 2019
Name: Cheadle Hulme City: Cheadle State: Cheshire
Elevation: 261 ft Lat: N 53° 21' 50" Lon: W 002° 11' 42"
Temperature (°C), Rain (in), Wind Speed (mph)
Heat Cool Avg
Mean Deg Deg Wind Dom
Day Temp High Time Low Time Days Days Rain Speed High Time Dir
----------------------------------------------------------------------------------
1 12.0 15.2 12:20 9.3 23:29 6.3 0.0 0.01 1.9 14.0 20:01 W
2 10.3 13.8 13:16 6.2 04:20 8.0 0.0 0.16 4.8 21.0 14:56 WNW
3 8.5 11.4 11:55 6.1 23:09 9.8 0.0 0.21 2.4 18.0 18:55 NE
4 7.8 12.5 16:18 3.4 06:22 10.5 0.0 0.00 6.0 27.0 12:12 NNW
5 7.9 12.1 11:24 3.9 03:02 10.4 0.0 0.00 4.3 19.0 14:21 WNW
6 8.6 12.4 15:48 5.8 23:55 9.7 0.0 0.01 5.2 23.0 12:59 WNW
7 9.3 14.8 15:24 4.7 05:15 9.0 0.0 0.00 2.9 19.0 23:09 SE
8 9.0 10.7 16:31 7.9 07:58 9.3 0.0 0.04 6.4 23.0 10:05 ENE
9 8.1 9.7 12:39 6.1 23:44 10.2 0.0 0.09 4.5 15.0 14:56 NE
10 8.3 12.9 12:27 5.6 05:11 10.0 0.0 0.23 2.5 15.0 13:53 ESE
11 9.3 15.6 15:19 3.1 05:53 9.0 0.0 0.00 4.0 24.0 16:45 WNW
12 10.9 18.7 16:13 2.6 05:38 7.4 0.0 0.00 1.6 12.0 12:48 WSW
13 14.2 21.1 16:03 5.8 01:30 4.7 0.6 0.00 3.4 12.0 17:38 SSE
14 15.1 22.7 15:23 6.0 05:24 4.3 1.1 0.00 2.9 16.0 12:50 SE
15 15.4 22.6 15:55 7.4 05:54 3.8 0.9 0.00 3.3 17.0 15:18 SE
16 13.4 19.4 13:59 6.5 05:13 5.0 0.1 0.00 5.6 24.0 17:55 E
17 14.1 21.3 14:38 9.4 06:04 4.5 0.3 0.00 7.1 21.0 12:45 NE
18 12.8 15.2 12:42 10.4 04:29 5.5 0.0 0.00 2.1 10.0 00:16 N
19 12.9 17.7 16:45 9.7 23:54 5.4 0.0 0.01 2.9 13.0 15:53 NW
20 13.1 18.7 16:55 8.5 03:24 5.2 0.0 0.00 4.0 17.0 14:13 WNW
21 12.8 17.6 15:32 7.7 02:19 5.5 0.0 0.00 4.8 18.0 12:31 WNW
22 12.9 18.4 14:18 8.8 01:55 5.4 0.0 0.01 3.4 16.0 17:07 W
23 14.2 21.1 15:18 8.2 03:47 4.5 0.4 0.00 3.3 18.0 18:39 W
24 13.9 17.8 14:09 10.0 03:14 4.4 0.0 0.00 4.9 20.0 12:43 WNW
25 14.5 18.6 12:39 10.1 06:20 3.8 0.0 0.01 4.6 15.0 13:50 WNW
26 14.7 16.2 15:04 12.3 22:49 3.6 0.0 0.12 7.7 27.0 13:04 W
27 12.3 15.7 16:33 9.7 23:59 6.0 0.0 0.09 6.8 21.0 03:59 W
28 11.7 16.2 14:13 7.0 23:59 6.6 0.0 0.02 4.3 21.0 15:41 WNW
29 11.0 15.7 12:04 4.5 04:34 7.3 0.0 0.08 6.3 22.0 12:05 SSE
30 16.4 22.2 17:42 13.3 04:24 2.4 0.5 0.06 6.4 23.0 16:37 SSW
31 16.2 21.3 17:38 11.7 04:11 2.4 0.3 0.00 5.8 20.0 19:35 SSW
----------------------------------------------------------------------------------
12.0 22.7 14 2.6 12 199.9 4.2 1.15 4.4 27.0 4 WNW
Max >= 27.0: 0
Max <= 0.0: 0
Min <= 0.0: 0
Min <= -18.0: 0
Max Rain: 0.23 on day 10
Days of Rain: 10 (>= 0.02 in) 4 (>= 0.10 in) 0 (>= 1.00 in)
Heat Base: 18.3 Cool Base: 18.3 Method: Integration