Cheadle Hulme Weather

 Latitude N 53° 21' 50"    Longitude W 02° 11' 42"    Elevation 261 ft

Now : Realtime : Gauges : Today/Yesterday : This Month/Year : All-Time Records : Graphs : WUnderground : Season Averages : Monthly Records : Data Summary : NOAA Reports : Forum : Station Info : System Info

Report for 2019 Jul
                   Monthly Climatological Summary for Jul 2019

Name: Cheadle Hulme   City: Cheadle   State: Cheshire
Elevation: 261 ft  Lat: N 53 21' 50"   Lon: W 002 11' 42"

                  Temperature (C), Rain (in), Wind Speed (mph)

                                      Heat  Cool        Avg
    Mean                              Deg   Deg         Wind                 Dom
Day Temp  High   Time   Low    Time   Days  Days  Rain  Speed High   Time    Dir
----------------------------------------------------------------------------------
 1  15.2  17.6   14:30  12.3   23:48   3.1   0.0  0.00   8.5  27.0   17:30   WNW
 2  14.4  19.1   17:19   9.2   05:19   3.9   0.0  0.00   5.0  19.0   15:07   WNW
 3  16.0  23.4   15:59   7.1   05:07   3.6   1.3  0.00   2.4  16.0   18:01   WNW
 4  16.9  23.2   15:31  11.2   02:53   2.3   0.9  0.00   4.0  19.0   16:00     W
 5  17.5  23.1   16:11  13.8   05:29   1.6   0.8  0.00   5.0  19.0   19:46   WNW
 6  16.2  19.6   17:39  12.7   22:44   2.2   0.1  0.05   4.4  16.0   16:19   WNW
 7  16.4  23.2   17:05   8.9   05:27   2.9   1.1  0.00   2.8  20.0   23:05    NW
 8  16.3  22.1   13:55   9.9   06:02   2.8   0.8  0.01   3.1  15.0   00:02   ESE
 9  16.1  18.6   11:56  13.7   04:35   2.2   0.0  0.01   1.5  10.0   13:23   WSW
10  17.9  22.3   16:25  14.6   05:13   1.3   0.9  0.00   3.3  15.0   15:25    SW
11  17.6  23.0   16:28  14.9   02:47   1.4   0.7  0.30   3.2  17.0   18:47    SW
12  17.0  21.3   16:09  14.7   00:12   1.7   0.4  0.03   6.4  22.0   16:28   WNW
13  17.1  21.7   16:20  13.6   23:57   1.8   0.5  0.00   4.5  18.0   17:52   WNW
14  16.8  22.2   17:44  11.3   03:16   2.3   0.8  0.00   1.8  12.0   15:41     E
15  17.7  24.7   17:42   9.7   04:05   2.5   2.0  0.00   1.4  20.0   17:49   WSW
16  18.8  25.3   14:59  14.8   23:44   1.1   1.6  0.01   1.7  15.0   16:39   WNW
17  17.2  23.6   15:45  11.8   04:20   2.2   1.0  0.06   3.7  20.0   14:12     S
18  16.5  19.8   18:51  14.1   04:45   1.9   0.1  0.11   4.3  16.0   10:53   WSW
19  16.0  19.1   18:14  13.8   05:24   2.3   0.0  0.55   5.4  22.0   17:35   SSE
20  17.2  19.4   16:16  15.6   23:39   1.2   0.1  0.06   7.8  24.0   07:48   WSW
21  18.4  22.2   13:34  13.8   04:10   1.2   1.3  0.08   6.5  21.0   22:26     S
22  21.8  26.3   15:55  16.9   00:00   0.1   3.6  0.01   8.2  26.0   08:42   SSW
23  23.6  31.0   18:05  15.2   04:18   0.5   5.7  0.00   5.0  18.0   13:39   SSE
24  22.8  27.1   14:42  18.5   06:18   0.0   4.5  0.56   3.6  30.0   02:18     S
25  26.2  35.4   16:56  16.4   05:16   0.2   8.1  0.02   4.0  23.0   09:42   SSE
26  21.1  25.5   15:53  17.9   22:54   0.0   2.8  0.04   2.8  15.0   18:20    SW
27  16.3  17.9   00:00  15.1   22:10   2.0   0.0  0.48   4.1  16.0   20:00   WNW
28  14.7  15.4   01:24  13.9   07:40   3.6   0.0  1.85   5.5  18.0   05:19   WNW
29  18.8  25.3   16:12  13.7   03:29   1.6   2.1  0.19   3.1  13.0   14:52   SSW
30  18.3  23.2   12:04  15.1   04:44   0.9   0.9  0.22   4.2  20.0   11:31   ENE
31  16.7  18.8   13:35  15.3   05:37   1.6   0.0  1.50   6.2  24.0   14:11     W
----------------------------------------------------------------------------------
    17.9  35.4    25     7.1     3    56.0  42.1  6.14   4.3  30.0    24     WSW

Max >=  27.0:  3
Max <=   0.0:  0
Min <=   0.0:  0
Min <= -18.0:  0
Max Rain: 1.85 on day 28
Days of Rain: 16 (>= 0.02 in)  9 (>= 0.10 in)  2 (>= 1.00 in)
Heat Base: 18.3  Cool Base: 18.3  Method: Integration
Now : Realtime : Gauges : Today/Yesterday : This Month/Year : All-Time Records : Graphs : WUnderground : Season Averages : Monthly Records : Data Summary : NOAA Reports : Forum : Station Info : System Info


Page last updated 10/12/2019 22:00:03
Produced by CumulusCumulus v1.9.4 (1099)