Cheadle Hulme Weather

 Latitude N 53° 21' 50"    Longitude W 02° 11' 42"    Elevation 261 ft

Now : Realtime : Gauges : Today/Yesterday : This Month/Year : All-Time Records : Graphs : WUnderground : Season Averages : Monthly Records : Data Summary : NOAA Reports : Forum : Station Info : System Info

Report for 2019 Aug
                   Monthly Climatological Summary for Aug 2019

Name: Cheadle Hulme   City: Cheadle   State: Cheshire
Elevation: 261 ft  Lat: N 53 21' 50"   Lon: W 002 11' 42"

                  Temperature (C), Rain (in), Wind Speed (mph)

                                      Heat  Cool        Avg
    Mean                              Deg   Deg         Wind                 Dom
Day Temp  High   Time   Low    Time   Days  Days  Rain  Speed High   Time    Dir
----------------------------------------------------------------------------------
 1  18.0  23.9   14:02  14.9   23:54   1.1   0.8  0.48   3.4  18.0   14:38    NW
 2  18.1  24.7   17:15  11.7   05:34   2.0   1.8  0.00   1.7  12.0   17:22    NE
 3  19.5  25.7   14:04  13.2   05:48   1.2   2.3  0.01   2.4  14.0   11:24   SSE
 4  20.1  24.6   14:40  16.4   05:45   0.5   2.3  0.01   3.9  17.0   15:19   SSE
 5  18.4  23.0   14:31  15.2   23:56   0.8   1.0  0.07   4.7  18.0   14:28   SSW
 6  18.2  23.7   14:24  14.6   06:13   1.3   1.2  0.00   7.4  26.0   16:19   SSW
 7  16.6  19.3   12:29  14.3   05:53   1.8   0.0  0.10   5.2  20.0   18:52   WSW
 8  18.7  24.8   16:57  13.5   04:16   1.5   1.8  0.00   2.9  17.0   23:57     S
 9  19.2  24.1   12:26  16.3   02:27   0.5   1.4  0.92   7.5  25.0   12:29   SSE
10  17.1  20.4   13:12  14.7   23:49   1.3   0.1  0.07   9.9  27.0   10:26     S
11  15.1  17.8   14:18  12.2   23:58   3.2   0.0  0.13   7.2  23.0   01:37   WSW
12  13.2  18.3   16:37   9.4   06:20   5.1   0.0  0.03   4.1  18.0   10:47     W
13  14.1  18.9   14:54  11.0   06:10   4.2   0.0  0.11   3.8  20.0   13:39     W
14  15.1  18.1   18:53  11.5   00:00   3.2   0.0  0.16   5.0  21.0   22:41   SSE
15  15.4  17.8   15:04  11.9   22:43   2.9   0.0  0.12   7.5  29.0   08:30     W
16  15.4  16.9   21:30  13.2   00:00   2.9   0.0  0.54   8.4  25.0   11:14   SSE
17  16.3  20.9   14:53  13.6   05:47   2.4   0.4  0.01   6.8  25.0   12:58   SSW
18  15.7  20.8   16:31  12.4   05:38   2.8   0.3  0.00   7.1  27.0   13:55   SSW
19  15.0  19.1   12:01  12.0   23:53   3.3   0.0  0.05   5.2  23.0   12:53    SW
20  14.2  18.4   15:48  11.3   02:28   4.1   0.0  0.30   4.4  19.0   15:04   WSW
21  15.8  20.6   13:16  12.9   05:59   2.7   0.2  0.09   5.6  19.0   12:04     S
22  17.2  20.1   17:03  14.8   03:12   1.4   0.2  0.04   8.0  23.0   15:50     S
23  19.4  25.8   16:50  15.1   02:43   1.0   2.1  0.00   4.0  14.0   04:37     S
24  20.3  28.6   16:42  12.2   05:53   1.5   3.5  0.00   2.9  14.0   13:57   SSE
25  21.7  31.3   14:30  14.8   05:58   1.0   4.4  0.00   3.1  17.0   13:45   SSE
26  18.8  26.0   16:39  13.3   05:30   1.6   2.2  0.00   1.3  10.0   16:09     W
27  19.2  26.5   13:31  13.8   05:25   1.4   2.2  0.01   1.0   9.0   14:01    SW
28  15.1  17.3   00:00  10.9   23:44   3.2   0.0  0.14   2.7  13.0   09:59   SSW
29  15.2  21.7   15:54  10.1   04:17   3.4   0.3  0.01   7.0  23.0   14:37     S
30  18.0  22.0   15:51  15.2   05:34   1.1   0.8  0.00   8.8  28.0   16:54     S
31  15.5  17.7   15:23  10.4   23:57   2.8   0.0  0.09   8.3  28.0   09:58   SSW
----------------------------------------------------------------------------------
    17.1  31.3    25     9.4    12    67.2  29.3  3.49   5.2  29.0    15     SSW

Max >=  27.0:  2
Max <=   0.0:  0
Min <=   0.0:  0
Min <= -18.0:  0
Max Rain: 0.92 on day 9
Days of Rain: 17 (>= 0.02 in)  10 (>= 0.10 in)  0 (>= 1.00 in)
Heat Base: 18.3  Cool Base: 18.3  Method: Integration
Now : Realtime : Gauges : Today/Yesterday : This Month/Year : All-Time Records : Graphs : WUnderground : Season Averages : Monthly Records : Data Summary : NOAA Reports : Forum : Station Info : System Info


Page last updated 10/12/2019 22:15:03
Produced by CumulusCumulus v1.9.4 (1099)