Cheadle Hulme Weather

 Latitude N 53° 21' 50"    Longitude W 02° 11' 42"    Elevation 261 ft

Now : Realtime : Gauges : Today/Yesterday : This Month/Year : All-Time Records : Graphs : WUnderground : Season Averages : Monthly Records : Data Summary : NOAA Reports : Forum : Station Info : System Info

Report for 2019 Sep
                   Monthly Climatological Summary for Sep 2019

Name: Cheadle Hulme   City: Cheadle   State: Cheshire
Elevation: 261 ft  Lat: N 53 21' 50"   Lon: W 002 11' 42"

                  Temperature (C), Rain (in), Wind Speed (mph)

                                      Heat  Cool        Avg
    Mean                              Deg   Deg         Wind                 Dom
Day Temp  High   Time   Low    Time   Days  Days  Rain  Speed High   Time    Dir
----------------------------------------------------------------------------------
 1  12.5  16.9   14:34   9.8   06:51   5.8   0.0  0.13   5.2  28.0   16:40     W
 2  14.1  18.4   13:07  10.4   06:23   4.2   0.0  0.03   5.0  19.0   13:13   SSW
 3  16.1  19.1   14:05  12.4   06:10   2.4   0.1  0.05   5.7  20.0   21:27   SSW
 4  14.4  17.4   13:24  12.2   07:55   3.9   0.0  0.38   8.2  30.0   17:34     W
 5  12.6  16.3   13:55   7.9   07:00   5.7   0.0  0.00   5.7  21.0   11:51   WNW
 6  13.6  16.4   14:28  12.2   01:50   4.7   0.0  0.05   6.8  27.0   13:13   WSW
 7  13.4  18.8   15:59   7.2   23:59   4.9   0.0  0.01   2.2  15.0   16:59     N
 8  11.2  17.8   15:06   4.6   06:41   7.1   0.0  0.00   1.3  10.0   12:48     W
 9  13.0  15.6   17:28  11.2   07:28   5.3   0.0  0.25   3.5  14.0   10:24   SSE
10  13.3  17.3   16:28   9.2   04:40   5.0   0.0  0.02   3.3  16.0   12:28     W
11  15.6  19.2   16:18  12.7   00:00   2.7   0.0  0.13   7.9  27.0   12:07   WSW
12  16.0  21.2   13:34  12.5   23:57   2.7   0.3  0.01   6.7  24.0   13:47   SSW
13  12.4  18.2   13:59   7.4   06:22   5.9   0.0  0.00   2.4  14.0   16:56   WNW
14  12.9  21.6   15:43   5.0   06:43   5.8   0.4  0.00   3.2  17.0   12:28   SSW
15  14.0  15.3   09:29  12.7   22:19   4.3   0.0  0.17   2.9  17.0   02:44    SW
16  13.4  17.1   15:13   8.8   23:31   4.9   0.0  0.05   2.3  15.0   17:58    NW
17  12.1  18.8   14:34   7.9   07:28   6.2   0.0  0.00   2.7  17.0   10:47    NW
18  11.4  18.8   15:19   4.8   06:50   6.9   0.0  0.00   1.6  12.0   15:10   WNW
19  13.4  21.9   16:06   7.3   04:54   5.4   0.5  0.00   0.7   8.0   14:34   WSW
20  14.7  22.6   15:21   7.7   05:47   4.5   0.9  0.00   3.6  20.0   16:54    SE
21  17.3  24.0   15:18  11.4   07:03   2.4   1.5  0.00   5.8  19.0   14:23   ESE
22  17.0  18.8   06:17  14.9   08:00   1.3   0.0  0.64   3.2  20.0   06:16    SE
23  15.3  18.4   12:46  12.9   07:14   3.0   0.0  0.14   6.7  22.0   19:41   SSE
24  15.5  16.3   17:47  14.5   23:40   2.8   0.0  0.56   2.9  13.0   01:30   SSE
25  15.0  18.1   16:16  13.3   07:13   3.3   0.0  0.00   1.6  12.0   23:59     S
26  15.0  16.9   13:02  13.4   23:34   3.3   0.0  0.38   7.1  21.0   10:24     S
27  12.9  15.0   12:47  11.0   23:59   5.2   0.0  0.36   7.4  26.0   13:49     S
28  13.4  15.4   14:28  10.9   00:03   4.9   0.0  0.32   6.1  27.0   11:03   SSW
29  13.5  17.7   11:48  10.2   23:01   4.8   0.0  0.65   4.8  19.0   14:57    SW
30  12.2  16.2   13:17   8.8   02:59   6.1   0.0  0.35   2.8  15.0   22:54    SE
----------------------------------------------------------------------------------
    13.9  24.0    21     4.6     8   135.4   3.7  4.68   4.3  30.0     4     SSW

Max >=  27.0:  0
Max <=   0.0:  0
Min <=   0.0:  0
Min <= -18.0:  0
Max Rain: 0.65 on day 29
Days of Rain: 18 (>= 0.02 in)  13 (>= 0.10 in)  0 (>= 1.00 in)
Heat Base: 18.3  Cool Base: 18.3  Method: Integration
Now : Realtime : Gauges : Today/Yesterday : This Month/Year : All-Time Records : Graphs : WUnderground : Season Averages : Monthly Records : Data Summary : NOAA Reports : Forum : Station Info : System Info


Page last updated 10/12/2019 20:45:03
Produced by CumulusCumulus v1.9.4 (1099)