Cheadle Hulme Weather

 Latitude N 53° 21' 50"    Longitude W 02° 11' 42"    Elevation 261 ft

Now : Realtime : Gauges : Today/Yesterday : This Month/Year : All-Time Records : Graphs : WUnderground : Season Averages : Monthly Records : Data Summary : NOAA Reports : Forum : Station Info : System Info
Select a Year or Month report

Report for 2020
                   Annual Climatological Summary for 2020

Name: Cheadle Hulme   City: Cheadle   State: Cheshire
Elevation: 261 ft  Lat: N 53 21' 50"   Lon: W 002 11' 42"

                  Temperature (C), Heat Base: 18.3  Cool Base: 18.3
                          Dep.  Heat  Cool                       Max  Max  Min  Min
        Mean  Mean        From  Deg   Deg                        >=   <=   <=   <=
 YR MO  Max   Min   Mean  Norm  Days  Days  Hi  Date  Low  Date 27.0  0.0  0.0 -18.0
------------------------------------------------------------------------------------
 20  1   9.4   4.5   6.9   2.7   353     0  13.2   7  -2.3   19    0    0    2    0
 20  2   9.6   3.4   6.4   1.9   336     0  12.8  24  -0.7    6    0    0    2    0
 20  3  12.1   3.2   7.2   0.9   342     0  19.2  25  -2.5    6    0    0    6    0
 20  4  17.2   5.5  11.1   2.9   220     5  22.9  10  -0.9   14    0    0    1    0
 20  5  19.3   7.0  13.4   1.8   175    21  28.0  20  -0.7   14    1    0    1    0
 20  6  20.8  11.6  15.9   1.8   106    34  31.5  25   7.2    8    3    0    0    0
 20  7  17.4  12.6  14.7  -1.6    25     0  19.8   1  11.5    6    0    0    0    0
 20  8
 20  9
 20 10
 20 11
 20 12
------------------------------------------------------------------------------------
        15.1   6.8  10.8   1.5  1560    61  31.5 Jun  -2.5  Mar    4    0   12    0

                                Precipitation (in)

              Dep.   Max        Days of Rain
              From   Obs.           >=
 YR MO Total  Norm   Day Date 0.02 0.10 1.00
---------------------------------------------
 20  1  2.49 -0.33  0.46  11    17   10    0
 20  2  6.52  4.48  0.92   9    25   18    0
 20  3  2.19 -0.33  0.45   9    10    7    0
 20  4  0.67 -1.26  0.27  28     5    3    0
 20  5  0.31 -1.81  0.20   1     4    1    0
 20  6  3.28  0.65  0.53  18    19   11    0
 20  7  1.28 -1.06  0.38   1     7    5    0
 20  8
 20  9
 20 10
 20 11
 20 12
---------------------------------------------
       16.74  0.34  0.92  Feb   87   55    0

                                Wind Speed (mph)
                          Dom
 YR MO   Avg.  Hi   Date  Dir
------------------------------
 20  1   6.1  46.0   16   SSW
 20  2   8.3  65.0    9    SW
 20  3   6.3  40.0   11     S
 20  4   4.8  31.0   20     E
 20  5   4.7  41.0   22    SW
 20  6   5.2  32.0    5   SSE
 20  7   5.9  32.0    5    SW
 20  8
 20  9
 20 10
 20 11
 20 12
------------------------------
         5.9  65.0  Feb   SSW
Now : Realtime : Gauges : Today/Yesterday : This Month/Year : All-Time Records : Graphs : WUnderground : Season Averages : Monthly Records : Data Summary : NOAA Reports : Forum : Station Info : System Info


Page last updated 08/07/2020 07:15:03
Produced by CumulusCumulus v1.9.4 (1099)